{"id":1148,"date":"2024-04-18T11:48:20","date_gmt":"2024-04-18T14:48:20","guid":{"rendered":"https:\/\/projetosddwb.com.br\/3dlab\/?post_type=product&amp;p=1148"},"modified":"2024-04-18T11:48:20","modified_gmt":"2024-04-18T14:48:20","slug":"case-de-impressora-3d-creality-series-tamanho-unico-m","status":"publish","type":"product","link":"https:\/\/projetosddwb.com.br\/3dlab\/product\/case-de-impressora-3d-creality-series-tamanho-unico-m\/","title":{"rendered":"Case de Impressora 3D Creality Series &#8211; Tamanho \u00fanico M"},"content":{"rendered":"<p><img fetchpriority=\"high\" decoding=\"async\" class=\"alignnone wp-image-105152 size-full\" src=\"https:\/\/3dlab.com.br\/wp-content\/uploads\/2021\/02\/Case-1.png\" alt=\"\" width=\"2003\" height=\"858\" \/><\/p>\n<p>Case para impressora 3D &#8211; Tamanho M (500x580x480mm)<\/p>\n<p>Estrutura de MDF para fechamento de impressoras 3D. Ideal para permitir a impress\u00e3o de filamentos como ABS.<\/p>\n<p>Dimens\u00e3o interna de 500x580x480mm.<\/p>\n<p>Essa case \u00e9 enviada desmontada junto com vidro de 220x220mm e adesivo l\u00edquido 3D Lab. Possui acr\u00edlico na parte frontal para permitir a visualiza\u00e7\u00e3o do funcionamento da m\u00e1quina.<\/p>\n<p>Para maior vida \u00fatil da case, evite deix\u00e1-la em lugares \u00famidos.<\/p>\n<p>Essa case pode ser utilizada com as impressoras:<\/p>\n<ul>\n<li>Creality Ender 3, Ender 3 Pro, Ender 3 V2;<\/li>\n<li>Sethi AiP;<\/li>\n<li>Anet A8;<\/li>\n<li>outras impressoras com dimens\u00f5es externas at\u00e9 o limite da case.<\/li>\n<\/ul>\n<p>Para montar o case para impressora 3D voc\u00ea vai precisar das seguintes ferramentas:<\/p>\n<ul>\n<li>Chave Allen 2mm;<\/li>\n<li>Chave Allen 4mm;<\/li>\n<li>Chave Philips;<\/li>\n<li>Alicate universal ou martelo.<\/li>\n<\/ul>\n<p>Aten\u00e7\u00e3o: Recomendamos que os itens eletr\u00f4nicos da m\u00e1quina fiquem do lado de fora da case para evitar um super aquecimento. N\u00e3o nos responsabilizamos por danos causados ao equipamento.<\/p>\n","protected":false},"excerpt":{"rendered":"<p>Case para impressora 3D &#8211; Tamanho M (500x580x480mm) Estrutura de MDF para fechamento de impressoras 3D. Ideal para permitir a impress\u00e3o de filamentos como ABS. Dimens\u00e3o interna de 500x580x480mm. Essa&hellip;<\/p>\n","protected":false},"featured_media":1167,"comment_status":"open","ping_status":"closed","template":"","meta":[],"product_brand":[],"product_cat":[277],"product_tag":[494],"class_list":{"0":"post-1148","1":"product","2":"type-product","3":"status-publish","4":"has-post-thumbnail","6":"product_cat-pecas-e-acessorios","7":"product_tag-case-de-impressora-3d","8":"product_shipping_class-impressoras-c-frete","10":"first","11":"outofstock","12":"sale","13":"shipping-taxable","14":"purchasable","15":"product-type-simple"},"yoast_head":"<!-- This site is optimized with the Yoast SEO plugin v24.8.1 - https:\/\/yoast.com\/wordpress\/plugins\/seo\/ -->\n<title>Case de Impressora 3D Creality Series - Tamanho \u00fanico M - 3D Lab<\/title>\n<meta name=\"robots\" content=\"index, follow, max-snippet:-1, max-image-preview:large, max-video-preview:-1\" \/>\n<link rel=\"canonical\" href=\"https:\/\/projetosddwb.com.br\/3dlab\/product\/case-de-impressora-3d-creality-series-tamanho-unico-m\/\" \/>\n<meta property=\"og:locale\" content=\"pt_BR\" \/>\n<meta property=\"og:type\" content=\"article\" \/>\n<meta property=\"og:title\" content=\"Case de Impressora 3D Creality Series - Tamanho \u00fanico M - 3D Lab\" \/>\n<meta property=\"og:description\" content=\"Case para impressora 3D &#8211; Tamanho M (500x580x480mm) Estrutura de MDF para fechamento de impressoras 3D. Ideal para permitir a impress\u00e3o de filamentos como ABS. Dimens\u00e3o interna de 500x580x480mm. Essa&hellip;\" \/>\n<meta property=\"og:url\" content=\"https:\/\/projetosddwb.com.br\/3dlab\/product\/case-de-impressora-3d-creality-series-tamanho-unico-m\/\" \/>\n<meta property=\"og:site_name\" content=\"3D Lab\" \/>\n<meta property=\"article:publisher\" content=\"https:\/\/www.facebook.com\/3dlabbrasil\/?locale=pt_BR\" \/>\n<meta property=\"og:image\" content=\"https:\/\/3dlab.com.br\/wp-content\/uploads\/2021\/02\/Case-1.png\" \/>\n<meta name=\"twitter:card\" content=\"summary_large_image\" \/>\n<meta name=\"twitter:label1\" content=\"Est. tempo de leitura\" \/>\n\t<meta name=\"twitter:data1\" content=\"1 minuto\" \/>\n<script type=\"application\/ld+json\" class=\"yoast-schema-graph\">{\"@context\":\"https:\/\/schema.org\",\"@graph\":[{\"@type\":\"WebPage\",\"@id\":\"https:\/\/projetosddwb.com.br\/3dlab\/product\/case-de-impressora-3d-creality-series-tamanho-unico-m\/\",\"url\":\"https:\/\/projetosddwb.com.br\/3dlab\/product\/case-de-impressora-3d-creality-series-tamanho-unico-m\/\",\"name\":\"Case de Impressora 3D Creality Series - Tamanho \u00fanico M - 3D Lab\",\"isPartOf\":{\"@id\":\"https:\/\/projetosddwb.com.br\/3dlab\/#website\"},\"primaryImageOfPage\":{\"@id\":\"https:\/\/projetosddwb.com.br\/3dlab\/product\/case-de-impressora-3d-creality-series-tamanho-unico-m\/#primaryimage\"},\"image\":{\"@id\":\"https:\/\/projetosddwb.com.br\/3dlab\/product\/case-de-impressora-3d-creality-series-tamanho-unico-m\/#primaryimage\"},\"thumbnailUrl\":\"\",\"datePublished\":\"2024-04-18T14:48:20+00:00\",\"breadcrumb\":{\"@id\":\"https:\/\/projetosddwb.com.br\/3dlab\/product\/case-de-impressora-3d-creality-series-tamanho-unico-m\/#breadcrumb\"},\"inLanguage\":\"pt-BR\",\"potentialAction\":[{\"@type\":\"ReadAction\",\"target\":[\"https:\/\/projetosddwb.com.br\/3dlab\/product\/case-de-impressora-3d-creality-series-tamanho-unico-m\/\"]}]},{\"@type\":\"ImageObject\",\"inLanguage\":\"pt-BR\",\"@id\":\"https:\/\/projetosddwb.com.br\/3dlab\/product\/case-de-impressora-3d-creality-series-tamanho-unico-m\/#primaryimage\",\"url\":\"\",\"contentUrl\":\"\"},{\"@type\":\"BreadcrumbList\",\"@id\":\"https:\/\/projetosddwb.com.br\/3dlab\/product\/case-de-impressora-3d-creality-series-tamanho-unico-m\/#breadcrumb\",\"itemListElement\":[{\"@type\":\"ListItem\",\"position\":1,\"name\":\"In\u00edcio\",\"item\":\"https:\/\/projetosddwb.com.br\/3dlab\/\"},{\"@type\":\"ListItem\",\"position\":2,\"name\":\"Loja\",\"item\":\"https:\/\/projetosddwb.com.br\/3dlab\/loja\/\"},{\"@type\":\"ListItem\",\"position\":3,\"name\":\"Case de Impressora 3D Creality Series &#8211; Tamanho \u00fanico M\"}]},{\"@type\":\"WebSite\",\"@id\":\"https:\/\/projetosddwb.com.br\/3dlab\/#website\",\"url\":\"https:\/\/projetosddwb.com.br\/3dlab\/\",\"name\":\"3D Lab\",\"description\":\"\",\"publisher\":{\"@id\":\"https:\/\/projetosddwb.com.br\/3dlab\/#organization\"},\"potentialAction\":[{\"@type\":\"SearchAction\",\"target\":{\"@type\":\"EntryPoint\",\"urlTemplate\":\"https:\/\/projetosddwb.com.br\/3dlab\/?s={search_term_string}\"},\"query-input\":{\"@type\":\"PropertyValueSpecification\",\"valueRequired\":true,\"valueName\":\"search_term_string\"}}],\"inLanguage\":\"pt-BR\"},{\"@type\":\"Organization\",\"@id\":\"https:\/\/projetosddwb.com.br\/3dlab\/#organization\",\"name\":\"3D Lab\",\"url\":\"https:\/\/projetosddwb.com.br\/3dlab\/\",\"logo\":{\"@type\":\"ImageObject\",\"inLanguage\":\"pt-BR\",\"@id\":\"https:\/\/projetosddwb.com.br\/3dlab\/#\/schema\/logo\/image\/\",\"url\":\"https:\/\/projetosddwb.com.br\/3dlab\/wp-content\/uploads\/2025\/04\/cropped-cropped-3D_HORI_ORIGINAL-1.png\",\"contentUrl\":\"https:\/\/projetosddwb.com.br\/3dlab\/wp-content\/uploads\/2025\/04\/cropped-cropped-3D_HORI_ORIGINAL-1.png\",\"width\":597,\"height\":196,\"caption\":\"3D Lab\"},\"image\":{\"@id\":\"https:\/\/projetosddwb.com.br\/3dlab\/#\/schema\/logo\/image\/\"},\"sameAs\":[\"https:\/\/www.facebook.com\/3dlabbrasil\/?locale=pt_BR\",\"https:\/\/www.instagram.com\/3dlab_brasil\/\"]}]}<\/script>\n<!-- \/ Yoast SEO plugin. -->","yoast_head_json":{"title":"Case de Impressora 3D Creality Series - Tamanho \u00fanico M - 3D Lab","robots":{"index":"index","follow":"follow","max-snippet":"max-snippet:-1","max-image-preview":"max-image-preview:large","max-video-preview":"max-video-preview:-1"},"canonical":"https:\/\/projetosddwb.com.br\/3dlab\/product\/case-de-impressora-3d-creality-series-tamanho-unico-m\/","og_locale":"pt_BR","og_type":"article","og_title":"Case de Impressora 3D Creality Series - Tamanho \u00fanico M - 3D Lab","og_description":"Case para impressora 3D &#8211; Tamanho M (500x580x480mm) Estrutura de MDF para fechamento de impressoras 3D. Ideal para permitir a impress\u00e3o de filamentos como ABS. Dimens\u00e3o interna de 500x580x480mm. Essa&hellip;","og_url":"https:\/\/projetosddwb.com.br\/3dlab\/product\/case-de-impressora-3d-creality-series-tamanho-unico-m\/","og_site_name":"3D Lab","article_publisher":"https:\/\/www.facebook.com\/3dlabbrasil\/?locale=pt_BR","og_image":[{"url":"https:\/\/3dlab.com.br\/wp-content\/uploads\/2021\/02\/Case-1.png","type":"","width":"","height":""}],"twitter_card":"summary_large_image","twitter_misc":{"Est. tempo de leitura":"1 minuto"},"schema":{"@context":"https:\/\/schema.org","@graph":[{"@type":"WebPage","@id":"https:\/\/projetosddwb.com.br\/3dlab\/product\/case-de-impressora-3d-creality-series-tamanho-unico-m\/","url":"https:\/\/projetosddwb.com.br\/3dlab\/product\/case-de-impressora-3d-creality-series-tamanho-unico-m\/","name":"Case de Impressora 3D Creality Series - Tamanho \u00fanico M - 3D Lab","isPartOf":{"@id":"https:\/\/projetosddwb.com.br\/3dlab\/#website"},"primaryImageOfPage":{"@id":"https:\/\/projetosddwb.com.br\/3dlab\/product\/case-de-impressora-3d-creality-series-tamanho-unico-m\/#primaryimage"},"image":{"@id":"https:\/\/projetosddwb.com.br\/3dlab\/product\/case-de-impressora-3d-creality-series-tamanho-unico-m\/#primaryimage"},"thumbnailUrl":"","datePublished":"2024-04-18T14:48:20+00:00","breadcrumb":{"@id":"https:\/\/projetosddwb.com.br\/3dlab\/product\/case-de-impressora-3d-creality-series-tamanho-unico-m\/#breadcrumb"},"inLanguage":"pt-BR","potentialAction":[{"@type":"ReadAction","target":["https:\/\/projetosddwb.com.br\/3dlab\/product\/case-de-impressora-3d-creality-series-tamanho-unico-m\/"]}]},{"@type":"ImageObject","inLanguage":"pt-BR","@id":"https:\/\/projetosddwb.com.br\/3dlab\/product\/case-de-impressora-3d-creality-series-tamanho-unico-m\/#primaryimage","url":"","contentUrl":""},{"@type":"BreadcrumbList","@id":"https:\/\/projetosddwb.com.br\/3dlab\/product\/case-de-impressora-3d-creality-series-tamanho-unico-m\/#breadcrumb","itemListElement":[{"@type":"ListItem","position":1,"name":"In\u00edcio","item":"https:\/\/projetosddwb.com.br\/3dlab\/"},{"@type":"ListItem","position":2,"name":"Loja","item":"https:\/\/projetosddwb.com.br\/3dlab\/loja\/"},{"@type":"ListItem","position":3,"name":"Case de Impressora 3D Creality Series &#8211; Tamanho \u00fanico M"}]},{"@type":"WebSite","@id":"https:\/\/projetosddwb.com.br\/3dlab\/#website","url":"https:\/\/projetosddwb.com.br\/3dlab\/","name":"3D Lab","description":"","publisher":{"@id":"https:\/\/projetosddwb.com.br\/3dlab\/#organization"},"potentialAction":[{"@type":"SearchAction","target":{"@type":"EntryPoint","urlTemplate":"https:\/\/projetosddwb.com.br\/3dlab\/?s={search_term_string}"},"query-input":{"@type":"PropertyValueSpecification","valueRequired":true,"valueName":"search_term_string"}}],"inLanguage":"pt-BR"},{"@type":"Organization","@id":"https:\/\/projetosddwb.com.br\/3dlab\/#organization","name":"3D Lab","url":"https:\/\/projetosddwb.com.br\/3dlab\/","logo":{"@type":"ImageObject","inLanguage":"pt-BR","@id":"https:\/\/projetosddwb.com.br\/3dlab\/#\/schema\/logo\/image\/","url":"https:\/\/projetosddwb.com.br\/3dlab\/wp-content\/uploads\/2025\/04\/cropped-cropped-3D_HORI_ORIGINAL-1.png","contentUrl":"https:\/\/projetosddwb.com.br\/3dlab\/wp-content\/uploads\/2025\/04\/cropped-cropped-3D_HORI_ORIGINAL-1.png","width":597,"height":196,"caption":"3D Lab"},"image":{"@id":"https:\/\/projetosddwb.com.br\/3dlab\/#\/schema\/logo\/image\/"},"sameAs":["https:\/\/www.facebook.com\/3dlabbrasil\/?locale=pt_BR","https:\/\/www.instagram.com\/3dlab_brasil\/"]}]}},"_links":{"self":[{"href":"https:\/\/projetosddwb.com.br\/3dlab\/wp-json\/wp\/v2\/product\/1148","targetHints":{"allow":["GET"]}}],"collection":[{"href":"https:\/\/projetosddwb.com.br\/3dlab\/wp-json\/wp\/v2\/product"}],"about":[{"href":"https:\/\/projetosddwb.com.br\/3dlab\/wp-json\/wp\/v2\/types\/product"}],"replies":[{"embeddable":true,"href":"https:\/\/projetosddwb.com.br\/3dlab\/wp-json\/wp\/v2\/comments?post=1148"}],"wp:featuredmedia":[{"embeddable":true,"href":"https:\/\/projetosddwb.com.br\/3dlab\/wp-json\/"}],"wp:attachment":[{"href":"https:\/\/projetosddwb.com.br\/3dlab\/wp-json\/wp\/v2\/media?parent=1148"}],"wp:term":[{"taxonomy":"product_brand","embeddable":true,"href":"https:\/\/projetosddwb.com.br\/3dlab\/wp-json\/wp\/v2\/product_brand?post=1148"},{"taxonomy":"product_cat","embeddable":true,"href":"https:\/\/projetosddwb.com.br\/3dlab\/wp-json\/wp\/v2\/product_cat?post=1148"},{"taxonomy":"product_tag","embeddable":true,"href":"https:\/\/projetosddwb.com.br\/3dlab\/wp-json\/wp\/v2\/product_tag?post=1148"}],"curies":[{"name":"wp","href":"https:\/\/api.w.org\/{rel}","templated":true}]}}