{"id":1236,"date":"2024-04-18T11:57:01","date_gmt":"2024-04-18T14:57:01","guid":{"rendered":"https:\/\/projetosddwb.com.br\/3dlab\/?post_type=product&amp;p=1236"},"modified":"2024-04-18T11:57:01","modified_gmt":"2024-04-18T14:57:01","slug":"resina-3d-lavavel","status":"publish","type":"product","link":"https:\/\/projetosddwb.com.br\/3dlab\/product\/resina-3d-lavavel\/","title":{"rendered":"Resina 3D Lav\u00e1vel"},"content":{"rendered":"<p><img fetchpriority=\"high\" decoding=\"async\" class=\"alignnone wp-image-85475 size-full\" src=\"https:\/\/3dlab.com.br\/wp-content\/uploads\/2021\/03\/WhatsApp-Image-2021-03-24-at-09.07.44.jpeg\" alt=\"Resina 3D Lav\u00e1vel \u00e0 \u00e1gua\" width=\"1280\" height=\"585\" \/><\/p>\n<p><span style=\"color: #000000;\">A resina 3D lav\u00e1vel \u00e0 \u00e1gua \u00e9 um produto especial que pode ser usado em impressoras 3D do tipo LCD, DLP e SLA.<\/span><\/p>\n<p><span style=\"color: #000000;\">Essa resina exclusiva da 3D Lab no Brasil dispensa a utiliza\u00e7\u00e3o de \u00e1lcool isoprop\u00edlico ou acetona para o processo de limpeza e lavagem das pe\u00e7as. Basta utilizar \u00e1gua comum ap\u00f3s a impress\u00e3o, sendo mais barato, f\u00e1cil e ecologicamente correto.<\/span><\/p>\n<p><span style=\"color: #000000;\"><strong>A resina 3D lav\u00e1vel \u00e0 \u00e1gua permite \u00f3timas caracter\u00edsticas para a pe\u00e7a, como:<\/strong><\/span><\/p>\n<ul>\n<li><span style=\"color: #000000;\"><strong>alta qualidade de detalhes;<\/strong><\/span><\/li>\n<li><span style=\"color: #000000;\"><strong>baixo odor;<\/strong><\/span><\/li>\n<li><span style=\"color: #000000;\"><strong>alta resist\u00eancia mec\u00e2nica;<\/strong><\/span><\/li>\n<li><span style=\"color: #000000;\"><strong>menos contra\u00e7\u00e3o do mercado.<\/strong><\/span><\/li>\n<\/ul>\n<p><span style=\"color: #000000;\">Ap\u00f3s o processo de impress\u00e3o voc\u00ea deve lavar a pe\u00e7a com \u00e1gua, retirando o excesso de resina. \u00c9 indicado coletar a \u00e1gua utilizada e deix\u00e1-la exposta ao sol, provocando a cura da resina proveniente. Ap\u00f3s isso voc\u00ea pode fazer o descarte contribuindo com a preserva\u00e7\u00e3o do ambiente!<\/span><\/p>\n<p><span style=\"color: #000000;\">A resina 3D lav\u00e1vel \u00e0 \u00e1gua n\u00e3o \u00e9 um produto para sa\u00fade. Uso externo.<\/span><\/p>\n<p><span style=\"color: #000000;\">Nossas resinas s\u00e3o compat\u00edveis com maquinas dos tipos <strong>SLA\/DLP\/LCD<\/strong> utilizando o comprimento de onda de 405nm<\/span><\/p>\n","protected":false},"excerpt":{"rendered":"<p>A resina 3D lav\u00e1vel \u00e0 \u00e1gua \u00e9 um produto especial que pode ser usado em impressoras 3D do tipo LCD, DLP e SLA. Essa resina exclusiva da 3D Lab no&hellip;<\/p>\n","protected":false},"featured_media":1249,"comment_status":"open","ping_status":"closed","template":"","meta":[],"product_brand":[],"product_cat":[460,300,463],"product_tag":[459,517,518],"class_list":{"0":"post-1236","1":"product","2":"type-product","3":"status-publish","4":"has-post-thumbnail","6":"product_cat-resina","7":"product_cat-resina-para-impressora-3d","8":"product_cat-resinas","9":"product_tag-resina-3d","10":"product_tag-resina-3d-lavavel-a-agua","11":"product_tag-resina-para-impressora-3d","12":"product_shipping_class-filamentos","14":"first","15":"instock","16":"shipping-taxable","17":"purchasable","18":"product-type-variable","19":"has-default-attributes"},"yoast_head":"<!-- This site is optimized with the Yoast SEO plugin v24.8.1 - https:\/\/yoast.com\/wordpress\/plugins\/seo\/ -->\n<title>Resina 3D Lav\u00e1vel - 3D Lab<\/title>\n<meta name=\"robots\" content=\"index, follow, max-snippet:-1, max-image-preview:large, max-video-preview:-1\" \/>\n<link rel=\"canonical\" href=\"https:\/\/projetosddwb.com.br\/3dlab\/product\/resina-3d-lavavel\/\" \/>\n<meta property=\"og:locale\" content=\"pt_BR\" \/>\n<meta property=\"og:type\" content=\"article\" \/>\n<meta property=\"og:title\" content=\"Resina 3D Lav\u00e1vel - 3D Lab\" \/>\n<meta property=\"og:description\" content=\"A resina 3D lav\u00e1vel \u00e0 \u00e1gua \u00e9 um produto especial que pode ser usado em impressoras 3D do tipo LCD, DLP e SLA. Essa resina exclusiva da 3D Lab no&hellip;\" \/>\n<meta property=\"og:url\" content=\"https:\/\/projetosddwb.com.br\/3dlab\/product\/resina-3d-lavavel\/\" \/>\n<meta property=\"og:site_name\" content=\"3D Lab\" \/>\n<meta property=\"article:publisher\" content=\"https:\/\/www.facebook.com\/3dlabbrasil\/?locale=pt_BR\" \/>\n<meta property=\"og:image\" content=\"https:\/\/3dlab.com.br\/wp-content\/uploads\/2021\/03\/WhatsApp-Image-2021-03-24-at-09.07.44.jpeg\" \/>\n<meta name=\"twitter:card\" content=\"summary_large_image\" \/>\n<meta name=\"twitter:label1\" content=\"Est. tempo de leitura\" \/>\n\t<meta name=\"twitter:data1\" content=\"1 minuto\" \/>\n<script type=\"application\/ld+json\" class=\"yoast-schema-graph\">{\"@context\":\"https:\/\/schema.org\",\"@graph\":[{\"@type\":\"WebPage\",\"@id\":\"https:\/\/projetosddwb.com.br\/3dlab\/product\/resina-3d-lavavel\/\",\"url\":\"https:\/\/projetosddwb.com.br\/3dlab\/product\/resina-3d-lavavel\/\",\"name\":\"Resina 3D Lav\u00e1vel - 3D Lab\",\"isPartOf\":{\"@id\":\"https:\/\/projetosddwb.com.br\/3dlab\/#website\"},\"primaryImageOfPage\":{\"@id\":\"https:\/\/projetosddwb.com.br\/3dlab\/product\/resina-3d-lavavel\/#primaryimage\"},\"image\":{\"@id\":\"https:\/\/projetosddwb.com.br\/3dlab\/product\/resina-3d-lavavel\/#primaryimage\"},\"thumbnailUrl\":\"\",\"datePublished\":\"2024-04-18T14:57:01+00:00\",\"breadcrumb\":{\"@id\":\"https:\/\/projetosddwb.com.br\/3dlab\/product\/resina-3d-lavavel\/#breadcrumb\"},\"inLanguage\":\"pt-BR\",\"potentialAction\":[{\"@type\":\"ReadAction\",\"target\":[\"https:\/\/projetosddwb.com.br\/3dlab\/product\/resina-3d-lavavel\/\"]}]},{\"@type\":\"ImageObject\",\"inLanguage\":\"pt-BR\",\"@id\":\"https:\/\/projetosddwb.com.br\/3dlab\/product\/resina-3d-lavavel\/#primaryimage\",\"url\":\"\",\"contentUrl\":\"\"},{\"@type\":\"BreadcrumbList\",\"@id\":\"https:\/\/projetosddwb.com.br\/3dlab\/product\/resina-3d-lavavel\/#breadcrumb\",\"itemListElement\":[{\"@type\":\"ListItem\",\"position\":1,\"name\":\"In\u00edcio\",\"item\":\"https:\/\/projetosddwb.com.br\/3dlab\/\"},{\"@type\":\"ListItem\",\"position\":2,\"name\":\"Loja\",\"item\":\"https:\/\/projetosddwb.com.br\/3dlab\/loja\/\"},{\"@type\":\"ListItem\",\"position\":3,\"name\":\"Resina 3D Lav\u00e1vel\"}]},{\"@type\":\"WebSite\",\"@id\":\"https:\/\/projetosddwb.com.br\/3dlab\/#website\",\"url\":\"https:\/\/projetosddwb.com.br\/3dlab\/\",\"name\":\"3D Lab\",\"description\":\"\",\"publisher\":{\"@id\":\"https:\/\/projetosddwb.com.br\/3dlab\/#organization\"},\"potentialAction\":[{\"@type\":\"SearchAction\",\"target\":{\"@type\":\"EntryPoint\",\"urlTemplate\":\"https:\/\/projetosddwb.com.br\/3dlab\/?s={search_term_string}\"},\"query-input\":{\"@type\":\"PropertyValueSpecification\",\"valueRequired\":true,\"valueName\":\"search_term_string\"}}],\"inLanguage\":\"pt-BR\"},{\"@type\":\"Organization\",\"@id\":\"https:\/\/projetosddwb.com.br\/3dlab\/#organization\",\"name\":\"3D Lab\",\"url\":\"https:\/\/projetosddwb.com.br\/3dlab\/\",\"logo\":{\"@type\":\"ImageObject\",\"inLanguage\":\"pt-BR\",\"@id\":\"https:\/\/projetosddwb.com.br\/3dlab\/#\/schema\/logo\/image\/\",\"url\":\"https:\/\/projetosddwb.com.br\/3dlab\/wp-content\/uploads\/2025\/04\/cropped-cropped-3D_HORI_ORIGINAL-1.png\",\"contentUrl\":\"https:\/\/projetosddwb.com.br\/3dlab\/wp-content\/uploads\/2025\/04\/cropped-cropped-3D_HORI_ORIGINAL-1.png\",\"width\":597,\"height\":196,\"caption\":\"3D Lab\"},\"image\":{\"@id\":\"https:\/\/projetosddwb.com.br\/3dlab\/#\/schema\/logo\/image\/\"},\"sameAs\":[\"https:\/\/www.facebook.com\/3dlabbrasil\/?locale=pt_BR\",\"https:\/\/www.instagram.com\/3dlab_brasil\/\"]}]}<\/script>\n<!-- \/ Yoast SEO plugin. -->","yoast_head_json":{"title":"Resina 3D Lav\u00e1vel - 3D Lab","robots":{"index":"index","follow":"follow","max-snippet":"max-snippet:-1","max-image-preview":"max-image-preview:large","max-video-preview":"max-video-preview:-1"},"canonical":"https:\/\/projetosddwb.com.br\/3dlab\/product\/resina-3d-lavavel\/","og_locale":"pt_BR","og_type":"article","og_title":"Resina 3D Lav\u00e1vel - 3D Lab","og_description":"A resina 3D lav\u00e1vel \u00e0 \u00e1gua \u00e9 um produto especial que pode ser usado em impressoras 3D do tipo LCD, DLP e SLA. Essa resina exclusiva da 3D Lab no&hellip;","og_url":"https:\/\/projetosddwb.com.br\/3dlab\/product\/resina-3d-lavavel\/","og_site_name":"3D Lab","article_publisher":"https:\/\/www.facebook.com\/3dlabbrasil\/?locale=pt_BR","og_image":[{"url":"https:\/\/3dlab.com.br\/wp-content\/uploads\/2021\/03\/WhatsApp-Image-2021-03-24-at-09.07.44.jpeg","type":"","width":"","height":""}],"twitter_card":"summary_large_image","twitter_misc":{"Est. tempo de leitura":"1 minuto"},"schema":{"@context":"https:\/\/schema.org","@graph":[{"@type":"WebPage","@id":"https:\/\/projetosddwb.com.br\/3dlab\/product\/resina-3d-lavavel\/","url":"https:\/\/projetosddwb.com.br\/3dlab\/product\/resina-3d-lavavel\/","name":"Resina 3D Lav\u00e1vel - 3D Lab","isPartOf":{"@id":"https:\/\/projetosddwb.com.br\/3dlab\/#website"},"primaryImageOfPage":{"@id":"https:\/\/projetosddwb.com.br\/3dlab\/product\/resina-3d-lavavel\/#primaryimage"},"image":{"@id":"https:\/\/projetosddwb.com.br\/3dlab\/product\/resina-3d-lavavel\/#primaryimage"},"thumbnailUrl":"","datePublished":"2024-04-18T14:57:01+00:00","breadcrumb":{"@id":"https:\/\/projetosddwb.com.br\/3dlab\/product\/resina-3d-lavavel\/#breadcrumb"},"inLanguage":"pt-BR","potentialAction":[{"@type":"ReadAction","target":["https:\/\/projetosddwb.com.br\/3dlab\/product\/resina-3d-lavavel\/"]}]},{"@type":"ImageObject","inLanguage":"pt-BR","@id":"https:\/\/projetosddwb.com.br\/3dlab\/product\/resina-3d-lavavel\/#primaryimage","url":"","contentUrl":""},{"@type":"BreadcrumbList","@id":"https:\/\/projetosddwb.com.br\/3dlab\/product\/resina-3d-lavavel\/#breadcrumb","itemListElement":[{"@type":"ListItem","position":1,"name":"In\u00edcio","item":"https:\/\/projetosddwb.com.br\/3dlab\/"},{"@type":"ListItem","position":2,"name":"Loja","item":"https:\/\/projetosddwb.com.br\/3dlab\/loja\/"},{"@type":"ListItem","position":3,"name":"Resina 3D Lav\u00e1vel"}]},{"@type":"WebSite","@id":"https:\/\/projetosddwb.com.br\/3dlab\/#website","url":"https:\/\/projetosddwb.com.br\/3dlab\/","name":"3D Lab","description":"","publisher":{"@id":"https:\/\/projetosddwb.com.br\/3dlab\/#organization"},"potentialAction":[{"@type":"SearchAction","target":{"@type":"EntryPoint","urlTemplate":"https:\/\/projetosddwb.com.br\/3dlab\/?s={search_term_string}"},"query-input":{"@type":"PropertyValueSpecification","valueRequired":true,"valueName":"search_term_string"}}],"inLanguage":"pt-BR"},{"@type":"Organization","@id":"https:\/\/projetosddwb.com.br\/3dlab\/#organization","name":"3D Lab","url":"https:\/\/projetosddwb.com.br\/3dlab\/","logo":{"@type":"ImageObject","inLanguage":"pt-BR","@id":"https:\/\/projetosddwb.com.br\/3dlab\/#\/schema\/logo\/image\/","url":"https:\/\/projetosddwb.com.br\/3dlab\/wp-content\/uploads\/2025\/04\/cropped-cropped-3D_HORI_ORIGINAL-1.png","contentUrl":"https:\/\/projetosddwb.com.br\/3dlab\/wp-content\/uploads\/2025\/04\/cropped-cropped-3D_HORI_ORIGINAL-1.png","width":597,"height":196,"caption":"3D Lab"},"image":{"@id":"https:\/\/projetosddwb.com.br\/3dlab\/#\/schema\/logo\/image\/"},"sameAs":["https:\/\/www.facebook.com\/3dlabbrasil\/?locale=pt_BR","https:\/\/www.instagram.com\/3dlab_brasil\/"]}]}},"_links":{"self":[{"href":"https:\/\/projetosddwb.com.br\/3dlab\/wp-json\/wp\/v2\/product\/1236","targetHints":{"allow":["GET"]}}],"collection":[{"href":"https:\/\/projetosddwb.com.br\/3dlab\/wp-json\/wp\/v2\/product"}],"about":[{"href":"https:\/\/projetosddwb.com.br\/3dlab\/wp-json\/wp\/v2\/types\/product"}],"replies":[{"embeddable":true,"href":"https:\/\/projetosddwb.com.br\/3dlab\/wp-json\/wp\/v2\/comments?post=1236"}],"wp:featuredmedia":[{"embeddable":true,"href":"https:\/\/projetosddwb.com.br\/3dlab\/wp-json\/"}],"wp:attachment":[{"href":"https:\/\/projetosddwb.com.br\/3dlab\/wp-json\/wp\/v2\/media?parent=1236"}],"wp:term":[{"taxonomy":"product_brand","embeddable":true,"href":"https:\/\/projetosddwb.com.br\/3dlab\/wp-json\/wp\/v2\/product_brand?post=1236"},{"taxonomy":"product_cat","embeddable":true,"href":"https:\/\/projetosddwb.com.br\/3dlab\/wp-json\/wp\/v2\/product_cat?post=1236"},{"taxonomy":"product_tag","embeddable":true,"href":"https:\/\/projetosddwb.com.br\/3dlab\/wp-json\/wp\/v2\/product_tag?post=1236"}],"curies":[{"name":"wp","href":"https:\/\/api.w.org\/{rel}","templated":true}]}}