{"id":1616,"date":"2024-04-18T13:02:40","date_gmt":"2024-04-18T16:02:40","guid":{"rendered":"https:\/\/projetosddwb.com.br\/3dlab\/?post_type=product&amp;p=1616"},"modified":"2024-04-18T13:02:40","modified_gmt":"2024-04-18T16:02:40","slug":"camera-para-impressora-3d-beagle-camera","status":"publish","type":"product","link":"https:\/\/projetosddwb.com.br\/3dlab\/product\/camera-para-impressora-3d-beagle-camera\/","title":{"rendered":"C\u00e2mera para impressora 3D &#8211; Beagle Camera"},"content":{"rendered":"<h2><strong>C\u00c2MERA PARA IMPRESSORA 3D &#8211; BEAGLE CAMERA<\/strong><\/h2>\n<p>Chegou a melhor c\u00e2mera para filmar suas impress\u00f5es 3D!<\/p>\n<p><img fetchpriority=\"high\" decoding=\"async\" class=\"alignnone wp-image-128749 size-large\" src=\"https:\/\/3dlab.com.br\/wp-content\/uploads\/2022\/11\/mintion-beagle-camera-32-gb-489013-pt-660x1024.jpg\" alt=\"c\u00e2mera para impressora 3d\" width=\"660\" height=\"1024\" \/><\/p>\n<p>A Beagle C\u00e2mera \u00e9 um acess\u00f3rio compacto, intuitivo, muito f\u00e1cil de usar e que vai permitir criar v\u00eddeos de timelapse de seus projetos. Em apenas tr\u00eas passos voc\u00ea j\u00e1 consegue instalar o acess\u00f3rio e come\u00e7ar a grava\u00e7\u00e3o!<\/p>\n<p>Essa c\u00e2mera tamb\u00e9m tem a vers\u00e3o noturna no aplicativo (vers\u00e3o 1.2.0+), sem necessidade de luz adicional.<\/p>\n<p>Para instala\u00e7\u00e3o, basta fazer o seguinte:<\/p>\n<ul>\n<li>conecte o cabo \u00e0 impressora e \u00e0 c\u00e2mera;<\/li>\n<li>baixe gratuitamente o aplicativo &#8220;Beagleprint&#8221; na App Store ou Google Play;<\/li>\n<li>conecte no Wifi!<\/li>\n<\/ul>\n<p>Pronto, sua c\u00e2mera j\u00e1 estar\u00e1 habilitada para iniciar as grava\u00e7\u00f5es!<\/p>\n<p>A embalagem do produto acompanha os seguintes itens:<\/p>\n<ul>\n<li>1 Beagle C\u00e2mera;<\/li>\n<li>1 plug de alimenta\u00e7\u00e3o;<\/li>\n<li>1 Cabo de conex\u00e3o;<\/li>\n<li>1 Cabo micro USB para conectar na impressora;<\/li>\n<li>1 cart\u00e3o micro SD;<\/li>\n<li>1 Chave de reset;<\/li>\n<li>1 Manual de instru\u00e7\u00f5es em ingl\u00eas<\/li>\n<\/ul>\n<p>A Beagle C\u00e2mera \u00e9 compat\u00edvel com a maioria das impressoras 3D Marlin, como Creality Ender 2 Pro \/ Linha Ender 3 \/ Linha Ender 5 \/ Ender 7 \/ Linha CR-10 \/ Elegoo Linha Neptune \/ Anycubic i3 Mega S ou X\/ Vyper \/ Linha Kobra, entre outras.<\/p>\n<p>Veja mais detalhes do processo de instala\u00e7\u00e3o, configura\u00e7\u00e3o e os v\u00eddeos gerados a seguir:<\/p>\n<p><iframe title=\"01---Mintion Beagle Camera Unboxing Video\" width=\"1290\" height=\"726\" src=\"https:\/\/www.youtube.com\/embed\/vJjfyMs2_4Q?feature=oembed\" frameborder=\"0\" allow=\"accelerometer; autoplay; clipboard-write; encrypted-media; gyroscope; picture-in-picture; web-share\" referrerpolicy=\"strict-origin-when-cross-origin\" allowfullscreen><\/iframe><\/p>\n","protected":false},"excerpt":{"rendered":"<p>C\u00c2MERA PARA IMPRESSORA 3D &#8211; BEAGLE CAMERA Chegou a melhor c\u00e2mera para filmar suas impress\u00f5es 3D! A Beagle C\u00e2mera \u00e9 um acess\u00f3rio compacto, intuitivo, muito f\u00e1cil de usar e que&hellip;<\/p>\n","protected":false},"featured_media":1638,"comment_status":"open","ping_status":"closed","template":"","meta":[],"product_brand":[],"product_cat":[595,277,323],"product_tag":[593,594],"class_list":{"0":"post-1616","1":"product","2":"type-product","3":"status-publish","4":"has-post-thumbnail","6":"product_cat-camera-para-timelapse","7":"product_cat-pecas-e-acessorios","8":"product_cat-pecas-e-acessorios-2","9":"product_tag-beagle-camera","10":"product_tag-camera-para-impressora-3d","11":"product_shipping_class-pecas-e-acessorios","13":"first","14":"instock","15":"sale","16":"shipping-taxable","17":"purchasable","18":"product-type-simple"},"yoast_head":"<!-- This site is optimized with the Yoast SEO plugin v24.8.1 - https:\/\/yoast.com\/wordpress\/plugins\/seo\/ -->\n<title>C\u00e2mera para impressora 3D - Beagle Camera - 3D Lab<\/title>\n<meta name=\"robots\" content=\"index, follow, max-snippet:-1, max-image-preview:large, max-video-preview:-1\" \/>\n<link rel=\"canonical\" href=\"https:\/\/projetosddwb.com.br\/3dlab\/product\/camera-para-impressora-3d-beagle-camera\/\" \/>\n<meta property=\"og:locale\" content=\"pt_BR\" \/>\n<meta property=\"og:type\" content=\"article\" \/>\n<meta property=\"og:title\" content=\"C\u00e2mera para impressora 3D - Beagle Camera - 3D Lab\" \/>\n<meta property=\"og:description\" content=\"C\u00c2MERA PARA IMPRESSORA 3D &#8211; BEAGLE CAMERA Chegou a melhor c\u00e2mera para filmar suas impress\u00f5es 3D! A Beagle C\u00e2mera \u00e9 um acess\u00f3rio compacto, intuitivo, muito f\u00e1cil de usar e que&hellip;\" \/>\n<meta property=\"og:url\" content=\"https:\/\/projetosddwb.com.br\/3dlab\/product\/camera-para-impressora-3d-beagle-camera\/\" \/>\n<meta property=\"og:site_name\" content=\"3D Lab\" \/>\n<meta property=\"article:publisher\" content=\"https:\/\/www.facebook.com\/3dlabbrasil\/?locale=pt_BR\" \/>\n<meta property=\"og:image\" content=\"https:\/\/3dlab.com.br\/wp-content\/uploads\/2022\/11\/mintion-beagle-camera-32-gb-489013-pt-660x1024.jpg\" \/>\n<meta name=\"twitter:card\" content=\"summary_large_image\" \/>\n<meta name=\"twitter:label1\" content=\"Est. tempo de leitura\" \/>\n\t<meta name=\"twitter:data1\" content=\"1 minuto\" \/>\n<script type=\"application\/ld+json\" class=\"yoast-schema-graph\">{\"@context\":\"https:\/\/schema.org\",\"@graph\":[{\"@type\":\"WebPage\",\"@id\":\"https:\/\/projetosddwb.com.br\/3dlab\/product\/camera-para-impressora-3d-beagle-camera\/\",\"url\":\"https:\/\/projetosddwb.com.br\/3dlab\/product\/camera-para-impressora-3d-beagle-camera\/\",\"name\":\"C\u00e2mera para impressora 3D - Beagle Camera - 3D Lab\",\"isPartOf\":{\"@id\":\"https:\/\/projetosddwb.com.br\/3dlab\/#website\"},\"primaryImageOfPage\":{\"@id\":\"https:\/\/projetosddwb.com.br\/3dlab\/product\/camera-para-impressora-3d-beagle-camera\/#primaryimage\"},\"image\":{\"@id\":\"https:\/\/projetosddwb.com.br\/3dlab\/product\/camera-para-impressora-3d-beagle-camera\/#primaryimage\"},\"thumbnailUrl\":\"\",\"datePublished\":\"2024-04-18T16:02:40+00:00\",\"breadcrumb\":{\"@id\":\"https:\/\/projetosddwb.com.br\/3dlab\/product\/camera-para-impressora-3d-beagle-camera\/#breadcrumb\"},\"inLanguage\":\"pt-BR\",\"potentialAction\":[{\"@type\":\"ReadAction\",\"target\":[\"https:\/\/projetosddwb.com.br\/3dlab\/product\/camera-para-impressora-3d-beagle-camera\/\"]}]},{\"@type\":\"ImageObject\",\"inLanguage\":\"pt-BR\",\"@id\":\"https:\/\/projetosddwb.com.br\/3dlab\/product\/camera-para-impressora-3d-beagle-camera\/#primaryimage\",\"url\":\"\",\"contentUrl\":\"\"},{\"@type\":\"BreadcrumbList\",\"@id\":\"https:\/\/projetosddwb.com.br\/3dlab\/product\/camera-para-impressora-3d-beagle-camera\/#breadcrumb\",\"itemListElement\":[{\"@type\":\"ListItem\",\"position\":1,\"name\":\"In\u00edcio\",\"item\":\"https:\/\/projetosddwb.com.br\/3dlab\/\"},{\"@type\":\"ListItem\",\"position\":2,\"name\":\"Loja\",\"item\":\"https:\/\/projetosddwb.com.br\/3dlab\/loja\/\"},{\"@type\":\"ListItem\",\"position\":3,\"name\":\"C\u00e2mera para impressora 3D &#8211; Beagle Camera\"}]},{\"@type\":\"WebSite\",\"@id\":\"https:\/\/projetosddwb.com.br\/3dlab\/#website\",\"url\":\"https:\/\/projetosddwb.com.br\/3dlab\/\",\"name\":\"3D Lab\",\"description\":\"\",\"publisher\":{\"@id\":\"https:\/\/projetosddwb.com.br\/3dlab\/#organization\"},\"potentialAction\":[{\"@type\":\"SearchAction\",\"target\":{\"@type\":\"EntryPoint\",\"urlTemplate\":\"https:\/\/projetosddwb.com.br\/3dlab\/?s={search_term_string}\"},\"query-input\":{\"@type\":\"PropertyValueSpecification\",\"valueRequired\":true,\"valueName\":\"search_term_string\"}}],\"inLanguage\":\"pt-BR\"},{\"@type\":\"Organization\",\"@id\":\"https:\/\/projetosddwb.com.br\/3dlab\/#organization\",\"name\":\"3D Lab\",\"url\":\"https:\/\/projetosddwb.com.br\/3dlab\/\",\"logo\":{\"@type\":\"ImageObject\",\"inLanguage\":\"pt-BR\",\"@id\":\"https:\/\/projetosddwb.com.br\/3dlab\/#\/schema\/logo\/image\/\",\"url\":\"https:\/\/projetosddwb.com.br\/3dlab\/wp-content\/uploads\/2025\/04\/cropped-cropped-3D_HORI_ORIGINAL-1.png\",\"contentUrl\":\"https:\/\/projetosddwb.com.br\/3dlab\/wp-content\/uploads\/2025\/04\/cropped-cropped-3D_HORI_ORIGINAL-1.png\",\"width\":597,\"height\":196,\"caption\":\"3D Lab\"},\"image\":{\"@id\":\"https:\/\/projetosddwb.com.br\/3dlab\/#\/schema\/logo\/image\/\"},\"sameAs\":[\"https:\/\/www.facebook.com\/3dlabbrasil\/?locale=pt_BR\",\"https:\/\/www.instagram.com\/3dlab_brasil\/\"]}]}<\/script>\n<!-- \/ Yoast SEO plugin. -->","yoast_head_json":{"title":"C\u00e2mera para impressora 3D - Beagle Camera - 3D Lab","robots":{"index":"index","follow":"follow","max-snippet":"max-snippet:-1","max-image-preview":"max-image-preview:large","max-video-preview":"max-video-preview:-1"},"canonical":"https:\/\/projetosddwb.com.br\/3dlab\/product\/camera-para-impressora-3d-beagle-camera\/","og_locale":"pt_BR","og_type":"article","og_title":"C\u00e2mera para impressora 3D - Beagle Camera - 3D Lab","og_description":"C\u00c2MERA PARA IMPRESSORA 3D &#8211; BEAGLE CAMERA Chegou a melhor c\u00e2mera para filmar suas impress\u00f5es 3D! A Beagle C\u00e2mera \u00e9 um acess\u00f3rio compacto, intuitivo, muito f\u00e1cil de usar e que&hellip;","og_url":"https:\/\/projetosddwb.com.br\/3dlab\/product\/camera-para-impressora-3d-beagle-camera\/","og_site_name":"3D Lab","article_publisher":"https:\/\/www.facebook.com\/3dlabbrasil\/?locale=pt_BR","og_image":[{"url":"https:\/\/3dlab.com.br\/wp-content\/uploads\/2022\/11\/mintion-beagle-camera-32-gb-489013-pt-660x1024.jpg","type":"","width":"","height":""}],"twitter_card":"summary_large_image","twitter_misc":{"Est. tempo de leitura":"1 minuto"},"schema":{"@context":"https:\/\/schema.org","@graph":[{"@type":"WebPage","@id":"https:\/\/projetosddwb.com.br\/3dlab\/product\/camera-para-impressora-3d-beagle-camera\/","url":"https:\/\/projetosddwb.com.br\/3dlab\/product\/camera-para-impressora-3d-beagle-camera\/","name":"C\u00e2mera para impressora 3D - Beagle Camera - 3D Lab","isPartOf":{"@id":"https:\/\/projetosddwb.com.br\/3dlab\/#website"},"primaryImageOfPage":{"@id":"https:\/\/projetosddwb.com.br\/3dlab\/product\/camera-para-impressora-3d-beagle-camera\/#primaryimage"},"image":{"@id":"https:\/\/projetosddwb.com.br\/3dlab\/product\/camera-para-impressora-3d-beagle-camera\/#primaryimage"},"thumbnailUrl":"","datePublished":"2024-04-18T16:02:40+00:00","breadcrumb":{"@id":"https:\/\/projetosddwb.com.br\/3dlab\/product\/camera-para-impressora-3d-beagle-camera\/#breadcrumb"},"inLanguage":"pt-BR","potentialAction":[{"@type":"ReadAction","target":["https:\/\/projetosddwb.com.br\/3dlab\/product\/camera-para-impressora-3d-beagle-camera\/"]}]},{"@type":"ImageObject","inLanguage":"pt-BR","@id":"https:\/\/projetosddwb.com.br\/3dlab\/product\/camera-para-impressora-3d-beagle-camera\/#primaryimage","url":"","contentUrl":""},{"@type":"BreadcrumbList","@id":"https:\/\/projetosddwb.com.br\/3dlab\/product\/camera-para-impressora-3d-beagle-camera\/#breadcrumb","itemListElement":[{"@type":"ListItem","position":1,"name":"In\u00edcio","item":"https:\/\/projetosddwb.com.br\/3dlab\/"},{"@type":"ListItem","position":2,"name":"Loja","item":"https:\/\/projetosddwb.com.br\/3dlab\/loja\/"},{"@type":"ListItem","position":3,"name":"C\u00e2mera para impressora 3D &#8211; Beagle Camera"}]},{"@type":"WebSite","@id":"https:\/\/projetosddwb.com.br\/3dlab\/#website","url":"https:\/\/projetosddwb.com.br\/3dlab\/","name":"3D Lab","description":"","publisher":{"@id":"https:\/\/projetosddwb.com.br\/3dlab\/#organization"},"potentialAction":[{"@type":"SearchAction","target":{"@type":"EntryPoint","urlTemplate":"https:\/\/projetosddwb.com.br\/3dlab\/?s={search_term_string}"},"query-input":{"@type":"PropertyValueSpecification","valueRequired":true,"valueName":"search_term_string"}}],"inLanguage":"pt-BR"},{"@type":"Organization","@id":"https:\/\/projetosddwb.com.br\/3dlab\/#organization","name":"3D Lab","url":"https:\/\/projetosddwb.com.br\/3dlab\/","logo":{"@type":"ImageObject","inLanguage":"pt-BR","@id":"https:\/\/projetosddwb.com.br\/3dlab\/#\/schema\/logo\/image\/","url":"https:\/\/projetosddwb.com.br\/3dlab\/wp-content\/uploads\/2025\/04\/cropped-cropped-3D_HORI_ORIGINAL-1.png","contentUrl":"https:\/\/projetosddwb.com.br\/3dlab\/wp-content\/uploads\/2025\/04\/cropped-cropped-3D_HORI_ORIGINAL-1.png","width":597,"height":196,"caption":"3D Lab"},"image":{"@id":"https:\/\/projetosddwb.com.br\/3dlab\/#\/schema\/logo\/image\/"},"sameAs":["https:\/\/www.facebook.com\/3dlabbrasil\/?locale=pt_BR","https:\/\/www.instagram.com\/3dlab_brasil\/"]}]}},"_links":{"self":[{"href":"https:\/\/projetosddwb.com.br\/3dlab\/wp-json\/wp\/v2\/product\/1616","targetHints":{"allow":["GET"]}}],"collection":[{"href":"https:\/\/projetosddwb.com.br\/3dlab\/wp-json\/wp\/v2\/product"}],"about":[{"href":"https:\/\/projetosddwb.com.br\/3dlab\/wp-json\/wp\/v2\/types\/product"}],"replies":[{"embeddable":true,"href":"https:\/\/projetosddwb.com.br\/3dlab\/wp-json\/wp\/v2\/comments?post=1616"}],"wp:featuredmedia":[{"embeddable":true,"href":"https:\/\/projetosddwb.com.br\/3dlab\/wp-json\/"}],"wp:attachment":[{"href":"https:\/\/projetosddwb.com.br\/3dlab\/wp-json\/wp\/v2\/media?parent=1616"}],"wp:term":[{"taxonomy":"product_brand","embeddable":true,"href":"https:\/\/projetosddwb.com.br\/3dlab\/wp-json\/wp\/v2\/product_brand?post=1616"},{"taxonomy":"product_cat","embeddable":true,"href":"https:\/\/projetosddwb.com.br\/3dlab\/wp-json\/wp\/v2\/product_cat?post=1616"},{"taxonomy":"product_tag","embeddable":true,"href":"https:\/\/projetosddwb.com.br\/3dlab\/wp-json\/wp\/v2\/product_tag?post=1616"}],"curies":[{"name":"wp","href":"https:\/\/api.w.org\/{rel}","templated":true}]}}