{"id":1761,"date":"2024-04-18T13:21:39","date_gmt":"2024-04-18T16:21:39","guid":{"rendered":"https:\/\/projetosddwb.com.br\/3dlab\/?post_type=product&amp;p=1761"},"modified":"2024-04-18T13:21:39","modified_gmt":"2024-04-18T16:21:39","slug":"filamento-pla-ultra-silk-rainbow-nebula","status":"publish","type":"product","link":"https:\/\/projetosddwb.com.br\/3dlab\/product\/filamento-pla-ultra-silk-rainbow-nebula\/","title":{"rendered":"FILAMENTO PLA ULTRA SILK RAINBOW N\u00c9BULA"},"content":{"rendered":"<h3>Filamento PLA Ultra Silk Rainbow N\u00e9bula<\/h3>\n<p>O filamento PLA Ultra Silk Rainbow N\u00e9bula representa um avan\u00e7o empolgante no mundo da impress\u00e3o 3D. Este filamento PLA (\u00e1cido polil\u00e1tico) foi especialmente projetado para proporcionar um n\u00edvel incompar\u00e1vel de brilho e sofistica\u00e7\u00e3o aos projetos de impress\u00e3o.<\/p>\n<p>Uma das caracter\u00edsticas mais not\u00e1veis desse filamento \u00e9 o efeito degrad\u00ea que ele cria e seu brilho que j\u00e1 \u00e9 caracter\u00edstico dos filamentos Ultra Silks, ganham mais destaque gra\u00e7as \u00e0s part\u00edculas de glitter incorporadas em sua composi\u00e7\u00e3o.<\/p>\n<p>Al\u00e9m do seu apelo est\u00e9tico, o PLA Ultra Silk Rainbow N\u00e9bula \u00e9 conhecido por sua facilidade de impress\u00e3o. \u00c9 um filamento que adere bem \u00e0 mesa de impress\u00e3o, tem uma baixa taxa de empenamento (warping) e \u00e9 resistente ao entupimento do bico da impressora. Isso o torna adequado para impressores 3D de todos os n\u00edveis de experi\u00eancia, desde iniciantes at\u00e9 profissionais.<\/p>\n<p>A exclusividade do PLA Ultra Silk Rainbow N\u00e9bila \u00e9 outro fator que o torna especial. Ele \u00e9 reservado exclusivamente para os alunos do curso Faixa Preta de impress\u00e3o, do Guilherme Vazan, o que o transforma em uma recompensa simb\u00f3lica para aqueles que demonstraram profici\u00eancia e habilidade na impress\u00e3o 3D. Essa exclusividade faz com que cada projeto impresso com esse filamento seja verdadeiramente \u00fanico e carregue consigo um senso de realiza\u00e7\u00e3o.<\/p>\n<p>Em resumo, \u00e9 mais do que apenas um filamento de impress\u00e3o 3D; \u00e9 uma ferramenta de express\u00e3o art\u00edstica e uma recompensa para aqueles que atingiram o status de Faixa Preta na impress\u00e3o 3D, garantindo que suas cria\u00e7\u00f5es brilhem com um esplendor inigual\u00e1vel.<\/p>\n<p>&nbsp;<\/p>\n","protected":false},"excerpt":{"rendered":"<p>Filamento PLA Ultra Silk Rainbow N\u00e9bula O filamento PLA Ultra Silk Rainbow N\u00e9bula representa um avan\u00e7o empolgante no mundo da impress\u00e3o 3D. Este filamento PLA (\u00e1cido polil\u00e1tico) foi especialmente projetado&hellip;<\/p>\n","protected":false},"featured_media":1779,"comment_status":"open","ping_status":"closed","template":"","meta":[],"product_brand":[],"product_cat":[383,302,272,308,333],"product_tag":[389,634],"class_list":{"0":"post-1761","1":"product","2":"type-product","3":"status-publish","4":"has-post-thumbnail","6":"product_cat-destaques-faixa-preta","7":"product_cat-faixa-preta","8":"product_cat-filamento-para-impressora-3d","9":"product_cat-impressoras-e-filamentos","10":"product_cat-pla-ultra-silk","11":"product_tag-faixa-preta","12":"product_tag-filament","13":"product_shipping_class-filamentos","15":"first","16":"instock","17":"shipping-taxable","18":"purchasable","19":"product-type-variable","20":"has-default-attributes"},"yoast_head":"<!-- This site is optimized with the Yoast SEO plugin v24.8.1 - https:\/\/yoast.com\/wordpress\/plugins\/seo\/ -->\n<title>FILAMENTO PLA ULTRA SILK RAINBOW N\u00c9BULA - 3D Lab<\/title>\n<meta name=\"robots\" content=\"index, follow, max-snippet:-1, max-image-preview:large, max-video-preview:-1\" \/>\n<link rel=\"canonical\" href=\"https:\/\/projetosddwb.com.br\/3dlab\/product\/filamento-pla-ultra-silk-rainbow-nebula\/\" \/>\n<meta property=\"og:locale\" content=\"pt_BR\" \/>\n<meta property=\"og:type\" content=\"article\" \/>\n<meta property=\"og:title\" content=\"FILAMENTO PLA ULTRA SILK RAINBOW N\u00c9BULA - 3D Lab\" \/>\n<meta property=\"og:description\" content=\"Filamento PLA Ultra Silk Rainbow N\u00e9bula O filamento PLA Ultra Silk Rainbow N\u00e9bula representa um avan\u00e7o empolgante no mundo da impress\u00e3o 3D. Este filamento PLA (\u00e1cido polil\u00e1tico) foi especialmente projetado&hellip;\" \/>\n<meta property=\"og:url\" content=\"https:\/\/projetosddwb.com.br\/3dlab\/product\/filamento-pla-ultra-silk-rainbow-nebula\/\" \/>\n<meta property=\"og:site_name\" content=\"3D Lab\" \/>\n<meta property=\"article:publisher\" content=\"https:\/\/www.facebook.com\/3dlabbrasil\/?locale=pt_BR\" \/>\n<meta name=\"twitter:card\" content=\"summary_large_image\" \/>\n<meta name=\"twitter:label1\" content=\"Est. tempo de leitura\" \/>\n\t<meta name=\"twitter:data1\" content=\"1 minuto\" \/>\n<script type=\"application\/ld+json\" class=\"yoast-schema-graph\">{\"@context\":\"https:\/\/schema.org\",\"@graph\":[{\"@type\":\"WebPage\",\"@id\":\"https:\/\/projetosddwb.com.br\/3dlab\/product\/filamento-pla-ultra-silk-rainbow-nebula\/\",\"url\":\"https:\/\/projetosddwb.com.br\/3dlab\/product\/filamento-pla-ultra-silk-rainbow-nebula\/\",\"name\":\"FILAMENTO PLA ULTRA SILK RAINBOW N\u00c9BULA - 3D Lab\",\"isPartOf\":{\"@id\":\"https:\/\/projetosddwb.com.br\/3dlab\/#website\"},\"primaryImageOfPage\":{\"@id\":\"https:\/\/projetosddwb.com.br\/3dlab\/product\/filamento-pla-ultra-silk-rainbow-nebula\/#primaryimage\"},\"image\":{\"@id\":\"https:\/\/projetosddwb.com.br\/3dlab\/product\/filamento-pla-ultra-silk-rainbow-nebula\/#primaryimage\"},\"thumbnailUrl\":\"\",\"datePublished\":\"2024-04-18T16:21:39+00:00\",\"breadcrumb\":{\"@id\":\"https:\/\/projetosddwb.com.br\/3dlab\/product\/filamento-pla-ultra-silk-rainbow-nebula\/#breadcrumb\"},\"inLanguage\":\"pt-BR\",\"potentialAction\":[{\"@type\":\"ReadAction\",\"target\":[\"https:\/\/projetosddwb.com.br\/3dlab\/product\/filamento-pla-ultra-silk-rainbow-nebula\/\"]}]},{\"@type\":\"ImageObject\",\"inLanguage\":\"pt-BR\",\"@id\":\"https:\/\/projetosddwb.com.br\/3dlab\/product\/filamento-pla-ultra-silk-rainbow-nebula\/#primaryimage\",\"url\":\"\",\"contentUrl\":\"\"},{\"@type\":\"BreadcrumbList\",\"@id\":\"https:\/\/projetosddwb.com.br\/3dlab\/product\/filamento-pla-ultra-silk-rainbow-nebula\/#breadcrumb\",\"itemListElement\":[{\"@type\":\"ListItem\",\"position\":1,\"name\":\"In\u00edcio\",\"item\":\"https:\/\/projetosddwb.com.br\/3dlab\/\"},{\"@type\":\"ListItem\",\"position\":2,\"name\":\"Loja\",\"item\":\"https:\/\/projetosddwb.com.br\/3dlab\/loja\/\"},{\"@type\":\"ListItem\",\"position\":3,\"name\":\"FILAMENTO PLA ULTRA SILK RAINBOW N\u00c9BULA\"}]},{\"@type\":\"WebSite\",\"@id\":\"https:\/\/projetosddwb.com.br\/3dlab\/#website\",\"url\":\"https:\/\/projetosddwb.com.br\/3dlab\/\",\"name\":\"3D Lab\",\"description\":\"\",\"publisher\":{\"@id\":\"https:\/\/projetosddwb.com.br\/3dlab\/#organization\"},\"potentialAction\":[{\"@type\":\"SearchAction\",\"target\":{\"@type\":\"EntryPoint\",\"urlTemplate\":\"https:\/\/projetosddwb.com.br\/3dlab\/?s={search_term_string}\"},\"query-input\":{\"@type\":\"PropertyValueSpecification\",\"valueRequired\":true,\"valueName\":\"search_term_string\"}}],\"inLanguage\":\"pt-BR\"},{\"@type\":\"Organization\",\"@id\":\"https:\/\/projetosddwb.com.br\/3dlab\/#organization\",\"name\":\"3D Lab\",\"url\":\"https:\/\/projetosddwb.com.br\/3dlab\/\",\"logo\":{\"@type\":\"ImageObject\",\"inLanguage\":\"pt-BR\",\"@id\":\"https:\/\/projetosddwb.com.br\/3dlab\/#\/schema\/logo\/image\/\",\"url\":\"https:\/\/projetosddwb.com.br\/3dlab\/wp-content\/uploads\/2025\/04\/cropped-cropped-3D_HORI_ORIGINAL-1.png\",\"contentUrl\":\"https:\/\/projetosddwb.com.br\/3dlab\/wp-content\/uploads\/2025\/04\/cropped-cropped-3D_HORI_ORIGINAL-1.png\",\"width\":597,\"height\":196,\"caption\":\"3D Lab\"},\"image\":{\"@id\":\"https:\/\/projetosddwb.com.br\/3dlab\/#\/schema\/logo\/image\/\"},\"sameAs\":[\"https:\/\/www.facebook.com\/3dlabbrasil\/?locale=pt_BR\",\"https:\/\/www.instagram.com\/3dlab_brasil\/\"]}]}<\/script>\n<!-- \/ Yoast SEO plugin. -->","yoast_head_json":{"title":"FILAMENTO PLA ULTRA SILK RAINBOW N\u00c9BULA - 3D Lab","robots":{"index":"index","follow":"follow","max-snippet":"max-snippet:-1","max-image-preview":"max-image-preview:large","max-video-preview":"max-video-preview:-1"},"canonical":"https:\/\/projetosddwb.com.br\/3dlab\/product\/filamento-pla-ultra-silk-rainbow-nebula\/","og_locale":"pt_BR","og_type":"article","og_title":"FILAMENTO PLA ULTRA SILK RAINBOW N\u00c9BULA - 3D Lab","og_description":"Filamento PLA Ultra Silk Rainbow N\u00e9bula O filamento PLA Ultra Silk Rainbow N\u00e9bula representa um avan\u00e7o empolgante no mundo da impress\u00e3o 3D. Este filamento PLA (\u00e1cido polil\u00e1tico) foi especialmente projetado&hellip;","og_url":"https:\/\/projetosddwb.com.br\/3dlab\/product\/filamento-pla-ultra-silk-rainbow-nebula\/","og_site_name":"3D Lab","article_publisher":"https:\/\/www.facebook.com\/3dlabbrasil\/?locale=pt_BR","twitter_card":"summary_large_image","twitter_misc":{"Est. tempo de leitura":"1 minuto"},"schema":{"@context":"https:\/\/schema.org","@graph":[{"@type":"WebPage","@id":"https:\/\/projetosddwb.com.br\/3dlab\/product\/filamento-pla-ultra-silk-rainbow-nebula\/","url":"https:\/\/projetosddwb.com.br\/3dlab\/product\/filamento-pla-ultra-silk-rainbow-nebula\/","name":"FILAMENTO PLA ULTRA SILK RAINBOW N\u00c9BULA - 3D Lab","isPartOf":{"@id":"https:\/\/projetosddwb.com.br\/3dlab\/#website"},"primaryImageOfPage":{"@id":"https:\/\/projetosddwb.com.br\/3dlab\/product\/filamento-pla-ultra-silk-rainbow-nebula\/#primaryimage"},"image":{"@id":"https:\/\/projetosddwb.com.br\/3dlab\/product\/filamento-pla-ultra-silk-rainbow-nebula\/#primaryimage"},"thumbnailUrl":"","datePublished":"2024-04-18T16:21:39+00:00","breadcrumb":{"@id":"https:\/\/projetosddwb.com.br\/3dlab\/product\/filamento-pla-ultra-silk-rainbow-nebula\/#breadcrumb"},"inLanguage":"pt-BR","potentialAction":[{"@type":"ReadAction","target":["https:\/\/projetosddwb.com.br\/3dlab\/product\/filamento-pla-ultra-silk-rainbow-nebula\/"]}]},{"@type":"ImageObject","inLanguage":"pt-BR","@id":"https:\/\/projetosddwb.com.br\/3dlab\/product\/filamento-pla-ultra-silk-rainbow-nebula\/#primaryimage","url":"","contentUrl":""},{"@type":"BreadcrumbList","@id":"https:\/\/projetosddwb.com.br\/3dlab\/product\/filamento-pla-ultra-silk-rainbow-nebula\/#breadcrumb","itemListElement":[{"@type":"ListItem","position":1,"name":"In\u00edcio","item":"https:\/\/projetosddwb.com.br\/3dlab\/"},{"@type":"ListItem","position":2,"name":"Loja","item":"https:\/\/projetosddwb.com.br\/3dlab\/loja\/"},{"@type":"ListItem","position":3,"name":"FILAMENTO PLA ULTRA SILK RAINBOW N\u00c9BULA"}]},{"@type":"WebSite","@id":"https:\/\/projetosddwb.com.br\/3dlab\/#website","url":"https:\/\/projetosddwb.com.br\/3dlab\/","name":"3D Lab","description":"","publisher":{"@id":"https:\/\/projetosddwb.com.br\/3dlab\/#organization"},"potentialAction":[{"@type":"SearchAction","target":{"@type":"EntryPoint","urlTemplate":"https:\/\/projetosddwb.com.br\/3dlab\/?s={search_term_string}"},"query-input":{"@type":"PropertyValueSpecification","valueRequired":true,"valueName":"search_term_string"}}],"inLanguage":"pt-BR"},{"@type":"Organization","@id":"https:\/\/projetosddwb.com.br\/3dlab\/#organization","name":"3D Lab","url":"https:\/\/projetosddwb.com.br\/3dlab\/","logo":{"@type":"ImageObject","inLanguage":"pt-BR","@id":"https:\/\/projetosddwb.com.br\/3dlab\/#\/schema\/logo\/image\/","url":"https:\/\/projetosddwb.com.br\/3dlab\/wp-content\/uploads\/2025\/04\/cropped-cropped-3D_HORI_ORIGINAL-1.png","contentUrl":"https:\/\/projetosddwb.com.br\/3dlab\/wp-content\/uploads\/2025\/04\/cropped-cropped-3D_HORI_ORIGINAL-1.png","width":597,"height":196,"caption":"3D Lab"},"image":{"@id":"https:\/\/projetosddwb.com.br\/3dlab\/#\/schema\/logo\/image\/"},"sameAs":["https:\/\/www.facebook.com\/3dlabbrasil\/?locale=pt_BR","https:\/\/www.instagram.com\/3dlab_brasil\/"]}]}},"_links":{"self":[{"href":"https:\/\/projetosddwb.com.br\/3dlab\/wp-json\/wp\/v2\/product\/1761","targetHints":{"allow":["GET"]}}],"collection":[{"href":"https:\/\/projetosddwb.com.br\/3dlab\/wp-json\/wp\/v2\/product"}],"about":[{"href":"https:\/\/projetosddwb.com.br\/3dlab\/wp-json\/wp\/v2\/types\/product"}],"replies":[{"embeddable":true,"href":"https:\/\/projetosddwb.com.br\/3dlab\/wp-json\/wp\/v2\/comments?post=1761"}],"wp:featuredmedia":[{"embeddable":true,"href":"https:\/\/projetosddwb.com.br\/3dlab\/wp-json\/"}],"wp:attachment":[{"href":"https:\/\/projetosddwb.com.br\/3dlab\/wp-json\/wp\/v2\/media?parent=1761"}],"wp:term":[{"taxonomy":"product_brand","embeddable":true,"href":"https:\/\/projetosddwb.com.br\/3dlab\/wp-json\/wp\/v2\/product_brand?post=1761"},{"taxonomy":"product_cat","embeddable":true,"href":"https:\/\/projetosddwb.com.br\/3dlab\/wp-json\/wp\/v2\/product_cat?post=1761"},{"taxonomy":"product_tag","embeddable":true,"href":"https:\/\/projetosddwb.com.br\/3dlab\/wp-json\/wp\/v2\/product_tag?post=1761"}],"curies":[{"name":"wp","href":"https:\/\/api.w.org\/{rel}","templated":true}]}}