{"id":2096,"date":"2024-04-18T15:57:00","date_gmt":"2024-04-18T18:57:00","guid":{"rendered":"https:\/\/projetosddwb.com.br\/3dlab\/?post_type=product&amp;p=2096"},"modified":"2024-04-18T15:57:00","modified_gmt":"2024-04-18T18:57:00","slug":"impressora-3d-a1-combo-com-ams","status":"publish","type":"product","link":"https:\/\/projetosddwb.com.br\/3dlab\/product\/impressora-3d-a1-combo-com-ams\/","title":{"rendered":"IMPRESSORA 3D A1 &#8211; COMBO COM AMS"},"content":{"rendered":"<div class=\"flex-1 overflow-hidden\">\n<div class=\"react-scroll-to-bottom--css-beuxa-79elbk h-full\">\n<div class=\"react-scroll-to-bottom--css-beuxa-1n7m0yu\">\n<div class=\"flex flex-col pb-9 text-sm\">\n<div class=\"w-full text-token-text-primary\" data-testid=\"conversation-turn-7\">\n<div class=\"px-4 py-2 justify-center text-base md:gap-6 m-auto\">\n<div class=\"flex flex-1 text-base mx-auto gap-3 md:px-5 lg:px-1 xl:px-5 md:max-w-3xl lg:max-w-[40rem] xl:max-w-[48rem] group final-completion\">\n<div class=\"relative flex w-full flex-col lg:w-[calc(100%-115px)] agent-turn\">\n<div class=\"flex-col gap-1 md:gap-3\">\n<div class=\"flex flex-grow flex-col max-w-full\">\n<div class=\"min-h-[20px] text-message flex flex-col items-start gap-3 whitespace-pre-wrap break-words [.text-message+&amp;]:mt-5 overflow-x-auto\" data-message-author-role=\"assistant\" data-message-id=\"c5b118bc-e08c-4622-b3a0-fe315e5d1b24\">\n<div class=\"markdown prose w-full break-words dark:prose-invert light\">\n<h2>IMPRESSORA 3D A1 &#8211; COMBO COM AMS<\/h2>\n<p>A impressora 3D A1 &#8211; Combo com AMS incorpora tecnologia avan\u00e7ada e inova\u00e7\u00e3o para proporcionar uma experi\u00eancia \u00fanica de velocidade, troca de cor e qualidade de impress\u00e3o com uma estrutura aberta. Com um design futurista e recursos de ponta, a A1 \u00e9 a escolha ideal para entusiastas e profissionais que buscam precis\u00e3o, velocidade e versatilidade.<\/p>\n<p><strong>Principais Caracter\u00edsticas T\u00e9cnicas:<\/strong><\/p>\n<ul>\n<li><strong>Tecnologia de Impress\u00e3o:<\/strong> Fused Filament Fabrication (FFF)<\/li>\n<li><strong>\u00c1rea de Constru\u00e7\u00e3o:<\/strong> 256 x 256 x 256 mm\u00b3<\/li>\n<li><strong>Resolu\u00e7\u00e3o M\u00ednima da Camada:<\/strong> (Informa\u00e7\u00e3o n\u00e3o fornecida)<\/li>\n<li><strong>Resolu\u00e7\u00e3o M\u00e1xima da Camada:<\/strong> (Informa\u00e7\u00e3o n\u00e3o fornecida)<\/li>\n<li><strong>Dimens\u00f5es:<\/strong> 386 x 389 x 458 mm<\/li>\n<li><strong>Peso:<\/strong> 9,65 kg<\/li>\n<li><strong>Cama:<\/strong> At\u00e9 80\u00baC<\/li>\n<li><strong>Superf\u00edcie de Impress\u00e3o:<\/strong> Texturizada<\/li>\n<li><strong>Software:<\/strong> Bambu Studio (suporta software de terceiros)<\/li>\n<li><strong>Materiais Suportados:<\/strong> PLA, ABS, PETG, ASA, etc.<\/li>\n<li><strong>Velocidade de Impress\u00e3o:<\/strong> At\u00e9 500 mm\/s, com acelera\u00e7\u00e3o m\u00e1xima de 10.000 mm\/s\u00b2<\/li>\n<\/ul>\n<p><strong>Destaques Tecnol\u00f3gicos:<\/strong><\/p>\n<ol>\n<li><strong>AMS Lite (Opcional):<\/strong> Possui um sistema multifilamento avan\u00e7ado para impress\u00e3o multimaterial, suportando at\u00e9 quatro cores.<\/li>\n<li><strong>Tela Sens\u00edvel ao Toque:<\/strong> Interface intuitiva de 3,5 polegadas, proporcionando uma experi\u00eancia de usu\u00e1rio semelhante \u00e0 de um smartphone.<\/li>\n<li><strong>Sistema de Gerenciamento de Sa\u00fade (HMS):<\/strong> Auxilia em todas as etapas operacionais e na solu\u00e7\u00e3o de problemas, garantindo uma opera\u00e7\u00e3o suave.<\/li>\n<li><strong>Hotends Quick Swap:<\/strong> Facilita a troca r\u00e1pida e f\u00e1cil de bicos, reconhecendo automaticamente os novos bicos inseridos.<\/li>\n<li><strong>Velocidade Excepcional:<\/strong> At\u00e9 500 mm\/s de velocidade de impress\u00e3o, permitindo produ\u00e7\u00f5es r\u00e1pidas e eficientes.<\/li>\n<li><strong>Controle de Fluxo Fino:<\/strong> Destaca-se no controle preciso de detalhes intrincados e geometrias complexas.<\/li>\n<li><strong>Design Adapt\u00e1vel:<\/strong> Flexibilidade na instala\u00e7\u00e3o do AMS Lite, oferecendo op\u00e7\u00f5es de montagem na parte superior ou lateral.<\/li>\n<\/ol>\n<p><strong>Desempenho Excepcional:<\/strong><\/p>\n<p>Nos testes de qualidade, a Bambu Labs A1 alcan\u00e7ou uma pontua\u00e7\u00e3o impressionante de 29 em 30, destacando-se em precis\u00e3o dimensional, controle de fluxo fino, caracter\u00edsticas negativas finas, pontes e sali\u00eancias. Sua versatilidade e desempenho robusto a posicionam como uma escolha superior no mercado de impressoras 3D.<\/p>\n<p>Seja voc\u00ea um entusiasta ou um profissional que busca o melhor em impress\u00e3o 3D, a Bambu Labs A1 oferece um pacote completo de inova\u00e7\u00e3o, tecnologia e desempenho excepcionais. Transforme suas ideias em realidade com a precis\u00e3o e velocidade incompar\u00e1veis da A1.<\/p>\n<\/div>\n<\/div>\n<\/div>\n<div class=\"mt-1 flex justify-start gap-3 empty:hidden\">\n<div class=\"text-gray-400 flex self-end lg:self-center justify-center lg:justify-start mt-0 -ml-1 visible\">\n<p>&nbsp;<\/p>\n<div class=\"flex\"><img fetchpriority=\"high\" decoding=\"async\" class=\"alignnone wp-image-158640 size-full\" src=\"https:\/\/3dlab.com.br\/wp-content\/uploads\/2024\/01\/Screenshot_1.png\" alt=\"\" width=\"1534\" height=\"795\" \/><\/div>\n<div class=\"flex\"><img decoding=\"async\" class=\"alignnone wp-image-158649 size-full\" src=\"https:\/\/3dlab.com.br\/wp-content\/uploads\/2024\/01\/Screenshot_2.png\" alt=\"\" width=\"1483\" height=\"727\" \/><img decoding=\"async\" class=\"alignnone wp-image-158641 size-full\" src=\"https:\/\/3dlab.com.br\/wp-content\/uploads\/2024\/01\/Screenshot_3.png\" alt=\"\" width=\"1573\" height=\"778\" \/> <img loading=\"lazy\" decoding=\"async\" class=\"alignnone wp-image-158642 size-full\" src=\"https:\/\/3dlab.com.br\/wp-content\/uploads\/2024\/01\/Screenshot_4.png\" alt=\"\" width=\"1577\" height=\"730\" \/> <img loading=\"lazy\" decoding=\"async\" class=\"alignnone wp-image-158643 size-full\" src=\"https:\/\/3dlab.com.br\/wp-content\/uploads\/2024\/01\/Screenshot_5.png\" alt=\"\" width=\"1506\" height=\"842\" \/> <img loading=\"lazy\" decoding=\"async\" class=\"alignnone wp-image-158644 size-full\" src=\"https:\/\/3dlab.com.br\/wp-content\/uploads\/2024\/01\/Screenshot_6.png\" alt=\"\" width=\"1442\" height=\"717\" \/> <img loading=\"lazy\" decoding=\"async\" class=\"alignnone wp-image-158645 size-full\" src=\"https:\/\/3dlab.com.br\/wp-content\/uploads\/2024\/01\/Screenshot_7.png\" alt=\"\" width=\"1380\" height=\"767\" \/> <img loading=\"lazy\" decoding=\"async\" class=\"alignnone wp-image-158646 size-full\" src=\"https:\/\/3dlab.com.br\/wp-content\/uploads\/2024\/01\/Screenshot_8.png\" alt=\"\" width=\"1436\" height=\"712\" \/> <img loading=\"lazy\" decoding=\"async\" class=\"alignnone wp-image-158647 size-full\" src=\"https:\/\/3dlab.com.br\/wp-content\/uploads\/2024\/01\/Screenshot_9.png\" alt=\"\" width=\"1560\" height=\"779\" \/><\/div>\n<div class=\"flex items-center gap-1.5 text-xs\"><\/div>\n<\/div>\n<\/div>\n<\/div>\n<div class=\"absolute\">\n<div class=\"flex w-full gap-2 items-center justify-center\"><\/div>\n<\/div>\n<\/div>\n<\/div>\n<\/div>\n<\/div>\n<\/div>\n<\/div>\n<\/div>\n<\/div>\n<div class=\"w-full pt-2 md:pt-0 dark:border-white\/20 md:border-transparent md:dark:border-transparent md:w-[calc(100%-.5rem)]\">\n<form class=\"stretch mx-2 flex flex-row gap-3 last:mb-2 md:mx-4 md:last:mb-6 lg:mx-auto lg:max-w-2xl xl:max-w-3xl\">\n<div class=\"relative flex h-full flex-1 items-stretch md:flex-col\">\n<div class=\"flex w-full items-center\"><\/div>\n<\/div>\n<\/form>\n<\/div>\n","protected":false},"excerpt":{"rendered":"<p>IMPRESSORA 3D A1 &#8211; COMBO COM AMS A impressora 3D A1 &#8211; Combo com AMS incorpora tecnologia avan\u00e7ada e inova\u00e7\u00e3o para proporcionar uma experi\u00eancia \u00fanica de velocidade, troca de cor&hellip;<\/p>\n","protected":false},"featured_media":2118,"comment_status":"open","ping_status":"closed","template":"","meta":[],"product_brand":[],"product_cat":[673,453,280,308,359,497],"product_tag":[682,672,683],"class_list":{"0":"post-2096","1":"product","2":"type-product","3":"status-publish","4":"has-post-thumbnail","6":"product_cat-bambu-lab","7":"product_cat-impressora-3d-de-filamento","8":"product_cat-impressoras-3d","9":"product_cat-impressoras-e-filamentos","10":"product_cat-lancamentos","11":"product_cat-promocoes","12":"product_tag-ams","13":"product_tag-bambu-lab","14":"product_tag-colorido","15":"product_shipping_class-impressoras-c-frete","17":"first","18":"outofstock","19":"sale","20":"shipping-taxable","21":"purchasable","22":"product-type-simple"},"yoast_head":"<!-- This site is optimized with the Yoast SEO plugin v24.8.1 - https:\/\/yoast.com\/wordpress\/plugins\/seo\/ -->\n<title>IMPRESSORA 3D A1 - COMBO COM AMS - 3D Lab<\/title>\n<meta name=\"robots\" content=\"index, follow, max-snippet:-1, max-image-preview:large, max-video-preview:-1\" \/>\n<link rel=\"canonical\" href=\"https:\/\/projetosddwb.com.br\/3dlab\/product\/impressora-3d-a1-combo-com-ams\/\" \/>\n<meta property=\"og:locale\" content=\"pt_BR\" \/>\n<meta property=\"og:type\" content=\"article\" \/>\n<meta property=\"og:title\" content=\"IMPRESSORA 3D A1 - COMBO COM AMS - 3D Lab\" \/>\n<meta property=\"og:description\" content=\"IMPRESSORA 3D A1 &#8211; COMBO COM AMS A impressora 3D A1 &#8211; Combo com AMS incorpora tecnologia avan\u00e7ada e inova\u00e7\u00e3o para proporcionar uma experi\u00eancia \u00fanica de velocidade, troca de cor&hellip;\" \/>\n<meta property=\"og:url\" content=\"https:\/\/projetosddwb.com.br\/3dlab\/product\/impressora-3d-a1-combo-com-ams\/\" \/>\n<meta property=\"og:site_name\" content=\"3D Lab\" \/>\n<meta property=\"article:publisher\" content=\"https:\/\/www.facebook.com\/3dlabbrasil\/?locale=pt_BR\" \/>\n<meta property=\"og:image\" content=\"https:\/\/3dlab.com.br\/wp-content\/uploads\/2024\/01\/Screenshot_1.png\" \/>\n<meta name=\"twitter:card\" content=\"summary_large_image\" \/>\n<meta name=\"twitter:label1\" content=\"Est. tempo de leitura\" \/>\n\t<meta name=\"twitter:data1\" content=\"2 minutos\" \/>\n<script type=\"application\/ld+json\" class=\"yoast-schema-graph\">{\"@context\":\"https:\/\/schema.org\",\"@graph\":[{\"@type\":\"WebPage\",\"@id\":\"https:\/\/projetosddwb.com.br\/3dlab\/product\/impressora-3d-a1-combo-com-ams\/\",\"url\":\"https:\/\/projetosddwb.com.br\/3dlab\/product\/impressora-3d-a1-combo-com-ams\/\",\"name\":\"IMPRESSORA 3D A1 - COMBO COM AMS - 3D Lab\",\"isPartOf\":{\"@id\":\"https:\/\/projetosddwb.com.br\/3dlab\/#website\"},\"primaryImageOfPage\":{\"@id\":\"https:\/\/projetosddwb.com.br\/3dlab\/product\/impressora-3d-a1-combo-com-ams\/#primaryimage\"},\"image\":{\"@id\":\"https:\/\/projetosddwb.com.br\/3dlab\/product\/impressora-3d-a1-combo-com-ams\/#primaryimage\"},\"thumbnailUrl\":\"\",\"datePublished\":\"2024-04-18T18:57:00+00:00\",\"breadcrumb\":{\"@id\":\"https:\/\/projetosddwb.com.br\/3dlab\/product\/impressora-3d-a1-combo-com-ams\/#breadcrumb\"},\"inLanguage\":\"pt-BR\",\"potentialAction\":[{\"@type\":\"ReadAction\",\"target\":[\"https:\/\/projetosddwb.com.br\/3dlab\/product\/impressora-3d-a1-combo-com-ams\/\"]}]},{\"@type\":\"ImageObject\",\"inLanguage\":\"pt-BR\",\"@id\":\"https:\/\/projetosddwb.com.br\/3dlab\/product\/impressora-3d-a1-combo-com-ams\/#primaryimage\",\"url\":\"\",\"contentUrl\":\"\"},{\"@type\":\"BreadcrumbList\",\"@id\":\"https:\/\/projetosddwb.com.br\/3dlab\/product\/impressora-3d-a1-combo-com-ams\/#breadcrumb\",\"itemListElement\":[{\"@type\":\"ListItem\",\"position\":1,\"name\":\"In\u00edcio\",\"item\":\"https:\/\/projetosddwb.com.br\/3dlab\/\"},{\"@type\":\"ListItem\",\"position\":2,\"name\":\"Loja\",\"item\":\"https:\/\/projetosddwb.com.br\/3dlab\/loja\/\"},{\"@type\":\"ListItem\",\"position\":3,\"name\":\"IMPRESSORA 3D A1 &#8211; COMBO COM AMS\"}]},{\"@type\":\"WebSite\",\"@id\":\"https:\/\/projetosddwb.com.br\/3dlab\/#website\",\"url\":\"https:\/\/projetosddwb.com.br\/3dlab\/\",\"name\":\"3D Lab\",\"description\":\"\",\"publisher\":{\"@id\":\"https:\/\/projetosddwb.com.br\/3dlab\/#organization\"},\"potentialAction\":[{\"@type\":\"SearchAction\",\"target\":{\"@type\":\"EntryPoint\",\"urlTemplate\":\"https:\/\/projetosddwb.com.br\/3dlab\/?s={search_term_string}\"},\"query-input\":{\"@type\":\"PropertyValueSpecification\",\"valueRequired\":true,\"valueName\":\"search_term_string\"}}],\"inLanguage\":\"pt-BR\"},{\"@type\":\"Organization\",\"@id\":\"https:\/\/projetosddwb.com.br\/3dlab\/#organization\",\"name\":\"3D Lab\",\"url\":\"https:\/\/projetosddwb.com.br\/3dlab\/\",\"logo\":{\"@type\":\"ImageObject\",\"inLanguage\":\"pt-BR\",\"@id\":\"https:\/\/projetosddwb.com.br\/3dlab\/#\/schema\/logo\/image\/\",\"url\":\"https:\/\/projetosddwb.com.br\/3dlab\/wp-content\/uploads\/2025\/04\/cropped-cropped-3D_HORI_ORIGINAL-1.png\",\"contentUrl\":\"https:\/\/projetosddwb.com.br\/3dlab\/wp-content\/uploads\/2025\/04\/cropped-cropped-3D_HORI_ORIGINAL-1.png\",\"width\":597,\"height\":196,\"caption\":\"3D Lab\"},\"image\":{\"@id\":\"https:\/\/projetosddwb.com.br\/3dlab\/#\/schema\/logo\/image\/\"},\"sameAs\":[\"https:\/\/www.facebook.com\/3dlabbrasil\/?locale=pt_BR\",\"https:\/\/www.instagram.com\/3dlab_brasil\/\"]}]}<\/script>\n<!-- \/ Yoast SEO plugin. -->","yoast_head_json":{"title":"IMPRESSORA 3D A1 - COMBO COM AMS - 3D Lab","robots":{"index":"index","follow":"follow","max-snippet":"max-snippet:-1","max-image-preview":"max-image-preview:large","max-video-preview":"max-video-preview:-1"},"canonical":"https:\/\/projetosddwb.com.br\/3dlab\/product\/impressora-3d-a1-combo-com-ams\/","og_locale":"pt_BR","og_type":"article","og_title":"IMPRESSORA 3D A1 - COMBO COM AMS - 3D Lab","og_description":"IMPRESSORA 3D A1 &#8211; COMBO COM AMS A impressora 3D A1 &#8211; Combo com AMS incorpora tecnologia avan\u00e7ada e inova\u00e7\u00e3o para proporcionar uma experi\u00eancia \u00fanica de velocidade, troca de cor&hellip;","og_url":"https:\/\/projetosddwb.com.br\/3dlab\/product\/impressora-3d-a1-combo-com-ams\/","og_site_name":"3D Lab","article_publisher":"https:\/\/www.facebook.com\/3dlabbrasil\/?locale=pt_BR","og_image":[{"url":"https:\/\/3dlab.com.br\/wp-content\/uploads\/2024\/01\/Screenshot_1.png","type":"","width":"","height":""}],"twitter_card":"summary_large_image","twitter_misc":{"Est. tempo de leitura":"2 minutos"},"schema":{"@context":"https:\/\/schema.org","@graph":[{"@type":"WebPage","@id":"https:\/\/projetosddwb.com.br\/3dlab\/product\/impressora-3d-a1-combo-com-ams\/","url":"https:\/\/projetosddwb.com.br\/3dlab\/product\/impressora-3d-a1-combo-com-ams\/","name":"IMPRESSORA 3D A1 - COMBO COM AMS - 3D Lab","isPartOf":{"@id":"https:\/\/projetosddwb.com.br\/3dlab\/#website"},"primaryImageOfPage":{"@id":"https:\/\/projetosddwb.com.br\/3dlab\/product\/impressora-3d-a1-combo-com-ams\/#primaryimage"},"image":{"@id":"https:\/\/projetosddwb.com.br\/3dlab\/product\/impressora-3d-a1-combo-com-ams\/#primaryimage"},"thumbnailUrl":"","datePublished":"2024-04-18T18:57:00+00:00","breadcrumb":{"@id":"https:\/\/projetosddwb.com.br\/3dlab\/product\/impressora-3d-a1-combo-com-ams\/#breadcrumb"},"inLanguage":"pt-BR","potentialAction":[{"@type":"ReadAction","target":["https:\/\/projetosddwb.com.br\/3dlab\/product\/impressora-3d-a1-combo-com-ams\/"]}]},{"@type":"ImageObject","inLanguage":"pt-BR","@id":"https:\/\/projetosddwb.com.br\/3dlab\/product\/impressora-3d-a1-combo-com-ams\/#primaryimage","url":"","contentUrl":""},{"@type":"BreadcrumbList","@id":"https:\/\/projetosddwb.com.br\/3dlab\/product\/impressora-3d-a1-combo-com-ams\/#breadcrumb","itemListElement":[{"@type":"ListItem","position":1,"name":"In\u00edcio","item":"https:\/\/projetosddwb.com.br\/3dlab\/"},{"@type":"ListItem","position":2,"name":"Loja","item":"https:\/\/projetosddwb.com.br\/3dlab\/loja\/"},{"@type":"ListItem","position":3,"name":"IMPRESSORA 3D A1 &#8211; COMBO COM AMS"}]},{"@type":"WebSite","@id":"https:\/\/projetosddwb.com.br\/3dlab\/#website","url":"https:\/\/projetosddwb.com.br\/3dlab\/","name":"3D Lab","description":"","publisher":{"@id":"https:\/\/projetosddwb.com.br\/3dlab\/#organization"},"potentialAction":[{"@type":"SearchAction","target":{"@type":"EntryPoint","urlTemplate":"https:\/\/projetosddwb.com.br\/3dlab\/?s={search_term_string}"},"query-input":{"@type":"PropertyValueSpecification","valueRequired":true,"valueName":"search_term_string"}}],"inLanguage":"pt-BR"},{"@type":"Organization","@id":"https:\/\/projetosddwb.com.br\/3dlab\/#organization","name":"3D Lab","url":"https:\/\/projetosddwb.com.br\/3dlab\/","logo":{"@type":"ImageObject","inLanguage":"pt-BR","@id":"https:\/\/projetosddwb.com.br\/3dlab\/#\/schema\/logo\/image\/","url":"https:\/\/projetosddwb.com.br\/3dlab\/wp-content\/uploads\/2025\/04\/cropped-cropped-3D_HORI_ORIGINAL-1.png","contentUrl":"https:\/\/projetosddwb.com.br\/3dlab\/wp-content\/uploads\/2025\/04\/cropped-cropped-3D_HORI_ORIGINAL-1.png","width":597,"height":196,"caption":"3D Lab"},"image":{"@id":"https:\/\/projetosddwb.com.br\/3dlab\/#\/schema\/logo\/image\/"},"sameAs":["https:\/\/www.facebook.com\/3dlabbrasil\/?locale=pt_BR","https:\/\/www.instagram.com\/3dlab_brasil\/"]}]}},"_links":{"self":[{"href":"https:\/\/projetosddwb.com.br\/3dlab\/wp-json\/wp\/v2\/product\/2096","targetHints":{"allow":["GET"]}}],"collection":[{"href":"https:\/\/projetosddwb.com.br\/3dlab\/wp-json\/wp\/v2\/product"}],"about":[{"href":"https:\/\/projetosddwb.com.br\/3dlab\/wp-json\/wp\/v2\/types\/product"}],"replies":[{"embeddable":true,"href":"https:\/\/projetosddwb.com.br\/3dlab\/wp-json\/wp\/v2\/comments?post=2096"}],"wp:featuredmedia":[{"embeddable":true,"href":"https:\/\/projetosddwb.com.br\/3dlab\/wp-json\/"}],"wp:attachment":[{"href":"https:\/\/projetosddwb.com.br\/3dlab\/wp-json\/wp\/v2\/media?parent=2096"}],"wp:term":[{"taxonomy":"product_brand","embeddable":true,"href":"https:\/\/projetosddwb.com.br\/3dlab\/wp-json\/wp\/v2\/product_brand?post=2096"},{"taxonomy":"product_cat","embeddable":true,"href":"https:\/\/projetosddwb.com.br\/3dlab\/wp-json\/wp\/v2\/product_cat?post=2096"},{"taxonomy":"product_tag","embeddable":true,"href":"https:\/\/projetosddwb.com.br\/3dlab\/wp-json\/wp\/v2\/product_tag?post=2096"}],"curies":[{"name":"wp","href":"https:\/\/api.w.org\/{rel}","templated":true}]}}