{"id":2253,"date":"2024-04-18T16:11:18","date_gmt":"2024-04-18T19:11:18","guid":{"rendered":"https:\/\/projetosddwb.com.br\/3dlab\/?post_type=product&amp;p=2253"},"modified":"2024-04-18T16:11:18","modified_gmt":"2024-04-18T19:11:18","slug":"impressora-3d-halot-mage","status":"publish","type":"product","link":"https:\/\/projetosddwb.com.br\/3dlab\/product\/impressora-3d-halot-mage\/","title":{"rendered":"IMPRESSORA 3D HALOT-MAGE"},"content":{"rendered":"<h2>Creality Halot Mage<\/h2>\n<p>A s\u00e9rie HALOT-MAGE \u00e9 a solu\u00e7\u00e3o de \u00faltima gera\u00e7\u00e3o da Creality para impress\u00e3o de resina inteligente.<\/p>\n<p>A HALOT MAGE oferece uma s\u00e9rie de vantagens not\u00e1veis. Sua tecnologia de impress\u00e3o por resina proporciona alta precis\u00e3o em detalhes, permitindo a cria\u00e7\u00e3o de objetos complexos com qualidade excepcional. Al\u00e9m disso, sua velocidade de impress\u00e3o \u00e9 otimizada, agilizando o processo de fabrica\u00e7\u00e3o. A facilidade de uso e a interface amig\u00e1vel tornam acess\u00edvel mesmo para iniciantes na impress\u00e3o 3D. Compat\u00edvel com uma variedade de resinas, essa impressora oferece flexibilidade na escolha de materiais para diferentes aplica\u00e7\u00f5es. No geral, se destaca como uma op\u00e7\u00e3o eficaz e vers\u00e1til no mundo da impress\u00e3o 3D.<\/p>\n<p class=\"_04xlpA direction-ltr align-end para-style-body\"><span class=\"S1PPyQ\">A tampa articulada <\/span><span class=\"S1PPyQ\">da HALOT-MAGE \u00e9 f\u00e1cil de abrir e fechar com <\/span><span class=\"S1PPyQ\">uma m\u00e3o e n\u00e3o \u00e9 necess\u00e1rio coloc\u00e1-la de lado. <\/span><span class=\"S1PPyQ\">\u00c9 apenas 1\/4 mais alto quando aberta, economizando mais espa\u00e7o<\/span><\/p>\n<p>A pr\u00f3xima atualiza\u00e7\u00e3o do software de fatiamento <a href=\"https:\/\/3dlab.com.br\/halot-box-entenda-as-funcionalidades\/\" target=\"_blank\" rel=\"noopener\">HALOT BOX<\/a> adiciona suportes s\u00f3lidos aos modelos permitindo maior qualidade e a\u00a0tonalidade laranja \u00e9 pr\u00e1tica para bloquear 99,89% da luz UV ambiente para m\u00ednima interfer\u00eancia no processo de impress\u00e3o.<\/p>\n<p>&nbsp;<\/p>\n<p><img fetchpriority=\"high\" decoding=\"async\" class=\"alignnone wp-image-136759 size-large\" src=\"https:\/\/3dlab.com.br\/wp-content\/uploads\/2023\/04\/2-1-821x1024.png\" alt=\"halot mage\" width=\"821\" height=\"1024\" \/> <img decoding=\"async\" class=\"alignnone wp-image-136760 size-large\" src=\"https:\/\/3dlab.com.br\/wp-content\/uploads\/2023\/04\/3-1-821x1024.png\" alt=\"halot mage\" width=\"821\" height=\"1024\" \/> <img decoding=\"async\" class=\"alignnone wp-image-136761 size-large\" src=\"https:\/\/3dlab.com.br\/wp-content\/uploads\/2023\/04\/4-1-821x1024.png\" alt=\"impressora de resina\" width=\"821\" height=\"1024\" \/> <img loading=\"lazy\" decoding=\"async\" class=\"alignnone wp-image-136762 size-large\" src=\"https:\/\/3dlab.com.br\/wp-content\/uploads\/2023\/04\/5-1-821x1024.png\" alt=\"impressora 3d de resina\" width=\"821\" height=\"1024\" \/><\/p>\n","protected":false},"excerpt":{"rendered":"<p>Creality Halot Mage A s\u00e9rie HALOT-MAGE \u00e9 a solu\u00e7\u00e3o de \u00faltima gera\u00e7\u00e3o da Creality para impress\u00e3o de resina inteligente. A HALOT MAGE oferece uma s\u00e9rie de vantagens not\u00e1veis. Sua tecnologia&hellip;<\/p>\n","protected":false},"featured_media":2266,"comment_status":"open","ping_status":"closed","template":"","meta":[],"product_brand":[],"product_cat":[306,302,327,280,308],"product_tag":[713,714,285,466,527],"class_list":{"0":"post-2253","1":"product","2":"type-product","3":"status-publish","4":"has-post-thumbnail","6":"product_cat-creality","7":"product_cat-faixa-preta","8":"product_cat-impressora-3d-de-resina","9":"product_cat-impressoras-3d","10":"product_cat-impressoras-e-filamentos","11":"product_tag-halot-mage","12":"product_tag-impressao-3d-em-resina","13":"product_tag-impressora-3d","14":"product_tag-impressora-3d-de-resina","15":"product_tag-impressora-de-resina","16":"product_shipping_class-impressoras-c-frete","18":"first","19":"instock","20":"sale","21":"shipping-taxable","22":"purchasable","23":"product-type-simple"},"yoast_head":"<!-- This site is optimized with the Yoast SEO plugin v24.8.1 - https:\/\/yoast.com\/wordpress\/plugins\/seo\/ -->\n<title>IMPRESSORA 3D HALOT-MAGE - 3D Lab<\/title>\n<meta name=\"robots\" content=\"index, follow, max-snippet:-1, max-image-preview:large, max-video-preview:-1\" \/>\n<link rel=\"canonical\" href=\"https:\/\/projetosddwb.com.br\/3dlab\/product\/impressora-3d-halot-mage\/\" \/>\n<meta property=\"og:locale\" content=\"pt_BR\" \/>\n<meta property=\"og:type\" content=\"article\" \/>\n<meta property=\"og:title\" content=\"IMPRESSORA 3D HALOT-MAGE - 3D Lab\" \/>\n<meta property=\"og:description\" content=\"Creality Halot Mage A s\u00e9rie HALOT-MAGE \u00e9 a solu\u00e7\u00e3o de \u00faltima gera\u00e7\u00e3o da Creality para impress\u00e3o de resina inteligente. A HALOT MAGE oferece uma s\u00e9rie de vantagens not\u00e1veis. Sua tecnologia&hellip;\" \/>\n<meta property=\"og:url\" content=\"https:\/\/projetosddwb.com.br\/3dlab\/product\/impressora-3d-halot-mage\/\" \/>\n<meta property=\"og:site_name\" content=\"3D Lab\" \/>\n<meta property=\"article:publisher\" content=\"https:\/\/www.facebook.com\/3dlabbrasil\/?locale=pt_BR\" \/>\n<meta property=\"og:image\" content=\"https:\/\/3dlab.com.br\/wp-content\/uploads\/2023\/04\/2-1-821x1024.png\" \/>\n<meta name=\"twitter:card\" content=\"summary_large_image\" \/>\n<meta name=\"twitter:label1\" content=\"Est. tempo de leitura\" \/>\n\t<meta name=\"twitter:data1\" content=\"1 minuto\" \/>\n<script type=\"application\/ld+json\" class=\"yoast-schema-graph\">{\"@context\":\"https:\/\/schema.org\",\"@graph\":[{\"@type\":\"WebPage\",\"@id\":\"https:\/\/projetosddwb.com.br\/3dlab\/product\/impressora-3d-halot-mage\/\",\"url\":\"https:\/\/projetosddwb.com.br\/3dlab\/product\/impressora-3d-halot-mage\/\",\"name\":\"IMPRESSORA 3D HALOT-MAGE - 3D Lab\",\"isPartOf\":{\"@id\":\"https:\/\/projetosddwb.com.br\/3dlab\/#website\"},\"primaryImageOfPage\":{\"@id\":\"https:\/\/projetosddwb.com.br\/3dlab\/product\/impressora-3d-halot-mage\/#primaryimage\"},\"image\":{\"@id\":\"https:\/\/projetosddwb.com.br\/3dlab\/product\/impressora-3d-halot-mage\/#primaryimage\"},\"thumbnailUrl\":\"\",\"datePublished\":\"2024-04-18T19:11:18+00:00\",\"breadcrumb\":{\"@id\":\"https:\/\/projetosddwb.com.br\/3dlab\/product\/impressora-3d-halot-mage\/#breadcrumb\"},\"inLanguage\":\"pt-BR\",\"potentialAction\":[{\"@type\":\"ReadAction\",\"target\":[\"https:\/\/projetosddwb.com.br\/3dlab\/product\/impressora-3d-halot-mage\/\"]}]},{\"@type\":\"ImageObject\",\"inLanguage\":\"pt-BR\",\"@id\":\"https:\/\/projetosddwb.com.br\/3dlab\/product\/impressora-3d-halot-mage\/#primaryimage\",\"url\":\"\",\"contentUrl\":\"\"},{\"@type\":\"BreadcrumbList\",\"@id\":\"https:\/\/projetosddwb.com.br\/3dlab\/product\/impressora-3d-halot-mage\/#breadcrumb\",\"itemListElement\":[{\"@type\":\"ListItem\",\"position\":1,\"name\":\"In\u00edcio\",\"item\":\"https:\/\/projetosddwb.com.br\/3dlab\/\"},{\"@type\":\"ListItem\",\"position\":2,\"name\":\"Loja\",\"item\":\"https:\/\/projetosddwb.com.br\/3dlab\/loja\/\"},{\"@type\":\"ListItem\",\"position\":3,\"name\":\"IMPRESSORA 3D HALOT-MAGE\"}]},{\"@type\":\"WebSite\",\"@id\":\"https:\/\/projetosddwb.com.br\/3dlab\/#website\",\"url\":\"https:\/\/projetosddwb.com.br\/3dlab\/\",\"name\":\"3D Lab\",\"description\":\"\",\"publisher\":{\"@id\":\"https:\/\/projetosddwb.com.br\/3dlab\/#organization\"},\"potentialAction\":[{\"@type\":\"SearchAction\",\"target\":{\"@type\":\"EntryPoint\",\"urlTemplate\":\"https:\/\/projetosddwb.com.br\/3dlab\/?s={search_term_string}\"},\"query-input\":{\"@type\":\"PropertyValueSpecification\",\"valueRequired\":true,\"valueName\":\"search_term_string\"}}],\"inLanguage\":\"pt-BR\"},{\"@type\":\"Organization\",\"@id\":\"https:\/\/projetosddwb.com.br\/3dlab\/#organization\",\"name\":\"3D Lab\",\"url\":\"https:\/\/projetosddwb.com.br\/3dlab\/\",\"logo\":{\"@type\":\"ImageObject\",\"inLanguage\":\"pt-BR\",\"@id\":\"https:\/\/projetosddwb.com.br\/3dlab\/#\/schema\/logo\/image\/\",\"url\":\"https:\/\/projetosddwb.com.br\/3dlab\/wp-content\/uploads\/2025\/04\/cropped-cropped-3D_HORI_ORIGINAL-1.png\",\"contentUrl\":\"https:\/\/projetosddwb.com.br\/3dlab\/wp-content\/uploads\/2025\/04\/cropped-cropped-3D_HORI_ORIGINAL-1.png\",\"width\":597,\"height\":196,\"caption\":\"3D Lab\"},\"image\":{\"@id\":\"https:\/\/projetosddwb.com.br\/3dlab\/#\/schema\/logo\/image\/\"},\"sameAs\":[\"https:\/\/www.facebook.com\/3dlabbrasil\/?locale=pt_BR\",\"https:\/\/www.instagram.com\/3dlab_brasil\/\"]}]}<\/script>\n<!-- \/ Yoast SEO plugin. -->","yoast_head_json":{"title":"IMPRESSORA 3D HALOT-MAGE - 3D Lab","robots":{"index":"index","follow":"follow","max-snippet":"max-snippet:-1","max-image-preview":"max-image-preview:large","max-video-preview":"max-video-preview:-1"},"canonical":"https:\/\/projetosddwb.com.br\/3dlab\/product\/impressora-3d-halot-mage\/","og_locale":"pt_BR","og_type":"article","og_title":"IMPRESSORA 3D HALOT-MAGE - 3D Lab","og_description":"Creality Halot Mage A s\u00e9rie HALOT-MAGE \u00e9 a solu\u00e7\u00e3o de \u00faltima gera\u00e7\u00e3o da Creality para impress\u00e3o de resina inteligente. A HALOT MAGE oferece uma s\u00e9rie de vantagens not\u00e1veis. Sua tecnologia&hellip;","og_url":"https:\/\/projetosddwb.com.br\/3dlab\/product\/impressora-3d-halot-mage\/","og_site_name":"3D Lab","article_publisher":"https:\/\/www.facebook.com\/3dlabbrasil\/?locale=pt_BR","og_image":[{"url":"https:\/\/3dlab.com.br\/wp-content\/uploads\/2023\/04\/2-1-821x1024.png","type":"","width":"","height":""}],"twitter_card":"summary_large_image","twitter_misc":{"Est. tempo de leitura":"1 minuto"},"schema":{"@context":"https:\/\/schema.org","@graph":[{"@type":"WebPage","@id":"https:\/\/projetosddwb.com.br\/3dlab\/product\/impressora-3d-halot-mage\/","url":"https:\/\/projetosddwb.com.br\/3dlab\/product\/impressora-3d-halot-mage\/","name":"IMPRESSORA 3D HALOT-MAGE - 3D Lab","isPartOf":{"@id":"https:\/\/projetosddwb.com.br\/3dlab\/#website"},"primaryImageOfPage":{"@id":"https:\/\/projetosddwb.com.br\/3dlab\/product\/impressora-3d-halot-mage\/#primaryimage"},"image":{"@id":"https:\/\/projetosddwb.com.br\/3dlab\/product\/impressora-3d-halot-mage\/#primaryimage"},"thumbnailUrl":"","datePublished":"2024-04-18T19:11:18+00:00","breadcrumb":{"@id":"https:\/\/projetosddwb.com.br\/3dlab\/product\/impressora-3d-halot-mage\/#breadcrumb"},"inLanguage":"pt-BR","potentialAction":[{"@type":"ReadAction","target":["https:\/\/projetosddwb.com.br\/3dlab\/product\/impressora-3d-halot-mage\/"]}]},{"@type":"ImageObject","inLanguage":"pt-BR","@id":"https:\/\/projetosddwb.com.br\/3dlab\/product\/impressora-3d-halot-mage\/#primaryimage","url":"","contentUrl":""},{"@type":"BreadcrumbList","@id":"https:\/\/projetosddwb.com.br\/3dlab\/product\/impressora-3d-halot-mage\/#breadcrumb","itemListElement":[{"@type":"ListItem","position":1,"name":"In\u00edcio","item":"https:\/\/projetosddwb.com.br\/3dlab\/"},{"@type":"ListItem","position":2,"name":"Loja","item":"https:\/\/projetosddwb.com.br\/3dlab\/loja\/"},{"@type":"ListItem","position":3,"name":"IMPRESSORA 3D HALOT-MAGE"}]},{"@type":"WebSite","@id":"https:\/\/projetosddwb.com.br\/3dlab\/#website","url":"https:\/\/projetosddwb.com.br\/3dlab\/","name":"3D Lab","description":"","publisher":{"@id":"https:\/\/projetosddwb.com.br\/3dlab\/#organization"},"potentialAction":[{"@type":"SearchAction","target":{"@type":"EntryPoint","urlTemplate":"https:\/\/projetosddwb.com.br\/3dlab\/?s={search_term_string}"},"query-input":{"@type":"PropertyValueSpecification","valueRequired":true,"valueName":"search_term_string"}}],"inLanguage":"pt-BR"},{"@type":"Organization","@id":"https:\/\/projetosddwb.com.br\/3dlab\/#organization","name":"3D Lab","url":"https:\/\/projetosddwb.com.br\/3dlab\/","logo":{"@type":"ImageObject","inLanguage":"pt-BR","@id":"https:\/\/projetosddwb.com.br\/3dlab\/#\/schema\/logo\/image\/","url":"https:\/\/projetosddwb.com.br\/3dlab\/wp-content\/uploads\/2025\/04\/cropped-cropped-3D_HORI_ORIGINAL-1.png","contentUrl":"https:\/\/projetosddwb.com.br\/3dlab\/wp-content\/uploads\/2025\/04\/cropped-cropped-3D_HORI_ORIGINAL-1.png","width":597,"height":196,"caption":"3D Lab"},"image":{"@id":"https:\/\/projetosddwb.com.br\/3dlab\/#\/schema\/logo\/image\/"},"sameAs":["https:\/\/www.facebook.com\/3dlabbrasil\/?locale=pt_BR","https:\/\/www.instagram.com\/3dlab_brasil\/"]}]}},"_links":{"self":[{"href":"https:\/\/projetosddwb.com.br\/3dlab\/wp-json\/wp\/v2\/product\/2253","targetHints":{"allow":["GET"]}}],"collection":[{"href":"https:\/\/projetosddwb.com.br\/3dlab\/wp-json\/wp\/v2\/product"}],"about":[{"href":"https:\/\/projetosddwb.com.br\/3dlab\/wp-json\/wp\/v2\/types\/product"}],"replies":[{"embeddable":true,"href":"https:\/\/projetosddwb.com.br\/3dlab\/wp-json\/wp\/v2\/comments?post=2253"}],"wp:featuredmedia":[{"embeddable":true,"href":"https:\/\/projetosddwb.com.br\/3dlab\/wp-json\/"}],"wp:attachment":[{"href":"https:\/\/projetosddwb.com.br\/3dlab\/wp-json\/wp\/v2\/media?parent=2253"}],"wp:term":[{"taxonomy":"product_brand","embeddable":true,"href":"https:\/\/projetosddwb.com.br\/3dlab\/wp-json\/wp\/v2\/product_brand?post=2253"},{"taxonomy":"product_cat","embeddable":true,"href":"https:\/\/projetosddwb.com.br\/3dlab\/wp-json\/wp\/v2\/product_cat?post=2253"},{"taxonomy":"product_tag","embeddable":true,"href":"https:\/\/projetosddwb.com.br\/3dlab\/wp-json\/wp\/v2\/product_tag?post=2253"}],"curies":[{"name":"wp","href":"https:\/\/api.w.org\/{rel}","templated":true}]}}