{"id":2293,"date":"2024-04-18T16:12:43","date_gmt":"2024-04-18T19:12:43","guid":{"rendered":"https:\/\/projetosddwb.com.br\/3dlab\/?post_type=product&#038;p=2293"},"modified":"2025-04-04T01:00:41","modified_gmt":"2025-04-04T04:00:41","slug":"impressora-3d-cr-10-se-envio-imediato","status":"publish","type":"product","link":"https:\/\/projetosddwb.com.br\/3dlab\/product\/impressora-3d-cr-10-se-envio-imediato\/","title":{"rendered":"IMPRESSORA 3D CR-10 SE \/ ENVIO-IMEDIATO"},"content":{"rendered":"<h2>Impressora 3D CR-10 SE \/ ENVIO IMEDIATO!<\/h2>\n<p>A impressora 3D CR-10 SE se destaca por ser uma m\u00e1quina com diversas especifica\u00e7\u00f5es que buscam elevar a qualidade de impress\u00e3o e a efici\u00eancia do processo. Com um sistema de nivelamento autom\u00e1tico m\u00e3os-livres, a CR-10 SE utiliza o CR Touch e um sensor de deforma\u00e7\u00e3o para realizar ajustes autom\u00e1ticos, proporcionando uma primeira camada limpa, firme e uniforme e dispensando completamente o nivelamento manual.<\/p>\n<p>A precis\u00e3o e durabilidade s\u00e3o garantidas pelos trilhos lineares nos eixos X e Y, que incorporam rolamentos de esferas, assegurando movimentos precisos, est\u00e1veis e livres de atrito. O resfriamento eficaz \u00e9 alcan\u00e7ado por meio de um ventilador de modelo dedicado, operando a 12.000 rpm e proporcionando resfriamento em tr\u00eas lados do modelo rec\u00e9m-impresso, melhorando significativamente detalhes e pontes.<\/p>\n<p>Os algritmos avan\u00e7ados dessa m\u00e1quina como a modelagem de entrada com sensor G e o avan\u00e7o de movimento otimizado, contribuem para a qualidade ideal da impress\u00e3o, minimizando vibra\u00e7\u00f5es e garantindo um fluxo de alimenta\u00e7\u00e3o preciso.<\/p>\n<p>Ela possui alta velocidade de impress\u00e3o, atingindo 600 mm\/s, e a extrusor Direct Drive Sprite e aquecedor cer\u00e2mico de 60W para garantir bons resultados com filamentos flex\u00edveis. O sistema operacional Speedy Creality, equipado com uma CPU dual-core de 1,2 GHz e ROM de 8G, oferece uma interface responsiva e a capacidade de sincronizar dados em tempo real com dispositivos externos. A diversidade de filamentos suportados, incluindo flex\u00edveis, de alta temperatura e alta resist\u00eancia, amplia as op\u00e7\u00f5es para os usu\u00e1rios.<\/p>\n<p>A conectividade inteligente permite o monitoramento remoto da impressora atrav\u00e9s do Creality Cloud APP e PC, com recursos adicionais como modelos gratuitos, fatiador integrado e envio direto de arquivos fatiados para impress\u00e3o. O Creality Print, um fatiador desenvolvido pela pr\u00f3pria empresa, otimiza a impress\u00e3o com fun\u00e7\u00f5es como otimiza\u00e7\u00e3o de balan\u00e7o, largura de linha vari\u00e1vel e impress\u00e3o LAN com seguran\u00e7a de dados.<\/p>\n<p>Apesar de possuir duplo suporte de carretel, essa m\u00e1quina n\u00e3o possui dupla extrus\u00e3o<\/p>\n<p>Em resumo, a CR-10 SE destaca-se como uma impressora 3D avan\u00e7ada, unindo caracter\u00edsticas de alta performance, conectividade inteligente e facilidade de uso.<\/p>\n<p><img fetchpriority=\"high\" decoding=\"async\" class=\"aligncenter wp-image-156329 size-full\" src=\"https:\/\/3dlab.com.br\/wp-content\/uploads\/2023\/12\/1-1.png\" alt=\"\" width=\"2560\" height=\"1000\" \/> <img decoding=\"async\" class=\"aligncenter wp-image-156330 size-full\" src=\"https:\/\/3dlab.com.br\/wp-content\/uploads\/2023\/12\/2-2.png\" alt=\"\" width=\"2560\" height=\"1000\" \/> <img decoding=\"async\" class=\"aligncenter wp-image-156331 size-full\" src=\"https:\/\/3dlab.com.br\/wp-content\/uploads\/2023\/12\/3-2.png\" alt=\"\" width=\"2560\" height=\"1000\" \/> <img loading=\"lazy\" decoding=\"async\" class=\"aligncenter wp-image-156332 size-full\" src=\"https:\/\/3dlab.com.br\/wp-content\/uploads\/2023\/12\/4-1.png\" alt=\"\" width=\"2560\" height=\"1000\" \/> <img loading=\"lazy\" decoding=\"async\" class=\"aligncenter wp-image-156333 size-full\" src=\"https:\/\/3dlab.com.br\/wp-content\/uploads\/2023\/12\/5-1.png\" alt=\"\" width=\"2560\" height=\"1000\" \/> <img loading=\"lazy\" decoding=\"async\" class=\"aligncenter wp-image-156334 size-full\" src=\"https:\/\/3dlab.com.br\/wp-content\/uploads\/2023\/12\/6-1.png\" alt=\"\" width=\"2560\" height=\"1000\" \/> <img loading=\"lazy\" decoding=\"async\" class=\"aligncenter wp-image-156335 size-full\" src=\"https:\/\/3dlab.com.br\/wp-content\/uploads\/2023\/12\/7-1.png\" alt=\"\" width=\"2560\" height=\"1000\" \/> <img loading=\"lazy\" decoding=\"async\" class=\"aligncenter wp-image-156336 size-full\" src=\"https:\/\/3dlab.com.br\/wp-content\/uploads\/2023\/12\/8-1.png\" alt=\"\" width=\"2560\" height=\"1000\" \/> <img loading=\"lazy\" decoding=\"async\" class=\"aligncenter wp-image-156337 size-full\" src=\"https:\/\/3dlab.com.br\/wp-content\/uploads\/2023\/12\/9-1.png\" alt=\"\" width=\"2560\" height=\"1000\" \/> <img loading=\"lazy\" decoding=\"async\" class=\"aligncenter wp-image-156338 size-full\" src=\"https:\/\/3dlab.com.br\/wp-content\/uploads\/2023\/12\/10-1.png\" alt=\"\" width=\"2560\" height=\"1000\" \/> <img loading=\"lazy\" decoding=\"async\" class=\"aligncenter wp-image-156339 size-full\" src=\"https:\/\/3dlab.com.br\/wp-content\/uploads\/2023\/12\/11-1.png\" alt=\"\" width=\"2560\" height=\"1000\" \/> <img loading=\"lazy\" decoding=\"async\" class=\"aligncenter wp-image-156340 size-full\" src=\"https:\/\/3dlab.com.br\/wp-content\/uploads\/2023\/12\/12-1.png\" alt=\"\" width=\"2560\" height=\"1000\" \/> <img loading=\"lazy\" decoding=\"async\" class=\"aligncenter wp-image-156341 size-full\" src=\"https:\/\/3dlab.com.br\/wp-content\/uploads\/2023\/12\/13-1.png\" alt=\"\" width=\"2560\" height=\"1000\" \/><\/p>\n","protected":false},"excerpt":{"rendered":"<p><em>LEIA A DESCRI\u00c7\u00c3O ANTES DE COMPRAR<\/em><\/p>\n","protected":false},"featured_media":29620,"comment_status":"open","ping_status":"closed","template":"","meta":[],"product_brand":[],"product_cat":[306,302,453,280,308,359],"product_tag":[620,724,725],"class_list":{"0":"post-2293","1":"product","2":"type-product","3":"status-publish","4":"has-post-thumbnail","6":"product_cat-creality","7":"product_cat-faixa-preta","8":"product_cat-impressora-3d-de-filamento","9":"product_cat-impressoras-3d","10":"product_cat-impressoras-e-filamentos","11":"product_cat-lancamentos","12":"product_tag-cr-10","13":"product_tag-cr-10-se","14":"product_tag-cr10-se","15":"product_shipping_class-impressoras-c-frete","17":"first","18":"instock","19":"sale","20":"shipping-taxable","21":"purchasable","22":"product-type-simple"},"yoast_head":"<!-- This site is optimized with the Yoast SEO plugin v24.8.1 - https:\/\/yoast.com\/wordpress\/plugins\/seo\/ -->\n<title>IMPRESSORA 3D CR-10 SE \/ ENVIO IMEDIATO! - 3D Lab<\/title>\n<meta name=\"description\" content=\"CR-10 SE \u00e9 uma impressora 3D com excelente acabamento, alcan\u00e7a at\u00e9 600 mm\/s de velocidade de impress\u00e3o e possui nivelamento 100% autom\u00e1tico. Veja mais...\" \/>\n<meta name=\"robots\" content=\"index, follow, max-snippet:-1, max-image-preview:large, max-video-preview:-1\" \/>\n<link rel=\"canonical\" href=\"https:\/\/projetosddwb.com.br\/3dlab\/product\/impressora-3d-cr-10-se-envio-imediato\/\" \/>\n<meta property=\"og:locale\" content=\"pt_BR\" \/>\n<meta property=\"og:type\" content=\"article\" \/>\n<meta property=\"og:title\" content=\"IMPRESSORA 3D CR-10 SE \/ ENVIO IMEDIATO! - 3D Lab\" \/>\n<meta property=\"og:description\" content=\"CR-10 SE \u00e9 uma impressora 3D com excelente acabamento, alcan\u00e7a at\u00e9 600 mm\/s de velocidade de impress\u00e3o e possui nivelamento 100% autom\u00e1tico. Veja mais...\" \/>\n<meta property=\"og:url\" content=\"https:\/\/projetosddwb.com.br\/3dlab\/product\/impressora-3d-cr-10-se-envio-imediato\/\" \/>\n<meta property=\"og:site_name\" content=\"3D Lab\" \/>\n<meta property=\"article:publisher\" content=\"https:\/\/www.facebook.com\/3dlabbrasil\/?locale=pt_BR\" \/>\n<meta property=\"article:modified_time\" content=\"2025-04-04T04:00:41+00:00\" \/>\n<meta property=\"og:image\" content=\"https:\/\/imagens.3dlab.com.br\/wp-content\/uploads\/2023\/12\/18110415\/61689M2G9yL._AC_SX679_.jpg\" \/><meta property=\"og:image\" content=\"https:\/\/imagens.3dlab.com.br\/wp-content\/uploads\/2023\/12\/18110415\/61689M2G9yL._AC_SX679_.jpg\" \/>\n\t<meta property=\"og:image:width\" content=\"679\" \/>\n\t<meta property=\"og:image:height\" content=\"775\" \/>\n\t<meta property=\"og:image:type\" content=\"image\/jpeg\" \/>\n<meta name=\"twitter:card\" content=\"summary_large_image\" \/>\n<meta name=\"twitter:image\" content=\"https:\/\/imagens.3dlab.com.br\/wp-content\/uploads\/2023\/12\/18110415\/61689M2G9yL._AC_SX679_.jpg\" \/>\n<meta name=\"twitter:label1\" content=\"Est. tempo de leitura\" \/>\n\t<meta name=\"twitter:data1\" content=\"5 minutos\" \/>\n<script type=\"application\/ld+json\" class=\"yoast-schema-graph\">{\"@context\":\"https:\/\/schema.org\",\"@graph\":[{\"@type\":\"WebPage\",\"@id\":\"https:\/\/projetosddwb.com.br\/3dlab\/product\/impressora-3d-cr-10-se-envio-imediato\/\",\"url\":\"https:\/\/projetosddwb.com.br\/3dlab\/product\/impressora-3d-cr-10-se-envio-imediato\/\",\"name\":\"IMPRESSORA 3D CR-10 SE \/ ENVIO IMEDIATO! - 3D Lab\",\"isPartOf\":{\"@id\":\"https:\/\/projetosddwb.com.br\/3dlab\/#website\"},\"primaryImageOfPage\":{\"@id\":\"https:\/\/projetosddwb.com.br\/3dlab\/product\/impressora-3d-cr-10-se-envio-imediato\/#primaryimage\"},\"image\":{\"@id\":\"https:\/\/projetosddwb.com.br\/3dlab\/product\/impressora-3d-cr-10-se-envio-imediato\/#primaryimage\"},\"thumbnailUrl\":\"https:\/\/i1.wp.com\/imagens.3dlab.com.br\/wp-content\/uploads\/2023\/12\/18110415\/61689M2G9yL._AC_SX679_.jpg?resize=679&w=679\",\"datePublished\":\"2024-04-18T19:12:43+00:00\",\"dateModified\":\"2025-04-04T04:00:41+00:00\",\"description\":\"CR-10 SE \u00e9 uma impressora 3D com excelente acabamento, alcan\u00e7a at\u00e9 600 mm\/s de velocidade de impress\u00e3o e possui nivelamento 100% autom\u00e1tico. Veja mais...\",\"breadcrumb\":{\"@id\":\"https:\/\/projetosddwb.com.br\/3dlab\/product\/impressora-3d-cr-10-se-envio-imediato\/#breadcrumb\"},\"inLanguage\":\"pt-BR\",\"potentialAction\":[{\"@type\":\"ReadAction\",\"target\":[\"https:\/\/projetosddwb.com.br\/3dlab\/product\/impressora-3d-cr-10-se-envio-imediato\/\"]}]},{\"@type\":\"ImageObject\",\"inLanguage\":\"pt-BR\",\"@id\":\"https:\/\/projetosddwb.com.br\/3dlab\/product\/impressora-3d-cr-10-se-envio-imediato\/#primaryimage\",\"url\":\"https:\/\/i1.wp.com\/imagens.3dlab.com.br\/wp-content\/uploads\/2023\/12\/18110415\/61689M2G9yL._AC_SX679_.jpg?resize=679&w=679\",\"contentUrl\":\"https:\/\/i1.wp.com\/imagens.3dlab.com.br\/wp-content\/uploads\/2023\/12\/18110415\/61689M2G9yL._AC_SX679_.jpg?resize=679&w=679\",\"width\":\"679\",\"height\":\"775\"},{\"@type\":\"BreadcrumbList\",\"@id\":\"https:\/\/projetosddwb.com.br\/3dlab\/product\/impressora-3d-cr-10-se-envio-imediato\/#breadcrumb\",\"itemListElement\":[{\"@type\":\"ListItem\",\"position\":1,\"name\":\"In\u00edcio\",\"item\":\"https:\/\/projetosddwb.com.br\/3dlab\/\"},{\"@type\":\"ListItem\",\"position\":2,\"name\":\"Loja\",\"item\":\"https:\/\/projetosddwb.com.br\/3dlab\/loja\/\"},{\"@type\":\"ListItem\",\"position\":3,\"name\":\"IMPRESSORA 3D CR-10 SE \/ ENVIO-IMEDIATO\"}]},{\"@type\":\"WebSite\",\"@id\":\"https:\/\/projetosddwb.com.br\/3dlab\/#website\",\"url\":\"https:\/\/projetosddwb.com.br\/3dlab\/\",\"name\":\"3D Lab\",\"description\":\"\",\"publisher\":{\"@id\":\"https:\/\/projetosddwb.com.br\/3dlab\/#organization\"},\"potentialAction\":[{\"@type\":\"SearchAction\",\"target\":{\"@type\":\"EntryPoint\",\"urlTemplate\":\"https:\/\/projetosddwb.com.br\/3dlab\/?s={search_term_string}\"},\"query-input\":{\"@type\":\"PropertyValueSpecification\",\"valueRequired\":true,\"valueName\":\"search_term_string\"}}],\"inLanguage\":\"pt-BR\"},{\"@type\":\"Organization\",\"@id\":\"https:\/\/projetosddwb.com.br\/3dlab\/#organization\",\"name\":\"3D Lab\",\"url\":\"https:\/\/projetosddwb.com.br\/3dlab\/\",\"logo\":{\"@type\":\"ImageObject\",\"inLanguage\":\"pt-BR\",\"@id\":\"https:\/\/projetosddwb.com.br\/3dlab\/#\/schema\/logo\/image\/\",\"url\":\"https:\/\/projetosddwb.com.br\/3dlab\/wp-content\/uploads\/2025\/04\/cropped-cropped-3D_HORI_ORIGINAL-1.png\",\"contentUrl\":\"https:\/\/projetosddwb.com.br\/3dlab\/wp-content\/uploads\/2025\/04\/cropped-cropped-3D_HORI_ORIGINAL-1.png\",\"width\":597,\"height\":196,\"caption\":\"3D Lab\"},\"image\":{\"@id\":\"https:\/\/projetosddwb.com.br\/3dlab\/#\/schema\/logo\/image\/\"},\"sameAs\":[\"https:\/\/www.facebook.com\/3dlabbrasil\/?locale=pt_BR\",\"https:\/\/www.instagram.com\/3dlab_brasil\/\"]}]}<\/script>\n<!-- \/ Yoast SEO plugin. -->","yoast_head_json":{"title":"IMPRESSORA 3D CR-10 SE \/ ENVIO IMEDIATO! - 3D Lab","description":"CR-10 SE \u00e9 uma impressora 3D com excelente acabamento, alcan\u00e7a at\u00e9 600 mm\/s de velocidade de impress\u00e3o e possui nivelamento 100% autom\u00e1tico. Veja mais...","robots":{"index":"index","follow":"follow","max-snippet":"max-snippet:-1","max-image-preview":"max-image-preview:large","max-video-preview":"max-video-preview:-1"},"canonical":"https:\/\/projetosddwb.com.br\/3dlab\/product\/impressora-3d-cr-10-se-envio-imediato\/","og_locale":"pt_BR","og_type":"article","og_title":"IMPRESSORA 3D CR-10 SE \/ ENVIO IMEDIATO! - 3D Lab","og_description":"CR-10 SE \u00e9 uma impressora 3D com excelente acabamento, alcan\u00e7a at\u00e9 600 mm\/s de velocidade de impress\u00e3o e possui nivelamento 100% autom\u00e1tico. Veja mais...","og_url":"https:\/\/projetosddwb.com.br\/3dlab\/product\/impressora-3d-cr-10-se-envio-imediato\/","og_site_name":"3D Lab","article_publisher":"https:\/\/www.facebook.com\/3dlabbrasil\/?locale=pt_BR","article_modified_time":"2025-04-04T04:00:41+00:00","og_image":[{"url":"https:\/\/imagens.3dlab.com.br\/wp-content\/uploads\/2023\/12\/18110415\/61689M2G9yL._AC_SX679_.jpg","type":"","width":"","height":""},{"width":679,"height":775,"url":"https:\/\/imagens.3dlab.com.br\/wp-content\/uploads\/2023\/12\/18110415\/61689M2G9yL._AC_SX679_.jpg","type":"image\/jpeg"}],"twitter_card":"summary_large_image","twitter_image":"https:\/\/imagens.3dlab.com.br\/wp-content\/uploads\/2023\/12\/18110415\/61689M2G9yL._AC_SX679_.jpg","twitter_misc":{"Est. tempo de leitura":"5 minutos"},"schema":{"@context":"https:\/\/schema.org","@graph":[{"@type":"WebPage","@id":"https:\/\/projetosddwb.com.br\/3dlab\/product\/impressora-3d-cr-10-se-envio-imediato\/","url":"https:\/\/projetosddwb.com.br\/3dlab\/product\/impressora-3d-cr-10-se-envio-imediato\/","name":"IMPRESSORA 3D CR-10 SE \/ ENVIO IMEDIATO! - 3D Lab","isPartOf":{"@id":"https:\/\/projetosddwb.com.br\/3dlab\/#website"},"primaryImageOfPage":{"@id":"https:\/\/projetosddwb.com.br\/3dlab\/product\/impressora-3d-cr-10-se-envio-imediato\/#primaryimage"},"image":{"@id":"https:\/\/projetosddwb.com.br\/3dlab\/product\/impressora-3d-cr-10-se-envio-imediato\/#primaryimage"},"thumbnailUrl":"https:\/\/i1.wp.com\/imagens.3dlab.com.br\/wp-content\/uploads\/2023\/12\/18110415\/61689M2G9yL._AC_SX679_.jpg?resize=679&w=679","datePublished":"2024-04-18T19:12:43+00:00","dateModified":"2025-04-04T04:00:41+00:00","description":"CR-10 SE \u00e9 uma impressora 3D com excelente acabamento, alcan\u00e7a at\u00e9 600 mm\/s de velocidade de impress\u00e3o e possui nivelamento 100% autom\u00e1tico. Veja mais...","breadcrumb":{"@id":"https:\/\/projetosddwb.com.br\/3dlab\/product\/impressora-3d-cr-10-se-envio-imediato\/#breadcrumb"},"inLanguage":"pt-BR","potentialAction":[{"@type":"ReadAction","target":["https:\/\/projetosddwb.com.br\/3dlab\/product\/impressora-3d-cr-10-se-envio-imediato\/"]}]},{"@type":"ImageObject","inLanguage":"pt-BR","@id":"https:\/\/projetosddwb.com.br\/3dlab\/product\/impressora-3d-cr-10-se-envio-imediato\/#primaryimage","url":"https:\/\/i1.wp.com\/imagens.3dlab.com.br\/wp-content\/uploads\/2023\/12\/18110415\/61689M2G9yL._AC_SX679_.jpg?resize=679&w=679","contentUrl":"https:\/\/i1.wp.com\/imagens.3dlab.com.br\/wp-content\/uploads\/2023\/12\/18110415\/61689M2G9yL._AC_SX679_.jpg?resize=679&w=679","width":"679","height":"775"},{"@type":"BreadcrumbList","@id":"https:\/\/projetosddwb.com.br\/3dlab\/product\/impressora-3d-cr-10-se-envio-imediato\/#breadcrumb","itemListElement":[{"@type":"ListItem","position":1,"name":"In\u00edcio","item":"https:\/\/projetosddwb.com.br\/3dlab\/"},{"@type":"ListItem","position":2,"name":"Loja","item":"https:\/\/projetosddwb.com.br\/3dlab\/loja\/"},{"@type":"ListItem","position":3,"name":"IMPRESSORA 3D CR-10 SE \/ ENVIO-IMEDIATO"}]},{"@type":"WebSite","@id":"https:\/\/projetosddwb.com.br\/3dlab\/#website","url":"https:\/\/projetosddwb.com.br\/3dlab\/","name":"3D Lab","description":"","publisher":{"@id":"https:\/\/projetosddwb.com.br\/3dlab\/#organization"},"potentialAction":[{"@type":"SearchAction","target":{"@type":"EntryPoint","urlTemplate":"https:\/\/projetosddwb.com.br\/3dlab\/?s={search_term_string}"},"query-input":{"@type":"PropertyValueSpecification","valueRequired":true,"valueName":"search_term_string"}}],"inLanguage":"pt-BR"},{"@type":"Organization","@id":"https:\/\/projetosddwb.com.br\/3dlab\/#organization","name":"3D Lab","url":"https:\/\/projetosddwb.com.br\/3dlab\/","logo":{"@type":"ImageObject","inLanguage":"pt-BR","@id":"https:\/\/projetosddwb.com.br\/3dlab\/#\/schema\/logo\/image\/","url":"https:\/\/projetosddwb.com.br\/3dlab\/wp-content\/uploads\/2025\/04\/cropped-cropped-3D_HORI_ORIGINAL-1.png","contentUrl":"https:\/\/projetosddwb.com.br\/3dlab\/wp-content\/uploads\/2025\/04\/cropped-cropped-3D_HORI_ORIGINAL-1.png","width":597,"height":196,"caption":"3D Lab"},"image":{"@id":"https:\/\/projetosddwb.com.br\/3dlab\/#\/schema\/logo\/image\/"},"sameAs":["https:\/\/www.facebook.com\/3dlabbrasil\/?locale=pt_BR","https:\/\/www.instagram.com\/3dlab_brasil\/"]}]}},"fifu_image_url":"https:\/\/imagens.3dlab.com.br\/wp-content\/uploads\/2023\/12\/18110415\/61689M2G9yL._AC_SX679_.jpg","_links":{"self":[{"href":"https:\/\/projetosddwb.com.br\/3dlab\/wp-json\/wp\/v2\/product\/2293","targetHints":{"allow":["GET"]}}],"collection":[{"href":"https:\/\/projetosddwb.com.br\/3dlab\/wp-json\/wp\/v2\/product"}],"about":[{"href":"https:\/\/projetosddwb.com.br\/3dlab\/wp-json\/wp\/v2\/types\/product"}],"replies":[{"embeddable":true,"href":"https:\/\/projetosddwb.com.br\/3dlab\/wp-json\/wp\/v2\/comments?post=2293"}],"wp:featuredmedia":[{"embeddable":true,"href":"https:\/\/projetosddwb.com.br\/3dlab\/wp-json\/wp\/v2\/media\/29620"}],"wp:attachment":[{"href":"https:\/\/projetosddwb.com.br\/3dlab\/wp-json\/wp\/v2\/media?parent=2293"}],"wp:term":[{"taxonomy":"product_brand","embeddable":true,"href":"https:\/\/projetosddwb.com.br\/3dlab\/wp-json\/wp\/v2\/product_brand?post=2293"},{"taxonomy":"product_cat","embeddable":true,"href":"https:\/\/projetosddwb.com.br\/3dlab\/wp-json\/wp\/v2\/product_cat?post=2293"},{"taxonomy":"product_tag","embeddable":true,"href":"https:\/\/projetosddwb.com.br\/3dlab\/wp-json\/wp\/v2\/product_tag?post=2293"}],"curies":[{"name":"wp","href":"https:\/\/api.w.org\/{rel}","templated":true}]}}