{"id":721,"date":"2024-04-18T10:29:19","date_gmt":"2024-04-18T13:29:19","guid":{"rendered":"https:\/\/projetosddwb.com.br\/3dlab\/?post_type=product&amp;p=721"},"modified":"2024-04-18T10:29:19","modified_gmt":"2024-04-18T13:29:19","slug":"rolamento-linear-com-flange-lmk8luu","status":"publish","type":"product","link":"https:\/\/projetosddwb.com.br\/3dlab\/product\/rolamento-linear-com-flange-lmk8luu\/","title":{"rendered":"Rolamento linear com flange LMK8LUU"},"content":{"rendered":"<p style=\"text-align: justify\"><strong>Rolamento linear flangeado LMK8UU <\/strong><\/p>\n<p style=\"text-align: justify\">Movimento\u00a0suave, baixo atrito, alta rigidez e longa vida \u00fatil.<\/p>\n<p style=\"text-align: justify\">Econ\u00f4mico, f\u00e1cil de manter e substituir.<\/p>\n<p style=\"text-align: justify\">Material de\u00a0Rolamento Linear\u00a0: A\u00e7o Inoxid\u00e1vel e Retentor de Nylon.<\/p>\n<p style=\"text-align: justify\">Di\u00e2metro Interno: 8mm \/ 0.31 &#8220;<\/p>\n<p style=\"text-align: justify\">Di\u00e2metro Externo: 15mm \/ 0.6&#8243;<\/p>\n<p style=\"text-align: justify\">Comprimento: 24mm \/ 0.94 &#8220;<\/p>\n","protected":false},"excerpt":{"rendered":"<p style=\"text-align: justify\">Rolamento linear flangeado LMK8UU<\/p>\n<p style=\"text-align: justify\">Movimento\u00a0suave, baixo atrito, alta rigidez e longa vida \u00fatil.<\/p>\n<p style=\"text-align: justify\">Econ\u00f4mico, f\u00e1cil de manter e substituir.<\/p>\n<p style=\"text-align: justify\">Material de\u00a0Rolamento Linear\u00a0: A\u00e7o Inoxid\u00e1vel e Retentor de Nylon.<\/p>\n<p style=\"text-align: justify\">Di\u00e2metro Interno: 8mm \/ 0.31 &#8220;<\/p>\n<p style=\"text-align: justify\">Di\u00e2metro Externo: 15mm \/ 0.6&#8243;<\/p>\n<p style=\"text-align: justify\">Comprimento: 24mm \/ 0.94 &#8220;<\/p>\n<p style=\"text-align: justify\"><em>**A promo\u00e7\u00e3o de Frete Gr\u00e1tis acima de R$400,00 em compras n\u00e3o \u00e9 v\u00e1lida com a aplica\u00e7\u00e3o do cupom de desconto.**<\/em><\/p>\n","protected":false},"featured_media":754,"comment_status":"closed","ping_status":"closed","template":"","meta":[],"product_brand":[],"product_cat":[277],"product_tag":[],"class_list":{"0":"post-721","1":"product","2":"type-product","3":"status-publish","4":"has-post-thumbnail","6":"product_cat-pecas-e-acessorios","7":"product_shipping_class-pecas-e-acessorios","9":"first","10":"outofstock","11":"shipping-taxable","12":"purchasable","13":"product-type-simple"},"yoast_head":"<!-- This site is optimized with the Yoast SEO plugin v24.8.1 - https:\/\/yoast.com\/wordpress\/plugins\/seo\/ -->\n<title>Rolamento linear com flange LMK8LUU - 3D Lab<\/title>\n<meta name=\"robots\" content=\"index, follow, max-snippet:-1, max-image-preview:large, max-video-preview:-1\" \/>\n<link rel=\"canonical\" href=\"https:\/\/projetosddwb.com.br\/3dlab\/product\/rolamento-linear-com-flange-lmk8luu\/\" \/>\n<meta property=\"og:locale\" content=\"pt_BR\" \/>\n<meta property=\"og:type\" content=\"article\" \/>\n<meta property=\"og:title\" content=\"Rolamento linear com flange LMK8LUU - 3D Lab\" \/>\n<meta property=\"og:description\" content=\"Rolamento linear flangeado LMK8UU Movimento\u00a0suave, baixo atrito, alta rigidez e longa vida \u00fatil. Econ\u00f4mico, f\u00e1cil de manter e substituir. Material de\u00a0Rolamento Linear\u00a0: A\u00e7o Inoxid\u00e1vel e Retentor de Nylon. Di\u00e2metro Interno: 8mm \/ 0.31 &quot; Di\u00e2metro Externo: 15mm \/ 0.6&quot; Comprimento: 24mm \/ 0.94 &quot; **A promo\u00e7\u00e3o de Frete Gr\u00e1tis acima de R$400,00 em compras n\u00e3o \u00e9 v\u00e1lida com a aplica\u00e7\u00e3o do cupom de desconto.**\" \/>\n<meta property=\"og:url\" content=\"https:\/\/projetosddwb.com.br\/3dlab\/product\/rolamento-linear-com-flange-lmk8luu\/\" \/>\n<meta property=\"og:site_name\" content=\"3D Lab\" \/>\n<meta property=\"article:publisher\" content=\"https:\/\/www.facebook.com\/3dlabbrasil\/?locale=pt_BR\" \/>\n<meta name=\"twitter:card\" content=\"summary_large_image\" \/>\n<script type=\"application\/ld+json\" class=\"yoast-schema-graph\">{\"@context\":\"https:\/\/schema.org\",\"@graph\":[{\"@type\":\"WebPage\",\"@id\":\"https:\/\/projetosddwb.com.br\/3dlab\/product\/rolamento-linear-com-flange-lmk8luu\/\",\"url\":\"https:\/\/projetosddwb.com.br\/3dlab\/product\/rolamento-linear-com-flange-lmk8luu\/\",\"name\":\"Rolamento linear com flange LMK8LUU - 3D Lab\",\"isPartOf\":{\"@id\":\"https:\/\/projetosddwb.com.br\/3dlab\/#website\"},\"primaryImageOfPage\":{\"@id\":\"https:\/\/projetosddwb.com.br\/3dlab\/product\/rolamento-linear-com-flange-lmk8luu\/#primaryimage\"},\"image\":{\"@id\":\"https:\/\/projetosddwb.com.br\/3dlab\/product\/rolamento-linear-com-flange-lmk8luu\/#primaryimage\"},\"thumbnailUrl\":\"\",\"datePublished\":\"2024-04-18T13:29:19+00:00\",\"breadcrumb\":{\"@id\":\"https:\/\/projetosddwb.com.br\/3dlab\/product\/rolamento-linear-com-flange-lmk8luu\/#breadcrumb\"},\"inLanguage\":\"pt-BR\",\"potentialAction\":[{\"@type\":\"ReadAction\",\"target\":[\"https:\/\/projetosddwb.com.br\/3dlab\/product\/rolamento-linear-com-flange-lmk8luu\/\"]}]},{\"@type\":\"ImageObject\",\"inLanguage\":\"pt-BR\",\"@id\":\"https:\/\/projetosddwb.com.br\/3dlab\/product\/rolamento-linear-com-flange-lmk8luu\/#primaryimage\",\"url\":\"\",\"contentUrl\":\"\"},{\"@type\":\"BreadcrumbList\",\"@id\":\"https:\/\/projetosddwb.com.br\/3dlab\/product\/rolamento-linear-com-flange-lmk8luu\/#breadcrumb\",\"itemListElement\":[{\"@type\":\"ListItem\",\"position\":1,\"name\":\"In\u00edcio\",\"item\":\"https:\/\/projetosddwb.com.br\/3dlab\/\"},{\"@type\":\"ListItem\",\"position\":2,\"name\":\"Loja\",\"item\":\"https:\/\/projetosddwb.com.br\/3dlab\/loja\/\"},{\"@type\":\"ListItem\",\"position\":3,\"name\":\"Rolamento linear com flange LMK8LUU\"}]},{\"@type\":\"WebSite\",\"@id\":\"https:\/\/projetosddwb.com.br\/3dlab\/#website\",\"url\":\"https:\/\/projetosddwb.com.br\/3dlab\/\",\"name\":\"3D Lab\",\"description\":\"\",\"publisher\":{\"@id\":\"https:\/\/projetosddwb.com.br\/3dlab\/#organization\"},\"potentialAction\":[{\"@type\":\"SearchAction\",\"target\":{\"@type\":\"EntryPoint\",\"urlTemplate\":\"https:\/\/projetosddwb.com.br\/3dlab\/?s={search_term_string}\"},\"query-input\":{\"@type\":\"PropertyValueSpecification\",\"valueRequired\":true,\"valueName\":\"search_term_string\"}}],\"inLanguage\":\"pt-BR\"},{\"@type\":\"Organization\",\"@id\":\"https:\/\/projetosddwb.com.br\/3dlab\/#organization\",\"name\":\"3D Lab\",\"url\":\"https:\/\/projetosddwb.com.br\/3dlab\/\",\"logo\":{\"@type\":\"ImageObject\",\"inLanguage\":\"pt-BR\",\"@id\":\"https:\/\/projetosddwb.com.br\/3dlab\/#\/schema\/logo\/image\/\",\"url\":\"https:\/\/projetosddwb.com.br\/3dlab\/wp-content\/uploads\/2025\/04\/cropped-cropped-3D_HORI_ORIGINAL-1.png\",\"contentUrl\":\"https:\/\/projetosddwb.com.br\/3dlab\/wp-content\/uploads\/2025\/04\/cropped-cropped-3D_HORI_ORIGINAL-1.png\",\"width\":597,\"height\":196,\"caption\":\"3D Lab\"},\"image\":{\"@id\":\"https:\/\/projetosddwb.com.br\/3dlab\/#\/schema\/logo\/image\/\"},\"sameAs\":[\"https:\/\/www.facebook.com\/3dlabbrasil\/?locale=pt_BR\",\"https:\/\/www.instagram.com\/3dlab_brasil\/\"]}]}<\/script>\n<!-- \/ Yoast SEO plugin. -->","yoast_head_json":{"title":"Rolamento linear com flange LMK8LUU - 3D Lab","robots":{"index":"index","follow":"follow","max-snippet":"max-snippet:-1","max-image-preview":"max-image-preview:large","max-video-preview":"max-video-preview:-1"},"canonical":"https:\/\/projetosddwb.com.br\/3dlab\/product\/rolamento-linear-com-flange-lmk8luu\/","og_locale":"pt_BR","og_type":"article","og_title":"Rolamento linear com flange LMK8LUU - 3D Lab","og_description":"Rolamento linear flangeado LMK8UU Movimento\u00a0suave, baixo atrito, alta rigidez e longa vida \u00fatil. Econ\u00f4mico, f\u00e1cil de manter e substituir. Material de\u00a0Rolamento Linear\u00a0: A\u00e7o Inoxid\u00e1vel e Retentor de Nylon. Di\u00e2metro Interno: 8mm \/ 0.31 \" Di\u00e2metro Externo: 15mm \/ 0.6\" Comprimento: 24mm \/ 0.94 \" **A promo\u00e7\u00e3o de Frete Gr\u00e1tis acima de R$400,00 em compras n\u00e3o \u00e9 v\u00e1lida com a aplica\u00e7\u00e3o do cupom de desconto.**","og_url":"https:\/\/projetosddwb.com.br\/3dlab\/product\/rolamento-linear-com-flange-lmk8luu\/","og_site_name":"3D Lab","article_publisher":"https:\/\/www.facebook.com\/3dlabbrasil\/?locale=pt_BR","twitter_card":"summary_large_image","schema":{"@context":"https:\/\/schema.org","@graph":[{"@type":"WebPage","@id":"https:\/\/projetosddwb.com.br\/3dlab\/product\/rolamento-linear-com-flange-lmk8luu\/","url":"https:\/\/projetosddwb.com.br\/3dlab\/product\/rolamento-linear-com-flange-lmk8luu\/","name":"Rolamento linear com flange LMK8LUU - 3D Lab","isPartOf":{"@id":"https:\/\/projetosddwb.com.br\/3dlab\/#website"},"primaryImageOfPage":{"@id":"https:\/\/projetosddwb.com.br\/3dlab\/product\/rolamento-linear-com-flange-lmk8luu\/#primaryimage"},"image":{"@id":"https:\/\/projetosddwb.com.br\/3dlab\/product\/rolamento-linear-com-flange-lmk8luu\/#primaryimage"},"thumbnailUrl":"","datePublished":"2024-04-18T13:29:19+00:00","breadcrumb":{"@id":"https:\/\/projetosddwb.com.br\/3dlab\/product\/rolamento-linear-com-flange-lmk8luu\/#breadcrumb"},"inLanguage":"pt-BR","potentialAction":[{"@type":"ReadAction","target":["https:\/\/projetosddwb.com.br\/3dlab\/product\/rolamento-linear-com-flange-lmk8luu\/"]}]},{"@type":"ImageObject","inLanguage":"pt-BR","@id":"https:\/\/projetosddwb.com.br\/3dlab\/product\/rolamento-linear-com-flange-lmk8luu\/#primaryimage","url":"","contentUrl":""},{"@type":"BreadcrumbList","@id":"https:\/\/projetosddwb.com.br\/3dlab\/product\/rolamento-linear-com-flange-lmk8luu\/#breadcrumb","itemListElement":[{"@type":"ListItem","position":1,"name":"In\u00edcio","item":"https:\/\/projetosddwb.com.br\/3dlab\/"},{"@type":"ListItem","position":2,"name":"Loja","item":"https:\/\/projetosddwb.com.br\/3dlab\/loja\/"},{"@type":"ListItem","position":3,"name":"Rolamento linear com flange LMK8LUU"}]},{"@type":"WebSite","@id":"https:\/\/projetosddwb.com.br\/3dlab\/#website","url":"https:\/\/projetosddwb.com.br\/3dlab\/","name":"3D Lab","description":"","publisher":{"@id":"https:\/\/projetosddwb.com.br\/3dlab\/#organization"},"potentialAction":[{"@type":"SearchAction","target":{"@type":"EntryPoint","urlTemplate":"https:\/\/projetosddwb.com.br\/3dlab\/?s={search_term_string}"},"query-input":{"@type":"PropertyValueSpecification","valueRequired":true,"valueName":"search_term_string"}}],"inLanguage":"pt-BR"},{"@type":"Organization","@id":"https:\/\/projetosddwb.com.br\/3dlab\/#organization","name":"3D Lab","url":"https:\/\/projetosddwb.com.br\/3dlab\/","logo":{"@type":"ImageObject","inLanguage":"pt-BR","@id":"https:\/\/projetosddwb.com.br\/3dlab\/#\/schema\/logo\/image\/","url":"https:\/\/projetosddwb.com.br\/3dlab\/wp-content\/uploads\/2025\/04\/cropped-cropped-3D_HORI_ORIGINAL-1.png","contentUrl":"https:\/\/projetosddwb.com.br\/3dlab\/wp-content\/uploads\/2025\/04\/cropped-cropped-3D_HORI_ORIGINAL-1.png","width":597,"height":196,"caption":"3D Lab"},"image":{"@id":"https:\/\/projetosddwb.com.br\/3dlab\/#\/schema\/logo\/image\/"},"sameAs":["https:\/\/www.facebook.com\/3dlabbrasil\/?locale=pt_BR","https:\/\/www.instagram.com\/3dlab_brasil\/"]}]}},"_links":{"self":[{"href":"https:\/\/projetosddwb.com.br\/3dlab\/wp-json\/wp\/v2\/product\/721","targetHints":{"allow":["GET"]}}],"collection":[{"href":"https:\/\/projetosddwb.com.br\/3dlab\/wp-json\/wp\/v2\/product"}],"about":[{"href":"https:\/\/projetosddwb.com.br\/3dlab\/wp-json\/wp\/v2\/types\/product"}],"replies":[{"embeddable":true,"href":"https:\/\/projetosddwb.com.br\/3dlab\/wp-json\/wp\/v2\/comments?post=721"}],"wp:featuredmedia":[{"embeddable":true,"href":"https:\/\/projetosddwb.com.br\/3dlab\/wp-json\/wp\/v2\/cpt_services\/754"}],"wp:attachment":[{"href":"https:\/\/projetosddwb.com.br\/3dlab\/wp-json\/wp\/v2\/media?parent=721"}],"wp:term":[{"taxonomy":"product_brand","embeddable":true,"href":"https:\/\/projetosddwb.com.br\/3dlab\/wp-json\/wp\/v2\/product_brand?post=721"},{"taxonomy":"product_cat","embeddable":true,"href":"https:\/\/projetosddwb.com.br\/3dlab\/wp-json\/wp\/v2\/product_cat?post=721"},{"taxonomy":"product_tag","embeddable":true,"href":"https:\/\/projetosddwb.com.br\/3dlab\/wp-json\/wp\/v2\/product_tag?post=721"}],"curies":[{"name":"wp","href":"https:\/\/api.w.org\/{rel}","templated":true}]}}