{"id":918,"date":"2024-04-18T11:19:50","date_gmt":"2024-04-18T14:19:50","guid":{"rendered":"https:\/\/projetosddwb.com.br\/3dlab\/?post_type=product&amp;p=918"},"modified":"2024-04-18T11:19:50","modified_gmt":"2024-04-18T14:19:50","slug":"impressora-3d-ender-5-plus","status":"publish","type":"product","link":"https:\/\/projetosddwb.com.br\/3dlab\/product\/impressora-3d-ender-5-plus\/","title":{"rendered":"Impressora 3D Ender 5 PLUS"},"content":{"rendered":"<h2 style=\"text-align: justify;\"><strong>Ender 5 Plus &#8211; Grande \u00e1rea de impress\u00e3o para seus projetos!<\/strong><\/h2>\n<div>\n<p>A Ender 5 Plus possibilita a sua imagina\u00e7\u00e3o sem limites de tamanho!<\/p>\n<p>Com essa m\u00e1quina a sua imagina\u00e7\u00e3o pode voar muito mais! Com seu volume \u00fatil de impress\u00e3o \u00e9 poss\u00edvel produzir pe\u00e7as grandes com excelente custo-benef\u00edcio e podendo agregar muito valor.<\/p>\n<p>Temos a m\u00e1quina dispon\u00edvel a pronta-entrega para voc\u00ea<\/p>\n<\/div>\n<div>\n<p><b>Especifica\u00e7\u00f5es t\u00e9cnicas<\/b><\/p>\n<ul>\n<li>Nivelamento autom\u00e1tico com BL Touch<\/li>\n<li>Fonte de alimenta\u00e7\u00e3o: Mean Well Fonte de alimenta\u00e7\u00e3o certificada pela UL;<\/li>\n<li>Tamanho da impress\u00e3o: 350x350x400mm;<\/li>\n<li>Tamanho da m\u00e1quina: 632x666x619mm;<\/li>\n<li>Peso da embalagem: 23,8 kg;<\/li>\n<li>Filamento: 1,75mm PLA, PETG, Flex\u00edvel, Wood;<\/li>\n<li>Input:100-240V AC;Output:DC 24V 21A;Max25A;<\/li>\n<li>Di\u00e2metro do bico: 0,4 mm;<\/li>\n<li>Precis\u00e3o: \u00b1 0,1 mm;<\/li>\n<li>Formato do arquivo: OBJ, G-Code, STL;<\/li>\n<li>Modo de trabalho: cabo USB (n\u00e3o inclu\u00eddo) compat\u00edvel on-line ou micro- SD (off-line);<\/li>\n<li>Temperatura: 260 \u2103;<\/li>\n<li>Temperatura m\u00e1xima da mesa: 110 \u2103.<\/li>\n<\/ul>\n<p>Compre agora no Brasil! Produto novo enviado <strong style=\"text-align: justify;\">desmontado<\/strong><span style=\"text-align: justify;\">. Enviamos as impressoras diretamente de Minas Gerais e voc\u00ea n\u00e3o precisa se preocupar com taxas de importa\u00e7\u00e3o.<\/span><\/p>\n<div style=\"text-align: justify;\">S\u00f3 aqui na 3D Lab voc\u00ea conseguir\u00e1 adquirir esta m\u00e1quina com garantia de 6 meses!<\/div>\n<div><\/div>\n<\/div>\n<div>\n<h2><strong>Leia o nosso conte\u00fado t\u00e9cnico sobre a Ender 5 Plus e suas vantagens! <\/strong><a href=\"https:\/\/3dlab.com.br\/ender-5-plus-creality\/\" target=\"_blank\" rel=\"noopener\">LER AGORA!<\/a><\/h2>\n<\/div>\n<div>\n<div><\/div>\n<div><img fetchpriority=\"high\" decoding=\"async\" class=\"alignnone wp-image-133509 size-full\" src=\"https:\/\/3dlab.com.br\/wp-content\/uploads\/2020\/06\/Copia-de-Spider-Hotend-Pro-Alta-Temperatura-e-Alto-Fluxo-1500-\u00d7-1080-px.png\" alt=\"ender 5 plus\" width=\"1500\" height=\"1080\" \/><img decoding=\"async\" class=\"alignnone wp-image-133510 size-full\" src=\"https:\/\/3dlab.com.br\/wp-content\/uploads\/2020\/06\/21.png\" alt=\"ender 5 plus\" width=\"1500\" height=\"1080\" \/><\/div>\n<div><img decoding=\"async\" class=\"alignnone wp-image-133511 size-full\" src=\"https:\/\/3dlab.com.br\/wp-content\/uploads\/2020\/06\/41.png\" alt=\"ender 5 plus\" width=\"1500\" height=\"1080\" \/> <img loading=\"lazy\" decoding=\"async\" class=\"alignnone wp-image-133512 size-full\" src=\"https:\/\/3dlab.com.br\/wp-content\/uploads\/2020\/06\/5-1.png\" alt=\"\" width=\"1500\" height=\"1080\" \/><\/div>\n<\/div>\n<h2>V\u00eddeo demonstrativo de como montar a m\u00e1quina:<\/h2>\n<p><iframe title=\"Creality Ender-5 Plus Unboxing Build and Set Up!\" width=\"1290\" height=\"726\" src=\"https:\/\/www.youtube.com\/embed\/PujVuFZwVJg?feature=oembed\" frameborder=\"0\" allow=\"accelerometer; autoplay; clipboard-write; encrypted-media; gyroscope; picture-in-picture; web-share\" referrerpolicy=\"strict-origin-when-cross-origin\" allowfullscreen><\/iframe><\/p>\n","protected":false},"excerpt":{"rendered":"<p>Ender 5 Plus &#8211; Grande \u00e1rea de impress\u00e3o para seus projetos! A Ender 5 Plus possibilita a sua imagina\u00e7\u00e3o sem limites de tamanho! Com essa m\u00e1quina a sua imagina\u00e7\u00e3o pode&hellip;<\/p>\n","protected":false},"featured_media":936,"comment_status":"open","ping_status":"closed","template":"","meta":[],"product_brand":[],"product_cat":[306,453,280,308],"product_tag":[452,454],"class_list":{"0":"post-918","1":"product","2":"type-product","3":"status-publish","4":"has-post-thumbnail","6":"product_cat-creality","7":"product_cat-impressora-3d-de-filamento","8":"product_cat-impressoras-3d","9":"product_cat-impressoras-e-filamentos","10":"product_tag-ender-5-plus","11":"product_tag-impressoras-3d","12":"product_shipping_class-impressoras-c-frete","14":"first","15":"outofstock","16":"sale","17":"purchasable","18":"product-type-simple"},"yoast_head":"<!-- This site is optimized with the Yoast SEO plugin v24.8.1 - https:\/\/yoast.com\/wordpress\/plugins\/seo\/ -->\n<title>Impressora 3D Ender 5 PLUS - 3D Lab<\/title>\n<meta name=\"robots\" content=\"index, follow, max-snippet:-1, max-image-preview:large, max-video-preview:-1\" \/>\n<link rel=\"canonical\" href=\"https:\/\/projetosddwb.com.br\/3dlab\/product\/impressora-3d-ender-5-plus\/\" \/>\n<meta property=\"og:locale\" content=\"pt_BR\" \/>\n<meta property=\"og:type\" content=\"article\" \/>\n<meta property=\"og:title\" content=\"Impressora 3D Ender 5 PLUS - 3D Lab\" \/>\n<meta property=\"og:description\" content=\"Ender 5 Plus &#8211; Grande \u00e1rea de impress\u00e3o para seus projetos! A Ender 5 Plus possibilita a sua imagina\u00e7\u00e3o sem limites de tamanho! Com essa m\u00e1quina a sua imagina\u00e7\u00e3o pode&hellip;\" \/>\n<meta property=\"og:url\" content=\"https:\/\/projetosddwb.com.br\/3dlab\/product\/impressora-3d-ender-5-plus\/\" \/>\n<meta property=\"og:site_name\" content=\"3D Lab\" \/>\n<meta property=\"article:publisher\" content=\"https:\/\/www.facebook.com\/3dlabbrasil\/?locale=pt_BR\" \/>\n<meta property=\"og:image\" content=\"https:\/\/3dlab.com.br\/wp-content\/uploads\/2020\/06\/21.png\" \/>\n<meta name=\"twitter:card\" content=\"summary_large_image\" \/>\n<meta name=\"twitter:label1\" content=\"Est. tempo de leitura\" \/>\n\t<meta name=\"twitter:data1\" content=\"1 minuto\" \/>\n<script type=\"application\/ld+json\" class=\"yoast-schema-graph\">{\"@context\":\"https:\/\/schema.org\",\"@graph\":[{\"@type\":\"WebPage\",\"@id\":\"https:\/\/projetosddwb.com.br\/3dlab\/product\/impressora-3d-ender-5-plus\/\",\"url\":\"https:\/\/projetosddwb.com.br\/3dlab\/product\/impressora-3d-ender-5-plus\/\",\"name\":\"Impressora 3D Ender 5 PLUS - 3D Lab\",\"isPartOf\":{\"@id\":\"https:\/\/projetosddwb.com.br\/3dlab\/#website\"},\"primaryImageOfPage\":{\"@id\":\"https:\/\/projetosddwb.com.br\/3dlab\/product\/impressora-3d-ender-5-plus\/#primaryimage\"},\"image\":{\"@id\":\"https:\/\/projetosddwb.com.br\/3dlab\/product\/impressora-3d-ender-5-plus\/#primaryimage\"},\"thumbnailUrl\":\"\",\"datePublished\":\"2024-04-18T14:19:50+00:00\",\"breadcrumb\":{\"@id\":\"https:\/\/projetosddwb.com.br\/3dlab\/product\/impressora-3d-ender-5-plus\/#breadcrumb\"},\"inLanguage\":\"pt-BR\",\"potentialAction\":[{\"@type\":\"ReadAction\",\"target\":[\"https:\/\/projetosddwb.com.br\/3dlab\/product\/impressora-3d-ender-5-plus\/\"]}]},{\"@type\":\"ImageObject\",\"inLanguage\":\"pt-BR\",\"@id\":\"https:\/\/projetosddwb.com.br\/3dlab\/product\/impressora-3d-ender-5-plus\/#primaryimage\",\"url\":\"\",\"contentUrl\":\"\"},{\"@type\":\"BreadcrumbList\",\"@id\":\"https:\/\/projetosddwb.com.br\/3dlab\/product\/impressora-3d-ender-5-plus\/#breadcrumb\",\"itemListElement\":[{\"@type\":\"ListItem\",\"position\":1,\"name\":\"In\u00edcio\",\"item\":\"https:\/\/projetosddwb.com.br\/3dlab\/\"},{\"@type\":\"ListItem\",\"position\":2,\"name\":\"Loja\",\"item\":\"https:\/\/projetosddwb.com.br\/3dlab\/loja\/\"},{\"@type\":\"ListItem\",\"position\":3,\"name\":\"Impressora 3D Ender 5 PLUS\"}]},{\"@type\":\"WebSite\",\"@id\":\"https:\/\/projetosddwb.com.br\/3dlab\/#website\",\"url\":\"https:\/\/projetosddwb.com.br\/3dlab\/\",\"name\":\"3D Lab\",\"description\":\"\",\"publisher\":{\"@id\":\"https:\/\/projetosddwb.com.br\/3dlab\/#organization\"},\"potentialAction\":[{\"@type\":\"SearchAction\",\"target\":{\"@type\":\"EntryPoint\",\"urlTemplate\":\"https:\/\/projetosddwb.com.br\/3dlab\/?s={search_term_string}\"},\"query-input\":{\"@type\":\"PropertyValueSpecification\",\"valueRequired\":true,\"valueName\":\"search_term_string\"}}],\"inLanguage\":\"pt-BR\"},{\"@type\":\"Organization\",\"@id\":\"https:\/\/projetosddwb.com.br\/3dlab\/#organization\",\"name\":\"3D Lab\",\"url\":\"https:\/\/projetosddwb.com.br\/3dlab\/\",\"logo\":{\"@type\":\"ImageObject\",\"inLanguage\":\"pt-BR\",\"@id\":\"https:\/\/projetosddwb.com.br\/3dlab\/#\/schema\/logo\/image\/\",\"url\":\"https:\/\/projetosddwb.com.br\/3dlab\/wp-content\/uploads\/2025\/04\/cropped-cropped-3D_HORI_ORIGINAL-1.png\",\"contentUrl\":\"https:\/\/projetosddwb.com.br\/3dlab\/wp-content\/uploads\/2025\/04\/cropped-cropped-3D_HORI_ORIGINAL-1.png\",\"width\":597,\"height\":196,\"caption\":\"3D Lab\"},\"image\":{\"@id\":\"https:\/\/projetosddwb.com.br\/3dlab\/#\/schema\/logo\/image\/\"},\"sameAs\":[\"https:\/\/www.facebook.com\/3dlabbrasil\/?locale=pt_BR\",\"https:\/\/www.instagram.com\/3dlab_brasil\/\"]}]}<\/script>\n<!-- \/ Yoast SEO plugin. -->","yoast_head_json":{"title":"Impressora 3D Ender 5 PLUS - 3D Lab","robots":{"index":"index","follow":"follow","max-snippet":"max-snippet:-1","max-image-preview":"max-image-preview:large","max-video-preview":"max-video-preview:-1"},"canonical":"https:\/\/projetosddwb.com.br\/3dlab\/product\/impressora-3d-ender-5-plus\/","og_locale":"pt_BR","og_type":"article","og_title":"Impressora 3D Ender 5 PLUS - 3D Lab","og_description":"Ender 5 Plus &#8211; Grande \u00e1rea de impress\u00e3o para seus projetos! A Ender 5 Plus possibilita a sua imagina\u00e7\u00e3o sem limites de tamanho! Com essa m\u00e1quina a sua imagina\u00e7\u00e3o pode&hellip;","og_url":"https:\/\/projetosddwb.com.br\/3dlab\/product\/impressora-3d-ender-5-plus\/","og_site_name":"3D Lab","article_publisher":"https:\/\/www.facebook.com\/3dlabbrasil\/?locale=pt_BR","og_image":[{"url":"https:\/\/3dlab.com.br\/wp-content\/uploads\/2020\/06\/21.png","type":"","width":"","height":""}],"twitter_card":"summary_large_image","twitter_misc":{"Est. tempo de leitura":"1 minuto"},"schema":{"@context":"https:\/\/schema.org","@graph":[{"@type":"WebPage","@id":"https:\/\/projetosddwb.com.br\/3dlab\/product\/impressora-3d-ender-5-plus\/","url":"https:\/\/projetosddwb.com.br\/3dlab\/product\/impressora-3d-ender-5-plus\/","name":"Impressora 3D Ender 5 PLUS - 3D Lab","isPartOf":{"@id":"https:\/\/projetosddwb.com.br\/3dlab\/#website"},"primaryImageOfPage":{"@id":"https:\/\/projetosddwb.com.br\/3dlab\/product\/impressora-3d-ender-5-plus\/#primaryimage"},"image":{"@id":"https:\/\/projetosddwb.com.br\/3dlab\/product\/impressora-3d-ender-5-plus\/#primaryimage"},"thumbnailUrl":"","datePublished":"2024-04-18T14:19:50+00:00","breadcrumb":{"@id":"https:\/\/projetosddwb.com.br\/3dlab\/product\/impressora-3d-ender-5-plus\/#breadcrumb"},"inLanguage":"pt-BR","potentialAction":[{"@type":"ReadAction","target":["https:\/\/projetosddwb.com.br\/3dlab\/product\/impressora-3d-ender-5-plus\/"]}]},{"@type":"ImageObject","inLanguage":"pt-BR","@id":"https:\/\/projetosddwb.com.br\/3dlab\/product\/impressora-3d-ender-5-plus\/#primaryimage","url":"","contentUrl":""},{"@type":"BreadcrumbList","@id":"https:\/\/projetosddwb.com.br\/3dlab\/product\/impressora-3d-ender-5-plus\/#breadcrumb","itemListElement":[{"@type":"ListItem","position":1,"name":"In\u00edcio","item":"https:\/\/projetosddwb.com.br\/3dlab\/"},{"@type":"ListItem","position":2,"name":"Loja","item":"https:\/\/projetosddwb.com.br\/3dlab\/loja\/"},{"@type":"ListItem","position":3,"name":"Impressora 3D Ender 5 PLUS"}]},{"@type":"WebSite","@id":"https:\/\/projetosddwb.com.br\/3dlab\/#website","url":"https:\/\/projetosddwb.com.br\/3dlab\/","name":"3D Lab","description":"","publisher":{"@id":"https:\/\/projetosddwb.com.br\/3dlab\/#organization"},"potentialAction":[{"@type":"SearchAction","target":{"@type":"EntryPoint","urlTemplate":"https:\/\/projetosddwb.com.br\/3dlab\/?s={search_term_string}"},"query-input":{"@type":"PropertyValueSpecification","valueRequired":true,"valueName":"search_term_string"}}],"inLanguage":"pt-BR"},{"@type":"Organization","@id":"https:\/\/projetosddwb.com.br\/3dlab\/#organization","name":"3D Lab","url":"https:\/\/projetosddwb.com.br\/3dlab\/","logo":{"@type":"ImageObject","inLanguage":"pt-BR","@id":"https:\/\/projetosddwb.com.br\/3dlab\/#\/schema\/logo\/image\/","url":"https:\/\/projetosddwb.com.br\/3dlab\/wp-content\/uploads\/2025\/04\/cropped-cropped-3D_HORI_ORIGINAL-1.png","contentUrl":"https:\/\/projetosddwb.com.br\/3dlab\/wp-content\/uploads\/2025\/04\/cropped-cropped-3D_HORI_ORIGINAL-1.png","width":597,"height":196,"caption":"3D Lab"},"image":{"@id":"https:\/\/projetosddwb.com.br\/3dlab\/#\/schema\/logo\/image\/"},"sameAs":["https:\/\/www.facebook.com\/3dlabbrasil\/?locale=pt_BR","https:\/\/www.instagram.com\/3dlab_brasil\/"]}]}},"_links":{"self":[{"href":"https:\/\/projetosddwb.com.br\/3dlab\/wp-json\/wp\/v2\/product\/918","targetHints":{"allow":["GET"]}}],"collection":[{"href":"https:\/\/projetosddwb.com.br\/3dlab\/wp-json\/wp\/v2\/product"}],"about":[{"href":"https:\/\/projetosddwb.com.br\/3dlab\/wp-json\/wp\/v2\/types\/product"}],"replies":[{"embeddable":true,"href":"https:\/\/projetosddwb.com.br\/3dlab\/wp-json\/wp\/v2\/comments?post=918"}],"wp:featuredmedia":[{"embeddable":true,"href":"https:\/\/projetosddwb.com.br\/3dlab\/wp-json\/"}],"wp:attachment":[{"href":"https:\/\/projetosddwb.com.br\/3dlab\/wp-json\/wp\/v2\/media?parent=918"}],"wp:term":[{"taxonomy":"product_brand","embeddable":true,"href":"https:\/\/projetosddwb.com.br\/3dlab\/wp-json\/wp\/v2\/product_brand?post=918"},{"taxonomy":"product_cat","embeddable":true,"href":"https:\/\/projetosddwb.com.br\/3dlab\/wp-json\/wp\/v2\/product_cat?post=918"},{"taxonomy":"product_tag","embeddable":true,"href":"https:\/\/projetosddwb.com.br\/3dlab\/wp-json\/wp\/v2\/product_tag?post=918"}],"curies":[{"name":"wp","href":"https:\/\/api.w.org\/{rel}","templated":true}]}}