{"id":15,"date":"2024-10-24T04:00:59","date_gmt":"2024-10-24T04:00:59","guid":{"rendered":"https:\/\/projetosddwb.com.br\/coopermoto\/?page_id=15"},"modified":"2026-01-12T19:28:56","modified_gmt":"2026-01-12T19:28:56","slug":"diferenciais","status":"publish","type":"page","link":"https:\/\/projetosddwb.com.br\/coopermoto\/diferenciais\/","title":{"rendered":"DIFERENCIAIS"},"content":{"rendered":"\t\t<div data-elementor-type=\"wp-page\" data-elementor-id=\"15\" class=\"elementor elementor-15\" data-elementor-post-type=\"page\">\n\t\t\t\t<div class=\"elementor-element elementor-element-747940e6 e-flex e-con-boxed e-con e-parent\" data-id=\"747940e6\" data-element_type=\"container\" data-e-type=\"container\" data-settings=\"{&quot;background_background&quot;:&quot;classic&quot;}\">\n\t\t\t\t\t<div class=\"e-con-inner\">\n\t\t\t\t<div class=\"elementor-element elementor-element-52068b79 elementor-widget elementor-widget-heading\" data-id=\"52068b79\" data-element_type=\"widget\" data-e-type=\"widget\" data-widget_type=\"heading.default\">\n\t\t\t\t<div class=\"elementor-widget-container\">\n\t\t\t\t\t<h1 class=\"elementor-heading-title elementor-size-default\">Diferenciais<\/h1>\t\t\t\t<\/div>\n\t\t\t\t<\/div>\n\t\t\t\t\t<\/div>\n\t\t\t\t<\/div>\n\t\t<div class=\"elementor-element elementor-element-461b0ba e-flex e-con-boxed e-con e-parent\" data-id=\"461b0ba\" data-element_type=\"container\" data-e-type=\"container\" data-settings=\"{&quot;background_background&quot;:&quot;classic&quot;}\">\n\t\t\t\t\t<div class=\"e-con-inner\">\n\t\t\t\t<div class=\"elementor-element elementor-element-5709ce2 elementor-widget elementor-widget-heading\" data-id=\"5709ce2\" data-element_type=\"widget\" data-e-type=\"widget\" data-widget_type=\"heading.default\">\n\t\t\t\t<div class=\"elementor-widget-container\">\n\t\t\t\t\t<h2 class=\"elementor-heading-title elementor-size-default\">Nossos Servi\u00e7os de Transporte<\/h2>\t\t\t\t<\/div>\n\t\t\t\t<\/div>\n\t\t\t\t<div class=\"elementor-element elementor-element-d41fdf8 elementor-widget__width-initial elementor-widget elementor-widget-text-editor\" data-id=\"d41fdf8\" data-element_type=\"widget\" data-e-type=\"widget\" data-widget_type=\"text-editor.default\">\n\t\t\t\t<div class=\"elementor-widget-container\">\n\t\t\t\t\t\t\t\t\t<p>Oferecemos uma ampla gama de solu\u00e7\u00f5es log\u00edsticas para empresas de todos os tamanhos.<\/p>\t\t\t\t\t\t\t\t<\/div>\n\t\t\t\t<\/div>\n\t\t<div class=\"elementor-element elementor-element-bc3b0e7 e-con-full e-flex e-con e-child\" data-id=\"bc3b0e7\" data-element_type=\"container\" data-e-type=\"container\">\n\t\t\t\t<div class=\"elementor-element elementor-element-319c7ab elementor-widget__width-inherit elementor-position-top elementor-widget elementor-widget-image-box\" data-id=\"319c7ab\" data-element_type=\"widget\" data-e-type=\"widget\" data-widget_type=\"image-box.default\">\n\t\t\t\t<div class=\"elementor-widget-container\">\n\t\t\t\t\t<div class=\"elementor-image-box-wrapper\"><figure class=\"elementor-image-box-img\"><img fetchpriority=\"high\" decoding=\"async\" width=\"256\" height=\"256\" src=\"https:\/\/projetosddwb.com.br\/coopermoto\/wp-content\/uploads\/2024\/10\/rapidez.png\" class=\"attachment-full size-full wp-image-207\" alt=\"\" srcset=\"https:\/\/projetosddwb.com.br\/coopermoto\/wp-content\/uploads\/2024\/10\/rapidez.png 256w, https:\/\/projetosddwb.com.br\/coopermoto\/wp-content\/uploads\/2024\/10\/rapidez-150x150.png 150w\" sizes=\"(max-width: 256px) 100vw, 256px\" \/><\/figure><div class=\"elementor-image-box-content\"><h3 class=\"elementor-image-box-title\">Rapidez nas Entregas<\/h3><p class=\"elementor-image-box-description\">Alterar de Rapidez para Agilidade<\/p><\/div><\/div>\t\t\t\t<\/div>\n\t\t\t\t<\/div>\n\t\t\t\t<div class=\"elementor-element elementor-element-ffb5b8e elementor-widget__width-inherit elementor-position-top elementor-widget elementor-widget-image-box\" data-id=\"ffb5b8e\" data-element_type=\"widget\" data-e-type=\"widget\" data-widget_type=\"image-box.default\">\n\t\t\t\t<div class=\"elementor-widget-container\">\n\t\t\t\t\t<div class=\"elementor-image-box-wrapper\"><figure class=\"elementor-image-box-img\"><img decoding=\"async\" width=\"256\" height=\"256\" src=\"https:\/\/projetosddwb.com.br\/coopermoto\/wp-content\/uploads\/2024\/10\/entrega-rapida.png\" class=\"attachment-full size-full wp-image-206\" alt=\"\" srcset=\"https:\/\/projetosddwb.com.br\/coopermoto\/wp-content\/uploads\/2024\/10\/entrega-rapida.png 256w, https:\/\/projetosddwb.com.br\/coopermoto\/wp-content\/uploads\/2024\/10\/entrega-rapida-150x150.png 150w\" sizes=\"(max-width: 256px) 100vw, 256px\" \/><\/figure><div class=\"elementor-image-box-content\"><h3 class=\"elementor-image-box-title\">Motofretista para empresas<\/h3><p class=\"elementor-image-box-description\">Contrata\u00e7\u00e3o de servi\u00e7o de motofretista exclusivo, com benef\u00edcios para as empresas que necessitam de entregas personalizadas em hor\u00e1rios personalizados.<\/p><\/div><\/div>\t\t\t\t<\/div>\n\t\t\t\t<\/div>\n\t\t\t\t<\/div>\n\t\t<div class=\"elementor-element elementor-element-5024fc4 e-con-full e-flex e-con e-child\" data-id=\"5024fc4\" data-element_type=\"container\" data-e-type=\"container\">\n\t\t\t\t<div class=\"elementor-element elementor-element-dcbcb21 elementor-widget__width-inherit elementor-position-top elementor-widget elementor-widget-image-box\" data-id=\"dcbcb21\" data-element_type=\"widget\" data-e-type=\"widget\" data-widget_type=\"image-box.default\">\n\t\t\t\t<div class=\"elementor-widget-container\">\n\t\t\t\t\t<div class=\"elementor-image-box-wrapper\"><figure class=\"elementor-image-box-img\"><img decoding=\"async\" width=\"256\" height=\"256\" src=\"https:\/\/projetosddwb.com.br\/coopermoto\/wp-content\/uploads\/2024\/10\/bicicleta-de-entrega.png\" class=\"attachment-full size-full wp-image-208\" alt=\"\" srcset=\"https:\/\/projetosddwb.com.br\/coopermoto\/wp-content\/uploads\/2024\/10\/bicicleta-de-entrega.png 256w, https:\/\/projetosddwb.com.br\/coopermoto\/wp-content\/uploads\/2024\/10\/bicicleta-de-entrega-150x150.png 150w\" sizes=\"(max-width: 256px) 100vw, 256px\" \/><\/figure><div class=\"elementor-image-box-content\"><h3 class=\"elementor-image-box-title\">Frota e Equipamentos<\/h3><p class=\"elementor-image-box-description\">Mudar de frota e equipamentos para Frota de Motos Legalizada e Regularizada. Nossa frota de motos cumpre todas as exig\u00eancias legais, motocicletas e motofretistas caracterizados, com proced\u00eancia garantindo seguran\u00e7a e efici\u00eancia nas entregas.\n<\/p><\/div><\/div>\t\t\t\t<\/div>\n\t\t\t\t<\/div>\n\t\t\t\t<div class=\"elementor-element elementor-element-ba2b481 elementor-widget__width-inherit elementor-position-top elementor-widget elementor-widget-image-box\" data-id=\"ba2b481\" data-element_type=\"widget\" data-e-type=\"widget\" data-widget_type=\"image-box.default\">\n\t\t\t\t<div class=\"elementor-widget-container\">\n\t\t\t\t\t<div class=\"elementor-image-box-wrapper\"><figure class=\"elementor-image-box-img\"><img loading=\"lazy\" decoding=\"async\" width=\"256\" height=\"256\" src=\"https:\/\/projetosddwb.com.br\/coopermoto\/wp-content\/uploads\/2024\/10\/solucoes-personalizadas.png\" class=\"attachment-full size-full wp-image-209\" alt=\"\" srcset=\"https:\/\/projetosddwb.com.br\/coopermoto\/wp-content\/uploads\/2024\/10\/solucoes-personalizadas.png 256w, https:\/\/projetosddwb.com.br\/coopermoto\/wp-content\/uploads\/2024\/10\/solucoes-personalizadas-150x150.png 150w\" sizes=\"(max-width: 256px) 100vw, 256px\" \/><\/figure><div class=\"elementor-image-box-content\"><h3 class=\"elementor-image-box-title\">Solu\u00e7\u00f5es Personalizadas<\/h3><p class=\"elementor-image-box-description\">Op\u00e7\u00f5es de servi\u00e7os de entrega adaptadas \u00e0s necessidades do cliente, considerando a dist\u00e2ncia, o hor\u00e1rio e as particularidades de cada solicita\u00e7\u00e3o. <\/p><\/div><\/div>\t\t\t\t<\/div>\n\t\t\t\t<\/div>\n\t\t\t\t<\/div>\n\t\t\t\t<div class=\"elementor-element elementor-element-88579f8 elementor-widget elementor-widget-button\" data-id=\"88579f8\" data-element_type=\"widget\" data-e-type=\"widget\" data-widget_type=\"button.default\">\n\t\t\t\t<div class=\"elementor-widget-container\">\n\t\t\t\t\t\t\t\t\t<div class=\"elementor-button-wrapper\">\n\t\t\t\t\t<a class=\"elementor-button elementor-button-link elementor-size-sm\" href=\"https:\/\/projetosddwb.com.br\/coopermoto\/sobre-nos\/\">\n\t\t\t\t\t\t<span class=\"elementor-button-content-wrapper\">\n\t\t\t\t\t\t\t\t\t<span class=\"elementor-button-text\">SAIBA MAIS SOBRE N\u00d3S<\/span>\n\t\t\t\t\t<\/span>\n\t\t\t\t\t<\/a>\n\t\t\t\t<\/div>\n\t\t\t\t\t\t\t\t<\/div>\n\t\t\t\t<\/div>\n\t\t\t\t\t<\/div>\n\t\t\t\t<\/div>\n\t\t\t\t<\/div>\n\t\t","protected":false},"excerpt":{"rendered":"<p>Diferenciais Nossos Servi\u00e7os de Transporte Oferecemos uma ampla gama de solu\u00e7\u00f5es log\u00edsticas para empresas de todos os tamanhos. Rapidez nas Entregas Alterar de Rapidez para Agilidade Motofretista para empresas Contrata\u00e7\u00e3o de servi\u00e7o de motofretista exclusivo, com benef\u00edcios para as empresas que necessitam de entregas personalizadas em hor\u00e1rios personalizados. Frota e Equipamentos Mudar de frota e [&hellip;]<\/p>\n","protected":false},"author":1,"featured_media":0,"parent":0,"menu_order":0,"comment_status":"closed","ping_status":"closed","template":"","meta":{"footnotes":""},"class_list":["post-15","page","type-page","status-publish","hentry"],"_links":{"self":[{"href":"https:\/\/projetosddwb.com.br\/coopermoto\/wp-json\/wp\/v2\/pages\/15","targetHints":{"allow":["GET"]}}],"collection":[{"href":"https:\/\/projetosddwb.com.br\/coopermoto\/wp-json\/wp\/v2\/pages"}],"about":[{"href":"https:\/\/projetosddwb.com.br\/coopermoto\/wp-json\/wp\/v2\/types\/page"}],"author":[{"embeddable":true,"href":"https:\/\/projetosddwb.com.br\/coopermoto\/wp-json\/wp\/v2\/users\/1"}],"replies":[{"embeddable":true,"href":"https:\/\/projetosddwb.com.br\/coopermoto\/wp-json\/wp\/v2\/comments?post=15"}],"version-history":[{"count":23,"href":"https:\/\/projetosddwb.com.br\/coopermoto\/wp-json\/wp\/v2\/pages\/15\/revisions"}],"predecessor-version":[{"id":463,"href":"https:\/\/projetosddwb.com.br\/coopermoto\/wp-json\/wp\/v2\/pages\/15\/revisions\/463"}],"wp:attachment":[{"href":"https:\/\/projetosddwb.com.br\/coopermoto\/wp-json\/wp\/v2\/media?parent=15"}],"curies":[{"name":"wp","href":"https:\/\/api.w.org\/{rel}","templated":true}]}}