{"id":1442,"date":"2025-02-03T23:11:17","date_gmt":"2025-02-04T02:11:17","guid":{"rendered":"https:\/\/projetosddwb.com.br\/hsol\/?page_id=1442"},"modified":"2025-02-21T00:32:37","modified_gmt":"2025-02-21T03:32:37","slug":"volkswagen-caminhoes-e-onibus-treinamento-imersivo-para-excelencia-no-atendimento","status":"publish","type":"page","link":"https:\/\/projetosddwb.com.br\/hsol\/volkswagen-caminhoes-e-onibus-treinamento-imersivo-para-excelencia-no-atendimento\/","title":{"rendered":"Volkswagen Caminh\u00f5es e \u00d4nibus \u2013 Treinamento imersivo para excel\u00eancia no atendimento"},"content":{"rendered":"\t\t<div data-elementor-type=\"wp-page\" data-elementor-id=\"1442\" class=\"elementor elementor-1442\" data-elementor-post-type=\"page\">\n\t\t\t\t<div class=\"elementor-element elementor-element-bb54db4 e-flex e-con-boxed e-con e-parent\" data-id=\"bb54db4\" data-element_type=\"container\">\n\t\t\t\t\t<div class=\"e-con-inner\">\n\t\t\t\t<div class=\"elementor-element elementor-element-e2d5356 elementor-arrows-position-outside elementor-pagination-position-outside elementor-widget elementor-widget-image-carousel\" data-id=\"e2d5356\" data-element_type=\"widget\" data-settings=\"{&quot;slides_to_show&quot;:&quot;1&quot;,&quot;navigation&quot;:&quot;both&quot;,&quot;autoplay&quot;:&quot;yes&quot;,&quot;pause_on_hover&quot;:&quot;yes&quot;,&quot;pause_on_interaction&quot;:&quot;yes&quot;,&quot;autoplay_speed&quot;:5000,&quot;infinite&quot;:&quot;yes&quot;,&quot;effect&quot;:&quot;slide&quot;,&quot;speed&quot;:500}\" data-widget_type=\"image-carousel.default\">\n\t\t\t\t<div class=\"elementor-widget-container\">\n\t\t\t\t\t\t\t<div class=\"elementor-image-carousel-wrapper swiper\" role=\"region\" aria-roledescription=\"carousel\" aria-label=\"Carrossel de imagens\" dir=\"ltr\">\n\t\t\t<div class=\"elementor-image-carousel swiper-wrapper\" aria-live=\"off\">\n\t\t\t\t\t\t\t\t<div class=\"swiper-slide\" role=\"group\" aria-roledescription=\"slide\" aria-label=\"1 de 5\"><figure class=\"swiper-slide-inner\"><img decoding=\"async\" class=\"swiper-slide-image\" src=\"https:\/\/projetosddwb.com.br\/hsol\/wp-content\/uploads\/2025\/02\/VW_1.jpg\" alt=\"Screenshot\" \/><\/figure><\/div><div class=\"swiper-slide\" role=\"group\" aria-roledescription=\"slide\" aria-label=\"2 de 5\"><figure class=\"swiper-slide-inner\"><img decoding=\"async\" class=\"swiper-slide-image\" src=\"https:\/\/projetosddwb.com.br\/hsol\/wp-content\/uploads\/2025\/02\/VW_2.jpg\" alt=\"Screenshot\" \/><\/figure><\/div><div class=\"swiper-slide\" role=\"group\" aria-roledescription=\"slide\" aria-label=\"3 de 5\"><figure class=\"swiper-slide-inner\"><img decoding=\"async\" class=\"swiper-slide-image\" src=\"https:\/\/projetosddwb.com.br\/hsol\/wp-content\/uploads\/2025\/02\/VW_3.jpg\" alt=\"Screenshot\" \/><\/figure><\/div><div class=\"swiper-slide\" role=\"group\" aria-roledescription=\"slide\" aria-label=\"4 de 5\"><figure class=\"swiper-slide-inner\"><img decoding=\"async\" class=\"swiper-slide-image\" src=\"https:\/\/projetosddwb.com.br\/hsol\/wp-content\/uploads\/2025\/02\/VW_4.jpg\" alt=\"Screenshot\" \/><\/figure><\/div><div class=\"swiper-slide\" role=\"group\" aria-roledescription=\"slide\" aria-label=\"5 de 5\"><figure class=\"swiper-slide-inner\"><img decoding=\"async\" class=\"swiper-slide-image\" src=\"https:\/\/projetosddwb.com.br\/hsol\/wp-content\/uploads\/2025\/02\/VW_5.jpg\" alt=\"Screenshot\" \/><\/figure><\/div>\t\t\t<\/div>\n\t\t\t\t\t\t\t\t\t\t\t\t<div class=\"elementor-swiper-button elementor-swiper-button-prev\" role=\"button\" tabindex=\"0\">\n\t\t\t\t\t\t<svg aria-hidden=\"true\" class=\"e-font-icon-svg e-eicon-chevron-left\" viewBox=\"0 0 1000 1000\" xmlns=\"http:\/\/www.w3.org\/2000\/svg\"><path d=\"M646 125C629 125 613 133 604 142L308 442C296 454 292 471 292 487 292 504 296 521 308 533L604 854C617 867 629 875 646 875 663 875 679 871 692 858 704 846 713 829 713 812 713 796 708 779 692 767L438 487 692 225C700 217 708 204 708 187 708 171 704 154 692 142 675 129 663 125 646 125Z\"><\/path><\/svg>\t\t\t\t\t<\/div>\n\t\t\t\t\t<div class=\"elementor-swiper-button elementor-swiper-button-next\" role=\"button\" tabindex=\"0\">\n\t\t\t\t\t\t<svg aria-hidden=\"true\" class=\"e-font-icon-svg e-eicon-chevron-right\" viewBox=\"0 0 1000 1000\" xmlns=\"http:\/\/www.w3.org\/2000\/svg\"><path d=\"M696 533C708 521 713 504 713 487 713 471 708 454 696 446L400 146C388 133 375 125 354 125 338 125 325 129 313 142 300 154 292 171 292 187 292 204 296 221 308 233L563 492 304 771C292 783 288 800 288 817 288 833 296 850 308 863 321 871 338 875 354 875 371 875 388 867 400 854L696 533Z\"><\/path><\/svg>\t\t\t\t\t<\/div>\n\t\t\t\t\n\t\t\t\t\t\t\t\t\t<div class=\"swiper-pagination\"><\/div>\n\t\t\t\t\t\t\t\t\t<\/div>\n\t\t\t\t\t\t<\/div>\n\t\t\t\t<\/div>\n\t\t\t\t\t<\/div>\n\t\t\t\t<\/div>\n\t\t<div class=\"elementor-element elementor-element-8564d28 e-flex e-con-boxed e-con e-parent\" data-id=\"8564d28\" data-element_type=\"container\" data-settings=\"{&quot;background_background&quot;:&quot;classic&quot;}\">\n\t\t\t\t\t<div class=\"e-con-inner\">\n\t\t\t\t<div class=\"elementor-element elementor-element-5374e1a elementor-widget elementor-widget-heading\" data-id=\"5374e1a\" data-element_type=\"widget\" data-widget_type=\"heading.default\">\n\t\t\t\t<div class=\"elementor-widget-container\">\n\t\t\t\t\t<h3 class=\"elementor-heading-title elementor-size-default\">Volkswagen Caminh\u00f5es e \u00d4nibus \u2013 Treinamento imersivo para excel\u00eancia no atendimento<\/h3>\t\t\t\t<\/div>\n\t\t\t\t<\/div>\n\t\t\t\t\t<\/div>\n\t\t\t\t<\/div>\n\t\t<div class=\"elementor-element elementor-element-3f3e4f1 e-flex e-con-boxed e-con e-parent\" data-id=\"3f3e4f1\" data-element_type=\"container\">\n\t\t\t\t\t<div class=\"e-con-inner\">\n\t\t<div class=\"elementor-element elementor-element-3757da3 e-con-full e-flex e-con e-child\" data-id=\"3757da3\" data-element_type=\"container\">\n\t\t\t\t<div class=\"elementor-element elementor-element-90028db elementor-widget elementor-widget-text-editor\" data-id=\"90028db\" data-element_type=\"widget\" data-widget_type=\"text-editor.default\">\n\t\t\t\t<div class=\"elementor-widget-container\">\n\t\t\t\t\t\t\t\t\t<p><span style=\"font-weight: 400;\">A Volkswagen Caminh\u00f5es e \u00d4nibus investe na qualifica\u00e7\u00e3o cont\u00ednua de sua rede de concession\u00e1rios, equipes de vendas e p\u00f3s-venda, garantindo conhecimento t\u00e9cnico aprofundado e aprimorando a experi\u00eancia do cliente.<\/span><\/p><p><span style=\"font-weight: 400;\">Com um treinamento estruturado e inovador, nossa equipe especializada \u2013 composta por profissionais com forma\u00e7\u00e3o em engenharia mec\u00e2nica e expertise em motores diesel, el\u00e9trica e tecnologia aplicada a ve\u00edculos pesados \u2013 conduz atividades pr\u00e1ticas e din\u00e2micas para fortalecer a capacita\u00e7\u00e3o dos participantes.<\/span><\/p><p><b>Destaques da nossa atua\u00e7\u00e3o:<\/b><\/p><p><span style=\"font-weight: 400;\">\u2705<\/span><span style=\"font-weight: 400;\"> Treinamentos presenciais inovadores, utilizando caminh\u00f5es para atividades pr\u00e1ticas.<\/span><\/p><p><span style=\"font-weight: 400;\">\u2705<\/span><span style=\"font-weight: 400;\"> Abordagem interativa, com jogos, trocas de salas e din\u00e2micas em grupo para estimular a participa\u00e7\u00e3o.<\/span><\/p><p><span style=\"font-weight: 400;\">\u2705<\/span><span style=\"font-weight: 400;\"> Reconhecimento e engajamento, com premia\u00e7\u00f5es aos participantes em parceria com a equipe de treinamento.<\/span><\/p><p><span style=\"font-weight: 400;\">Com um processo totalmente construtivo, din\u00e2mico e envolvente, garantimos um aprendizado eficiente, combinando conhecimento t\u00e9cnico, inova\u00e7\u00e3o e muita intera\u00e7\u00e3o para impulsionar os resultados da VWCO.<\/span><\/p>\t\t\t\t\t\t\t\t<\/div>\n\t\t\t\t<\/div>\n\t\t\t\t<div class=\"elementor-element elementor-element-6536cad elementor-mobile-align-center elementor-widget elementor-widget-button\" data-id=\"6536cad\" data-element_type=\"widget\" data-widget_type=\"button.default\">\n\t\t\t\t<div class=\"elementor-widget-container\">\n\t\t\t\t\t\t\t\t\t<div class=\"elementor-button-wrapper\">\n\t\t\t\t\t<a class=\"elementor-button elementor-button-link elementor-size-sm\" href=\"https:\/\/projetosddwb.com.br\/hsol\/educacao-corporativa\/#cases\">\n\t\t\t\t\t\t<span class=\"elementor-button-content-wrapper\">\n\t\t\t\t\t\t<span class=\"elementor-button-icon\">\n\t\t\t\t<svg aria-hidden=\"true\" class=\"e-font-icon-svg e-fas-chevron-left\" viewBox=\"0 0 320 512\" xmlns=\"http:\/\/www.w3.org\/2000\/svg\"><path d=\"M34.52 239.03L228.87 44.69c9.37-9.37 24.57-9.37 33.94 0l22.67 22.67c9.36 9.36 9.37 24.52.04 33.9L131.49 256l154.02 154.75c9.34 9.38 9.32 24.54-.04 33.9l-22.67 22.67c-9.37 9.37-24.57 9.37-33.94 0L34.52 272.97c-9.37-9.37-9.37-24.57 0-33.94z\"><\/path><\/svg>\t\t\t<\/span>\n\t\t\t\t\t\t\t\t\t<span class=\"elementor-button-text\">Voltar<\/span>\n\t\t\t\t\t<\/span>\n\t\t\t\t\t<\/a>\n\t\t\t\t<\/div>\n\t\t\t\t\t\t\t\t<\/div>\n\t\t\t\t<\/div>\n\t\t\t\t<\/div>\n\t\t\t\t\t<\/div>\n\t\t\t\t<\/div>\n\t\t\t\t<\/div>\n\t\t","protected":false},"excerpt":{"rendered":"<p>A Volkswagen Caminh\u00f5es e \u00d4nibus investe na qualifica\u00e7\u00e3o cont\u00ednua de sua rede de concession\u00e1rios, equipes de vendas e p\u00f3s-venda, garantindo conhecimento t\u00e9cnico aprofundado e aprimorando a experi\u00eancia do cliente. Com um treinamento estruturado e inovador, nossa equipe especializada \u2013 composta por profissionais com forma\u00e7\u00e3o em engenharia mec\u00e2nica e expertise em motores diesel, el\u00e9trica e tecnologia [&hellip;]<\/p>\n","protected":false},"author":1,"featured_media":0,"parent":0,"menu_order":0,"comment_status":"closed","ping_status":"closed","template":"","meta":{"_acf_changed":false,"footnotes":""},"class_list":["post-1442","page","type-page","status-publish","hentry"],"acf":[],"yoast_head":"<!-- This site is optimized with the Yoast SEO plugin v24.6 - https:\/\/yoast.com\/wordpress\/plugins\/seo\/ -->\n<title>Volkswagen Caminh\u00f5es e \u00d4nibus \u2013 Treinamento imersivo para excel\u00eancia no atendimento - HSol<\/title>\n<meta name=\"robots\" content=\"index, follow, max-snippet:-1, max-image-preview:large, max-video-preview:-1\" \/>\n<link rel=\"canonical\" href=\"https:\/\/projetosddwb.com.br\/hsol\/volkswagen-caminhoes-e-onibus-treinamento-imersivo-para-excelencia-no-atendimento\/\" \/>\n<meta property=\"og:locale\" content=\"pt_BR\" \/>\n<meta property=\"og:type\" content=\"article\" \/>\n<meta property=\"og:title\" content=\"Volkswagen Caminh\u00f5es e \u00d4nibus \u2013 Treinamento imersivo para excel\u00eancia no atendimento - HSol\" \/>\n<meta property=\"og:description\" content=\"A Volkswagen Caminh\u00f5es e \u00d4nibus investe na qualifica\u00e7\u00e3o cont\u00ednua de sua rede de concession\u00e1rios, equipes de vendas e p\u00f3s-venda, garantindo conhecimento t\u00e9cnico aprofundado e aprimorando a experi\u00eancia do cliente. Com um treinamento estruturado e inovador, nossa equipe especializada \u2013 composta por profissionais com forma\u00e7\u00e3o em engenharia mec\u00e2nica e expertise em motores diesel, el\u00e9trica e tecnologia [&hellip;]\" \/>\n<meta property=\"og:url\" content=\"https:\/\/projetosddwb.com.br\/hsol\/volkswagen-caminhoes-e-onibus-treinamento-imersivo-para-excelencia-no-atendimento\/\" \/>\n<meta property=\"og:site_name\" content=\"HSol\" \/>\n<meta property=\"article:modified_time\" content=\"2025-02-21T03:32:37+00:00\" \/>\n<meta property=\"og:image\" content=\"https:\/\/projetosddwb.com.br\/hsol\/wp-content\/uploads\/2025\/02\/VW_1.jpg\" \/>\n<meta name=\"twitter:card\" content=\"summary_large_image\" \/>\n<meta name=\"twitter:label1\" content=\"Est. tempo de leitura\" \/>\n\t<meta name=\"twitter:data1\" content=\"3 minutos\" \/>\n<script type=\"application\/ld+json\" class=\"yoast-schema-graph\">{\"@context\":\"https:\/\/schema.org\",\"@graph\":[{\"@type\":\"WebPage\",\"@id\":\"https:\/\/projetosddwb.com.br\/hsol\/volkswagen-caminhoes-e-onibus-treinamento-imersivo-para-excelencia-no-atendimento\/\",\"url\":\"https:\/\/projetosddwb.com.br\/hsol\/volkswagen-caminhoes-e-onibus-treinamento-imersivo-para-excelencia-no-atendimento\/\",\"name\":\"Volkswagen Caminh\u00f5es e \u00d4nibus \u2013 Treinamento imersivo para excel\u00eancia no atendimento - HSol\",\"isPartOf\":{\"@id\":\"https:\/\/projetosddwb.com.br\/hsol\/#website\"},\"primaryImageOfPage\":{\"@id\":\"https:\/\/projetosddwb.com.br\/hsol\/volkswagen-caminhoes-e-onibus-treinamento-imersivo-para-excelencia-no-atendimento\/#primaryimage\"},\"image\":{\"@id\":\"https:\/\/projetosddwb.com.br\/hsol\/volkswagen-caminhoes-e-onibus-treinamento-imersivo-para-excelencia-no-atendimento\/#primaryimage\"},\"thumbnailUrl\":\"https:\/\/projetosddwb.com.br\/hsol\/wp-content\/uploads\/2025\/02\/VW_1.jpg\",\"datePublished\":\"2025-02-04T02:11:17+00:00\",\"dateModified\":\"2025-02-21T03:32:37+00:00\",\"breadcrumb\":{\"@id\":\"https:\/\/projetosddwb.com.br\/hsol\/volkswagen-caminhoes-e-onibus-treinamento-imersivo-para-excelencia-no-atendimento\/#breadcrumb\"},\"inLanguage\":\"pt-BR\",\"potentialAction\":[{\"@type\":\"ReadAction\",\"target\":[\"https:\/\/projetosddwb.com.br\/hsol\/volkswagen-caminhoes-e-onibus-treinamento-imersivo-para-excelencia-no-atendimento\/\"]}]},{\"@type\":\"ImageObject\",\"inLanguage\":\"pt-BR\",\"@id\":\"https:\/\/projetosddwb.com.br\/hsol\/volkswagen-caminhoes-e-onibus-treinamento-imersivo-para-excelencia-no-atendimento\/#primaryimage\",\"url\":\"https:\/\/projetosddwb.com.br\/hsol\/wp-content\/uploads\/2025\/02\/VW_1.jpg\",\"contentUrl\":\"https:\/\/projetosddwb.com.br\/hsol\/wp-content\/uploads\/2025\/02\/VW_1.jpg\",\"width\":1390,\"height\":405,\"caption\":\"Screenshot\"},{\"@type\":\"BreadcrumbList\",\"@id\":\"https:\/\/projetosddwb.com.br\/hsol\/volkswagen-caminhoes-e-onibus-treinamento-imersivo-para-excelencia-no-atendimento\/#breadcrumb\",\"itemListElement\":[{\"@type\":\"ListItem\",\"position\":1,\"name\":\"Home\",\"item\":\"https:\/\/projetosddwb.com.br\/hsol\/\"},{\"@type\":\"ListItem\",\"position\":2,\"name\":\"Volkswagen Caminh\u00f5es e \u00d4nibus \u2013 Treinamento imersivo para excel\u00eancia no atendimento\"}]},{\"@type\":\"WebSite\",\"@id\":\"https:\/\/projetosddwb.com.br\/hsol\/#website\",\"url\":\"https:\/\/projetosddwb.com.br\/hsol\/\",\"name\":\"HSol\",\"description\":\"\",\"publisher\":{\"@id\":\"https:\/\/projetosddwb.com.br\/hsol\/#organization\"},\"potentialAction\":[{\"@type\":\"SearchAction\",\"target\":{\"@type\":\"EntryPoint\",\"urlTemplate\":\"https:\/\/projetosddwb.com.br\/hsol\/?s={search_term_string}\"},\"query-input\":{\"@type\":\"PropertyValueSpecification\",\"valueRequired\":true,\"valueName\":\"search_term_string\"}}],\"inLanguage\":\"pt-BR\"},{\"@type\":\"Organization\",\"@id\":\"https:\/\/projetosddwb.com.br\/hsol\/#organization\",\"name\":\"HSol\",\"url\":\"https:\/\/projetosddwb.com.br\/hsol\/\",\"logo\":{\"@type\":\"ImageObject\",\"inLanguage\":\"pt-BR\",\"@id\":\"https:\/\/projetosddwb.com.br\/hsol\/#\/schema\/logo\/image\/\",\"url\":\"https:\/\/projetosddwb.com.br\/hsol\/wp-content\/uploads\/2024\/12\/hsol-2.png\",\"contentUrl\":\"https:\/\/projetosddwb.com.br\/hsol\/wp-content\/uploads\/2024\/12\/hsol-2.png\",\"width\":132,\"height\":104,\"caption\":\"HSol\"},\"image\":{\"@id\":\"https:\/\/projetosddwb.com.br\/hsol\/#\/schema\/logo\/image\/\"}}]}<\/script>\n<!-- \/ Yoast SEO plugin. -->","yoast_head_json":{"title":"Volkswagen Caminh\u00f5es e \u00d4nibus \u2013 Treinamento imersivo para excel\u00eancia no atendimento - HSol","robots":{"index":"index","follow":"follow","max-snippet":"max-snippet:-1","max-image-preview":"max-image-preview:large","max-video-preview":"max-video-preview:-1"},"canonical":"https:\/\/projetosddwb.com.br\/hsol\/volkswagen-caminhoes-e-onibus-treinamento-imersivo-para-excelencia-no-atendimento\/","og_locale":"pt_BR","og_type":"article","og_title":"Volkswagen Caminh\u00f5es e \u00d4nibus \u2013 Treinamento imersivo para excel\u00eancia no atendimento - HSol","og_description":"A Volkswagen Caminh\u00f5es e \u00d4nibus investe na qualifica\u00e7\u00e3o cont\u00ednua de sua rede de concession\u00e1rios, equipes de vendas e p\u00f3s-venda, garantindo conhecimento t\u00e9cnico aprofundado e aprimorando a experi\u00eancia do cliente. Com um treinamento estruturado e inovador, nossa equipe especializada \u2013 composta por profissionais com forma\u00e7\u00e3o em engenharia mec\u00e2nica e expertise em motores diesel, el\u00e9trica e tecnologia [&hellip;]","og_url":"https:\/\/projetosddwb.com.br\/hsol\/volkswagen-caminhoes-e-onibus-treinamento-imersivo-para-excelencia-no-atendimento\/","og_site_name":"HSol","article_modified_time":"2025-02-21T03:32:37+00:00","og_image":[{"url":"https:\/\/projetosddwb.com.br\/hsol\/wp-content\/uploads\/2025\/02\/VW_1.jpg","type":"","width":"","height":""}],"twitter_card":"summary_large_image","twitter_misc":{"Est. tempo de leitura":"3 minutos"},"schema":{"@context":"https:\/\/schema.org","@graph":[{"@type":"WebPage","@id":"https:\/\/projetosddwb.com.br\/hsol\/volkswagen-caminhoes-e-onibus-treinamento-imersivo-para-excelencia-no-atendimento\/","url":"https:\/\/projetosddwb.com.br\/hsol\/volkswagen-caminhoes-e-onibus-treinamento-imersivo-para-excelencia-no-atendimento\/","name":"Volkswagen Caminh\u00f5es e \u00d4nibus \u2013 Treinamento imersivo para excel\u00eancia no atendimento - HSol","isPartOf":{"@id":"https:\/\/projetosddwb.com.br\/hsol\/#website"},"primaryImageOfPage":{"@id":"https:\/\/projetosddwb.com.br\/hsol\/volkswagen-caminhoes-e-onibus-treinamento-imersivo-para-excelencia-no-atendimento\/#primaryimage"},"image":{"@id":"https:\/\/projetosddwb.com.br\/hsol\/volkswagen-caminhoes-e-onibus-treinamento-imersivo-para-excelencia-no-atendimento\/#primaryimage"},"thumbnailUrl":"https:\/\/projetosddwb.com.br\/hsol\/wp-content\/uploads\/2025\/02\/VW_1.jpg","datePublished":"2025-02-04T02:11:17+00:00","dateModified":"2025-02-21T03:32:37+00:00","breadcrumb":{"@id":"https:\/\/projetosddwb.com.br\/hsol\/volkswagen-caminhoes-e-onibus-treinamento-imersivo-para-excelencia-no-atendimento\/#breadcrumb"},"inLanguage":"pt-BR","potentialAction":[{"@type":"ReadAction","target":["https:\/\/projetosddwb.com.br\/hsol\/volkswagen-caminhoes-e-onibus-treinamento-imersivo-para-excelencia-no-atendimento\/"]}]},{"@type":"ImageObject","inLanguage":"pt-BR","@id":"https:\/\/projetosddwb.com.br\/hsol\/volkswagen-caminhoes-e-onibus-treinamento-imersivo-para-excelencia-no-atendimento\/#primaryimage","url":"https:\/\/projetosddwb.com.br\/hsol\/wp-content\/uploads\/2025\/02\/VW_1.jpg","contentUrl":"https:\/\/projetosddwb.com.br\/hsol\/wp-content\/uploads\/2025\/02\/VW_1.jpg","width":1390,"height":405,"caption":"Screenshot"},{"@type":"BreadcrumbList","@id":"https:\/\/projetosddwb.com.br\/hsol\/volkswagen-caminhoes-e-onibus-treinamento-imersivo-para-excelencia-no-atendimento\/#breadcrumb","itemListElement":[{"@type":"ListItem","position":1,"name":"Home","item":"https:\/\/projetosddwb.com.br\/hsol\/"},{"@type":"ListItem","position":2,"name":"Volkswagen Caminh\u00f5es e \u00d4nibus \u2013 Treinamento imersivo para excel\u00eancia no atendimento"}]},{"@type":"WebSite","@id":"https:\/\/projetosddwb.com.br\/hsol\/#website","url":"https:\/\/projetosddwb.com.br\/hsol\/","name":"HSol","description":"","publisher":{"@id":"https:\/\/projetosddwb.com.br\/hsol\/#organization"},"potentialAction":[{"@type":"SearchAction","target":{"@type":"EntryPoint","urlTemplate":"https:\/\/projetosddwb.com.br\/hsol\/?s={search_term_string}"},"query-input":{"@type":"PropertyValueSpecification","valueRequired":true,"valueName":"search_term_string"}}],"inLanguage":"pt-BR"},{"@type":"Organization","@id":"https:\/\/projetosddwb.com.br\/hsol\/#organization","name":"HSol","url":"https:\/\/projetosddwb.com.br\/hsol\/","logo":{"@type":"ImageObject","inLanguage":"pt-BR","@id":"https:\/\/projetosddwb.com.br\/hsol\/#\/schema\/logo\/image\/","url":"https:\/\/projetosddwb.com.br\/hsol\/wp-content\/uploads\/2024\/12\/hsol-2.png","contentUrl":"https:\/\/projetosddwb.com.br\/hsol\/wp-content\/uploads\/2024\/12\/hsol-2.png","width":132,"height":104,"caption":"HSol"},"image":{"@id":"https:\/\/projetosddwb.com.br\/hsol\/#\/schema\/logo\/image\/"}}]}},"_links":{"self":[{"href":"https:\/\/projetosddwb.com.br\/hsol\/wp-json\/wp\/v2\/pages\/1442","targetHints":{"allow":["GET"]}}],"collection":[{"href":"https:\/\/projetosddwb.com.br\/hsol\/wp-json\/wp\/v2\/pages"}],"about":[{"href":"https:\/\/projetosddwb.com.br\/hsol\/wp-json\/wp\/v2\/types\/page"}],"author":[{"embeddable":true,"href":"https:\/\/projetosddwb.com.br\/hsol\/wp-json\/wp\/v2\/users\/1"}],"replies":[{"embeddable":true,"href":"https:\/\/projetosddwb.com.br\/hsol\/wp-json\/wp\/v2\/comments?post=1442"}],"version-history":[{"count":28,"href":"https:\/\/projetosddwb.com.br\/hsol\/wp-json\/wp\/v2\/pages\/1442\/revisions"}],"predecessor-version":[{"id":2437,"href":"https:\/\/projetosddwb.com.br\/hsol\/wp-json\/wp\/v2\/pages\/1442\/revisions\/2437"}],"wp:attachment":[{"href":"https:\/\/projetosddwb.com.br\/hsol\/wp-json\/wp\/v2\/media?parent=1442"}],"curies":[{"name":"wp","href":"https:\/\/api.w.org\/{rel}","templated":true}]}}